000
CXUS54 KSHV 291300
CF6LFK
PRELIMINARY LOCAL CLIMATOLOGICAL DATA (WS FORM: F-6)

                                          STATION:   LUFKIN
                                          MONTH:     APRIL
                                          YEAR:      2016
                                          LATITUDE:   31 14 N
                                          LONGITUDE:  94 45 W

  TEMPERATURE IN F:       :PCPN:    SNOW:  WIND      :SUNSHINE: SKY     :PK WND
================================================================================
1   2   3   4   5  6A  6B    7    8   9   10  11  12  13   14  15   16   17  18
                                     12Z  AVG MX 2MIN
DY MAX MIN AVG DEP HDD CDD  WTR  SNW DPTH SPD SPD DIR MIN PSBL S-S WX    SPD DR
================================================================================

 1  68  44  56  -7   9   0 0.04  0.0    0  8.9 20  40   M    M   7        29  30
 2  70  40  55  -8  10   0 0.00  0.0    0  5.1 20 310   M    M   0 1      27 300
 3  74  36  55  -9  10   0 0.00  0.0    0  2.9 12 190   M    M   0        16 180
 4  80  44  62  -2   3   0 0.00  0.0    0  4.4 14 240   M    M   0 8      19 250
 5  84  47  66   2   0   1 0.00  0.0    0  4.6 15 160   M    M   0 8      22 170
 6  80  49  65   1   0   0 0.00  0.0    0  7.1 22 210   M    M   2        29 210
 7  83  43  63  -1   2   0 0.00  0.0    0  3.1 13 250   M    M   0        18 260
 8  79  50  65   0   0   0 0.00  0.0    0  5.7 15  60   M    M   0        21  60
 9  77  46  62  -3   3   0    T  0.0    0  5.8 15 150   M    M   1        22 180
10  82  54  68   3   0   3    T  0.0    0 11.8 24 160   M    M   7        32 200
11  79  65  72   7   0   7 0.25  0.0    0  7.6 23 160   M    M   9 13     32 150
12  67  62  65  -1   0   0    T  0.0    0  6.4 13  70   M    M   9 1      16  40
13  68  57  63  -3   2   0 0.32  0.0    0  3.8 32 100   M    M  10 13     40 100
14  72  58  65  -1   0   0 0.01  0.0    0  4.4 13  70   M    M   9 1      19  40
15  78  56  67   1   0   2 0.00  0.0    0  4.4 12  90   M    M   6 1      17 100
16  80  66  73   6   0   8 0.00  0.0    0 12.9 24 100   M    M   8 1      33 110
17  76  67  72   5   0   7    T  0.0    0 13.1 18 120   M    M  10 3      25 120
18  75  65  70   3   0   5 1.87  0.0    0  5.0 17  10   M    M   9 13     22  20
19  82  66  74   7   0   9 0.98  0.0    0  3.4 13 110   M    M   8 13     18 180
20  78  61  70   2   0   5 0.59  0.0    0  3.9 17 330   M    M   7 123    28 320
21  79  61  70   2   0   5 0.60  0.0    0  3.0 18 300   M    M   6 123    25 290
22  80  57  69   1   0   4 0.00  0.0    0  4.1 14 290   M    M   1 1      22 290
23  82  53  68   0   0   3 0.00  0.0    0  2.3  9 140   M    M   2 1      13 120
24  79  55  67  -2   0   2 0.00  0.0    0  7.2 18 150   M    M   4        23 130
25  87  65  76   7   0  11 0.00  0.0    0  8.2 16 160   M    M   7        23 130
26  86  71  79  10   0  14 0.00  0.0    0 10.6 20 160   M    M   7        27 160
27  84  61  73   3   0   8 0.86  0.0    0  6.1 23 310   M    M   3 13     31 320
28  88  61  75   5   0  10 0.00  0.0    0  6.6 17 110   M    M   5 12     23 160
================================================================================
SM 2197 1560        39 104  5.52     0.0 172.4          M      137
================================================================================
AV 78.5 55.7                               6.2 FASTST   M    M   5    MAX(MPH)
                                 MISC ---->  # 32 100               # 40  100
================================================================================
NOTES:
# LAST OF SEVERAL OCCURRENCES

COLUMN 17 PEAK WIND IN M.P.H.

PRELIMINARY LOCAL CLIMATOLOGICAL DATA (WS FORM: F-6) , PAGE 2

                                          STATION:  LUFKIN
                                          MONTH:    APRIL
                                          YEAR:     2016
                                          LATITUDE:   31 14 N
                                          LONGITUDE:  94 45 W

[TEMPERATURE DATA]      [PRECIPITATION DATA]       SYMBOLS USED IN COLUMN 16

AVERAGE MONTHLY: 67.1   TOTAL FOR MONTH:   5.52    1 = FOG OR MIST
DPTR FM NORMAL:   0.8   DPTR FM NORMAL:    2.69    2 = FOG REDUCING VISIBILITY
HIGHEST:    88 ON 28    GRTST 24HR  1.87 ON 18-18      TO 1/4 MILE OR LESS
LOWEST:     36 ON  3                               3 = THUNDER
                        SNOW, ICE PELLETS, HAIL    4 = ICE PELLETS
                        TOTAL MONTH:   0.0 INCH    5 = HAIL
                        GRTST 24HR     0.0         6 = FREEZING RAIN OR DRIZZLE
                        GRTST DEPTH:   0           7 = DUSTSTORM OR SANDSTORM:
                                                       VSBY 1/2 MILE OR LESS
                                                   8 = SMOKE OR HAZE
[NO. OF DAYS WITH]      [WEATHER - DAYS WITH]      9 = BLOWING SNOW
                                                   X = TORNADO
MAX 32 OR BELOW:   0    0.01 INCH OR MORE:   9
MAX 90 OR ABOVE:   0    0.10 INCH OR MORE:   7
MIN 32 OR BELOW:   0    0.50 INCH OR MORE:   5
MIN  0 OR BELOW:   0    1.00 INCH OR MORE:   1

[HDD (BASE 65) ]
TOTAL THIS MO.    39    CLEAR  (SCALE 0-3)  11
DPTR FM NORMAL   -29    PTCLDY (SCALE 4-7)   9
TOTAL FM JUL 1  1470    CLOUDY (SCALE 8-10)  8
DPTR FM NORMAL  -442

[CDD (BASE 65) ]
TOTAL THIS MO.   104
DPTR FM NORMAL    -1    [PRESSURE DATA]
TOTAL FM JAN 1   176    HIGHEST SLP M ON M
DPTR FM NORMAL    11    LOWEST  SLP 29.63 ON M

[REMARKS]
