000
CXUS54 KLCH 270909
CF6LFT
PRELIMINARY LOCAL CLIMATOLOGICAL DATA (WS FORM: F-6)

                                          STATION:   LAFAYETTE
                                          MONTH:     JULY
                                          YEAR:      2017
                                          LATITUDE:   30 12 N
                                          LONGITUDE:  92  0 W

  TEMPERATURE IN F:       :PCPN:    SNOW:  WIND      :SUNSHINE: SKY     :PK WND
================================================================================
1   2   3   4   5  6A  6B    7    8   9   10  11  12  13   14  15   16   17  18
                                     12Z  AVG MX 2MIN
DY MAX MIN AVG DEP HDD CDD  WTR  SNW DPTH SPD SPD DIR MIN PSBL S-S WX    SPD DR
================================================================================

 1  92  77  85   2   0  20 0.00  0.0    0  5.2 16 210   M    M   5 1      22 200
 2  93  73  83   0   0  18 0.00  0.0    0  4.1  9 200   M    M   1 1      13 280
 3  92  77  85   2   0  20 0.00  0.0    0  6.5 14 190   M    M   3        18 180
 4  92  77  85   2   0  20 0.00  0.0    0  5.7 16 170   M    M   2 3      24 170
 5  93  77  85   2   0  20 0.00  0.0    0  4.8 14 210   M    M   M 1      16 210
 6  92  77  85   2   0  20 0.09  0.0    0  4.9 21 280   M    M   2 3      24 280
 7  91  78  85   2   0  20 0.52  0.0    0  4.1 23 220   M    M   2 38     27 230
 8  94  77  86   3   0  21 0.00  0.0    0  3.8 17 350   M    M   2 3      20 340
 9  90  74  82  -1   0  17 0.15  0.0    0  3.8 21 240   M    M   1 13     27 170
10  88  73  81  -2   0  16 0.97  0.0    0  1.1 23 250   M    M   4 13     27 250
11  88  73  81  -2   0  16 3.03  0.0    0  2.8 22 290   M    M   3 123    27 190
12  92  74  83   0   0  18 0.01  0.0    0  3.8 15 330   M    M   4 13     19 340
13  92  74  83   0   0  18 0.07  0.0    0  3.2 21 360   M    M   3 13     26  70
14  90  74  82  -1   0  17 0.03  0.0    0  2.7 15 350   M    M   2 13     18 170
15  92  75  84   0   0  19    T  0.0    0  2.2 15 220   M    M   3 13     20 210
16  91  76  84   0   0  19 0.00  0.0    0  1.1 20 220   M    M   4 13     24 220
17  89  76  83  -1   0  18 0.69  0.0    0  3.2 16 210   M    M   2 13     18 190
18  90  76  83  -1   0  18 0.00  0.0    0  1.5  9 270   M    M   3 3      12 170
19  94  76  85   1   0  20 0.32  0.0    0  3.9 26  30   M    M   3 13     32  30
20  96  76  86   2   0  21 0.00  0.0    0  3.3 15 230   M    M   2 1      18 210
21  96  77  87   3   0  22 0.00  0.0    0  4.0 18 240   M    M   2 13     24 250
22  92  73  83  -1   0  18 0.59  0.0    0  3.1 18 230   M    M   2 13     22 180
23  82  73  78  -6   0  13 0.24  0.0    0  5.5 16 210   M    M   4 13     24 240
24  91  77  84   0   0  19 0.24  0.0    0  6.6 22 320   M    M   2 138    31 300
25  90  79  85   1   0  20 0.00  0.0    0  4.3 14 220   M    M   2 1      17 230
26  95  78  87   3   0  22 0.00  0.0    0  2.4 22  10   M    M   3 13     26  10
================================================================================
SM 2377 1967         0 490  6.95     0.0  97.6          M       66
================================================================================
AV 91.4 75.7                               3.8 FASTST   M    M   3    MAX(MPH)
                                 MISC ---->  # 26  30               # 32   30
================================================================================
NOTES:
# LAST OF SEVERAL OCCURRENCES

COLUMN 17 PEAK WIND IN M.P.H.

PRELIMINARY LOCAL CLIMATOLOGICAL DATA (WS FORM: F-6) , PAGE 2

                                          STATION:  LAFAYETTE
                                          MONTH:    JULY
                                          YEAR:     2017
                                          LATITUDE:   30 12 N
                                          LONGITUDE:  92  0 W

[TEMPERATURE DATA]      [PRECIPITATION DATA]       SYMBOLS USED IN COLUMN 16

AVERAGE MONTHLY: 83.5   TOTAL FOR MONTH:   6.95    1 = FOG OR MIST
DPTR FM NORMAL:   0.1   DPTR FM NORMAL:    1.51    2 = FOG REDUCING VISIBILITY
HIGHEST:    96 ON 21,20 GRTST 24HR  3.03 ON 11-11      TO 1/4 MILE OR LESS
LOWEST:     73 ON 23,22                            3 = THUNDER
                        SNOW, ICE PELLETS, HAIL    4 = ICE PELLETS
                        TOTAL MONTH:   0.0 INCH    5 = HAIL
                        GRTST 24HR     0.0         6 = FREEZING RAIN OR DRIZZLE
                        GRTST DEPTH:   0           7 = DUSTSTORM OR SANDSTORM:
                                                       VSBY 1/2 MILE OR LESS
                                                   8 = SMOKE OR HAZE
[NO. OF DAYS WITH]      [WEATHER - DAYS WITH]      9 = BLOWING SNOW
                                                   X = TORNADO
MAX 32 OR BELOW:   0    0.01 INCH OR MORE:  13
MAX 90 OR ABOVE:  22    0.10 INCH OR MORE:   9
MIN 32 OR BELOW:   0    0.50 INCH OR MORE:   5
MIN  0 OR BELOW:   0    1.00 INCH OR MORE:   1

[HDD (BASE 65) ]
TOTAL THIS MO.     0    CLEAR  (SCALE 0-3)  18
DPTR FM NORMAL     0    PTCLDY (SCALE 4-7)   7
TOTAL FM JUL 1     0    CLOUDY (SCALE 8-10)  0
DPTR FM NORMAL     0

[CDD (BASE 65) ]
TOTAL THIS MO.   490
DPTR FM NORMAL    12    [PRESSURE DATA]
TOTAL FM JAN 1  1843    HIGHEST SLP M ON M
DPTR FM NORMAL   253    LOWEST  SLP 29.90 ON 16

[REMARKS]
