000
CXUS51 KOKX 300701
CF6LGA
PRELIMINARY LOCAL CLIMATOLOGICAL DATA (WS FORM: F-6)

                                          STATION:   LAGUARDIA NY
                                          MONTH:     JANUARY
                                          YEAR:      2015
                                          LATITUDE:   40 46 N
                                          LONGITUDE:  73 54 W

  TEMPERATURE IN F:       :PCPN:    SNOW:  WIND      :SUNSHINE: SKY     :PK WND
================================================================================
1   2   3   4   5  6A  6B    7    8   9   10  11  12  13   14  15   16   17  18
                                     12Z  AVG MX 2MIN
DY MAX MIN AVG DEP HDD CDD  WTR  SNW DPTH SPD SPD DIR MIN PSBL S-S WX    SPD DR
================================================================================

 1  39  27  33  -1  32   0 0.00  0.0    0 13.9 23 240   M    M   2        31 250
 2  42  35  39   5  26   0 0.00  0.0    0 13.6 25 290   M    M   5        32 290
 3  41  31  36   2  29   0 0.67    T    0  9.5 16  50   M    M   9 18     20  50
 4  57  41  49  15  16   0 0.31  0.0    0 10.9 30 280   M    M  10 12     44 280
 5  50  22  36   3  29   0 0.00  0.0    0 20.8 32 300   M    M   4        49 300
 6  22  18  20 -13  45   0 0.05  1.0    0  8.2 21 290   M    M   8 18     26 310
 7  25  10  18 -15  47   0    T    T    1 20.0 36 310   M    M   5 8      46 300
 8  21   8  15 -18  50   0 0.00  0.0    T 14.4 28 310   M    M   3        36 320
 9  33  19  26  -7  39   0 0.12  1.8    T 16.1 32 270   M    M   7 128    41 270
10  24  17  21 -12  44   0 0.00  0.0    1 14.2 22 300   M    M   1        30 280
11  37  19  28  -5  37   0 0.00  0.0    T  8.8 18 270   M    M   7        23 270
12  39  34  37   4  28   0 0.39  0.0    0  5.9 14 350   M    M  10 1      18 360
13  36  17  27  -6  38   0 0.00  0.0    0 14.0 24 350   M    M   5        32 350
14  32  17  25  -8  40   0 0.00  0.0    0 10.0 17  40   M    M   8        23  60
15  34  25  30  -3  35   0 0.00  0.0    0  9.5 17 260   M    M   5        23 310
16  42  20  31  -2  34   0 0.00  0.0    0 18.2 37 310   M    M   3        46 320
17  30  17  24  -9  41   0 0.00  0.0    0 10.0 22 310   M    M   3        26 300
18  43  29  36   3  29   0 1.98  0.0    0  5.3 18 270   M    M   9 16     23 260
19  42  37  40   7  25   0 0.00  0.0    0 15.1 28 310   M    M   7        37 300
20  40  32  36   3  29   0 0.00  0.0    0 10.9 18 310   M    M   8        22 310
21  35  25  30  -3  35   0    T    T    0  6.9 12  50   M    M   7        16  50
22  39  31  35   2  30   0    T    T    0  8.2 20 310   M    M   7 8      24 310
23  39  28  34   1  31   0 0.00  0.0    0  9.9 23 320   M    M   4        28 320
24  40  32  36   3  29   0 0.73  4.1    3 11.7 24 290   M    M   9 12468  31 290
25  42  30  36   3  29   0 0.00  0.0    1 13.5 25 300   M    M   7        31 290
26  30  22  26  -7  39   0 0.30  6.0    1 18.6 29  40   M    M  10 12     38  50
27  28  19  24  -9  41   0 0.25  5.0    9 16.6 28 360   M    M   9 1289   38 360
28  34  17  26  -7  39   0 0.00  0.0    8 12.4 21 310   M    M   3        28 340
29  36  21  29  -4  36   0 0.01  0.3    6  6.9 13 210   M    M   6 1      17 190
================================================================================
SM 1052  700      1002   0  4.81    18.2 354.0          M      181
================================================================================
AV 36.3 24.1                              12.2 FASTST   M    M   6    MAX(MPH)
                                 MISC ---->  # 37 310               # 49  300
================================================================================
NOTES:
# LAST OF SEVERAL OCCURRENCES

COLUMN 17 PEAK WIND IN M.P.H.

PRELIMINARY LOCAL CLIMATOLOGICAL DATA (WS FORM: F-6) , PAGE 2

                                          STATION:  LAGUARDIA NY
                                          MONTH:    JANUARY
                                          YEAR:     2015
                                          LATITUDE:   40 46 N
                                          LONGITUDE:  73 54 W

[TEMPERATURE DATA]      [PRECIPITATION DATA]       SYMBOLS USED IN COLUMN 16

AVERAGE MONTHLY: 30.2   TOTAL FOR MONTH:   4.81    1 = FOG OR MIST
DPTR FM NORMAL:  -2.9   DPTR FM NORMAL:    1.84    2 = FOG REDUCING VISIBILITY
HIGHEST:    57 ON  4    GRTST 24HR  1.98 ON 18-18      TO 1/4 MILE OR LESS
LOWEST:      8 ON  8                               3 = THUNDER
                        SNOW, ICE PELLETS, HAIL    4 = ICE PELLETS
                        TOTAL MONTH:  18.2 INCHES  5 = HAIL
                        GRTST 24HR   6.0 ON 26-26  6 = FREEZING RAIN OR DRIZZLE
                        GRTST DEPTH:   9 ON 27     7 = DUSTSTORM OR SANDSTORM:
                                                       VSBY 1/2 MILE OR LESS
                                                   8 = SMOKE OR HAZE
[NO. OF DAYS WITH]      [WEATHER - DAYS WITH]      9 = BLOWING SNOW
                                                   X = TORNADO
MAX 32 OR BELOW:   8    0.01 INCH OR MORE:  10
MAX 90 OR ABOVE:   0    0.10 INCH OR MORE:   8
MIN 32 OR BELOW:  25    0.50 INCH OR MORE:   3
MIN  0 OR BELOW:   0    1.00 INCH OR MORE:   1

[HDD (BASE 65) ]
TOTAL THIS MO.  1002    CLEAR  (SCALE 0-3)   4
DPTR FM NORMAL    78    PTCLDY (SCALE 4-7)  18
TOTAL FM JUL 1  2505    CLOUDY (SCALE 8-10)  7
DPTR FM NORMAL   -25

[CDD (BASE 65) ]
TOTAL THIS MO.     0
DPTR FM NORMAL     0    [PRESSURE DATA]
TOTAL FM JAN 1     0    HIGHEST SLP M ON M
DPTR FM NORMAL     0    LOWEST  SLP 29.28 ON 24

[REMARKS]
