000
CXUS55 KPUB 291059
CF6LHX
PRELIMINARY LOCAL CLIMATOLOGICAL DATA (WS FORM: F-6)

                                          STATION:   LA JUNTA CO
                                          MONTH:     JULY
                                          YEAR:      2016
                                          LATITUDE:   38  2 N
                                          LONGITUDE: 103 31 W

  TEMPERATURE IN F:       :PCPN:    SNOW:  WIND      :SUNSHINE: SKY     :PK WND
================================================================================
1   2   3   4   5  6A  6B    7    8   9   10  11  12  13   14  15   16   17  18
                                     12Z  AVG MX 2MIN
DY MAX MIN AVG DEP HDD CDD  WTR  SNW DPTH SPD SPD DIR MIN PSBL S-S WX    SPD DR
================================================================================

 1  86  66  76  -1   0  11 0.15  0.0    0 10.7 37 130   M    M   7 3      43 140
 2  86  65  76  -1   0  11    T  0.0    0  6.4 21  20   M    M   2        25 360
 3  89  61  75  -3   0  10    T  0.0    0  6.6 23 260   M    M   2 1      30 270
 4  97  59  78   0   0  13    T  0.0    0  8.5 25 250   M    M   0        34 240
 5 101  63  82   4   0  17    T  0.0    0  9.2 24  40   M    M   0        31  40
 6 101  63  82   4   0  17 0.00  0.0    0  8.1 20 240   M    M   0        26  80
 7 102  67  85   7   0  20    T  0.0    0 15.2 30 120   M    M   0 38     40 120
 8  93  60  77  -1   0  12 0.15  0.0    0 11.8 29  20   M    M   3 13     38  70
 9 100  61  81   3   0  16 0.00  0.0    0  9.2 28 140   M    M   0        34 150
10 107  66  87   9   0  22 0.00  0.0    0 12.3 28 230   M    M   0        35 240
11  96  69  83   4   0  18 0.00  0.0    0 14.0 23  20   M    M   0 3      27  20
12  95  62  79   0   0  14 0.27  0.0    0 11.7 25 160   M    M   0 3      32 130
13  96  65  81   2   0  16 0.00  0.0    0 10.3 22 260   M    M   0 1      26 250
14  91  66  79   0   0  14    T  0.0    0 11.3 30 120   M    M   2 3      36 120
15 102  65  84   5   0  19 0.00  0.0    0 12.4 31 100   M    M   0        40  80
16 103  57  80   1   0  15    T  0.0    0  8.7 28 210   M    M   0        41 240
17 101  67  84   5   0  19 0.00  0.0    0 12.4 30 130   M    M   0 3      39 120
18 100  64  82   3   0  17    T  0.0    0  7.3 31 210   M    M   1 3      43 210
19 103  67  85   6   0  20 0.00  0.0    0  7.8 21 200   M    M   0 8      28 230
20 104  68  86   7   0  21 0.00  0.0    0  8.4 17 360   M    M   0 38     21 360
21 104  68  86   7   0  21 0.00  0.0    0  9.1 23 170   M    M   0        29 160
22 104  71  88   9   0  23 0.00  0.0    0  9.0 25 170   M    M   0 8      31 190
23 106  65  86   7   0  21 1.08  0.0    0 11.6 46 240   M    M   0 138    59 300
24  93  64  79   0   0  14 0.90  0.0    0  9.7 46 260   M    M   0 13     63 260
25  93  62  78   0   0  13 0.61  0.0    0 11.1 43 300   M    M   0 138    55 300
26  97  62  80   2   0  15 0.00  0.0    0  8.3 28 100   M    M   0        34  90
27  94  69  82   4   0  17    T  0.0    0 10.3 29  90   M    M   1        35  80
28  99  64  82   4   0  17 0.21  0.0    0 13.1 48 340   M    M   0 3      67 330
================================================================================
SM 2743 1806         0 463  3.37     0.0 284.5          M       18
================================================================================
AV 98.0 64.5                              10.2 FASTST   M    M   1    MAX(MPH)
                                 MISC ---->  # 48 340               # 67  330
================================================================================
NOTES:
# LAST OF SEVERAL OCCURRENCES

COLUMN 17 PEAK WIND IN M.P.H.

PRELIMINARY LOCAL CLIMATOLOGICAL DATA (WS FORM: F-6) , PAGE 2

                                          STATION:  LA JUNTA CO
                                          MONTH:    JULY
                                          YEAR:     2016
                                          LATITUDE:   38  2 N
                                          LONGITUDE: 103 31 W

[TEMPERATURE DATA]      [PRECIPITATION DATA]       SYMBOLS USED IN COLUMN 16

AVERAGE MONTHLY: 81.2   TOTAL FOR MONTH:   3.37    1 = FOG OR MIST
DPTR FM NORMAL:   2.8   DPTR FM NORMAL:    1.72    2 = FOG REDUCING VISIBILITY
HIGHEST:   107 ON 10    GRTST 24HR  1.96 ON 23-24      TO 1/4 MILE OR LESS
LOWEST:     57 ON 16                               3 = THUNDER
                        SNOW, ICE PELLETS, HAIL    4 = ICE PELLETS
                        TOTAL MONTH:   0.0 INCH    5 = HAIL
                        GRTST 24HR     0.0         6 = FREEZING RAIN OR DRIZZLE
                        GRTST DEPTH:   0           7 = DUSTSTORM OR SANDSTORM:
                                                       VSBY 1/2 MILE OR LESS
                                                   8 = SMOKE OR HAZE
[NO. OF DAYS WITH]      [WEATHER - DAYS WITH]      9 = BLOWING SNOW
                                                   X = TORNADO
MAX 32 OR BELOW:   0    0.01 INCH OR MORE:   7
MAX 90 OR ABOVE:  25    0.10 INCH OR MORE:   7
MIN 32 OR BELOW:   0    0.50 INCH OR MORE:   3
MIN  0 OR BELOW:   0    1.00 INCH OR MORE:   1

[HDD (BASE 65) ]
TOTAL THIS MO.     0    CLEAR  (SCALE 0-3)  27
DPTR FM NORMAL     0    PTCLDY (SCALE 4-7)   1
TOTAL FM JUL 1     0    CLOUDY (SCALE 8-10)  0
DPTR FM NORMAL     0

[CDD (BASE 65) ]
TOTAL THIS MO.   463
DPTR FM NORMAL    86    [PRESSURE DATA]
TOTAL FM JAN 1   892    HIGHEST SLP M ON M
DPTR FM NORMAL   198    LOWEST  SLP 29.71 ON M

[REMARKS]
