000
CXHW51 PHFO 201250
CF6LIH
PRELIMINARY LOCAL CLIMATOLOGICAL DATA (WS FORM: F-6)

                                          STATION:   LIHUE HI
                                          MONTH:     NOVEMBER
                                          YEAR:      2014
                                          LATITUDE:   21 58 N
                                          LONGITUDE: 159 21 W

  TEMPERATURE IN F:       :PCPN:    SNOW:  WIND      :SUNSHINE: SKY     :PK WND
================================================================================
1   2   3   4   5  6A  6B    7    8   9   10  11  12  13   14  15   16   17  18
                                     12Z  AVG MX 2MIN
DY MAX MIN AVG DEP HDD CDD  WTR  SNW DPTH SPD SPD DIR MIN PSBL S-S WX    SPD DR
================================================================================

 1  84  77  81   4   0  16 0.01  0.0    0 13.4 22  70   M    M   5        26  70
 2  84  75  80   3   0  15 0.09  0.0    0 13.0 22 100   M    M   8 18     26  90
 3  83  74  79   2   0  14 0.24  0.0    0 11.2 26 110   M    M   9 13     29 110
 4  84  71  78   1   0  13 0.09  0.0    0  9.0 21  50   M    M   7 38     25  50
 5  81  76  79   2   0  14    T  0.0    0 12.6 23  40   M    M   6        28  40
 6  83  72  78   1   0  13 0.00  0.0    0  8.1 13 100   M    M   3        16  90
 7  83  71  77   0   0  12 1.20  0.0    0  8.3 18  40   M    M   5 1      22  40
 8  80  70  75  -1   0  10 0.28  0.0    0 13.8 25  20   M    M   7 1      31  20
 9  80  64  72  -4   0   7    T  0.0    0  7.6 15  40   M    M   7        20  30
10  79  65  72  -4   0   7    T  0.0    0  6.0 10 290   M    M   6        12 180
11  79  63  71  -5   0   6 0.13  0.0    0 10.1 23  20   M    M   7 18     29  10
12  80  69  75  -1   0  10 0.01  0.0    0  6.1 14  20   M    M   9 1      16  20
13  83  69  76   0   0  11 0.00  0.0    0  6.9 13 150   M    M   3        17 140
14  85  68  77   1   0  12 0.01  0.0    0  6.9 17 220   M    M   3        22 220
15  84  66  75  -1   0  10 0.00  0.0    0  7.8 15 360   M    M   3        20 350
16  83  67  75  -1   0  10 0.00  0.0    0 12.8 20  30   M    M   4        23  40
17  82  71  77   1   0  12 0.00  0.0    0 15.0 20  40   M    M   3        24  40
18  83  74  79   3   0  14    T  0.0    0 16.4 29  60   M    M   7        33  50
19  83  74  79   3   0  14    T  0.0    0 17.0 24  40   M    M   5        31  70
================================================================================
SM 1563 1336         0 220  2.06     0.0 202.0          M      107
================================================================================
AV 82.3 70.3                              10.6 FASTST   M    M   6    MAX(MPH)
                                 MISC ---->  # 29  60               # 33   50
================================================================================
NOTES:
# LAST OF SEVERAL OCCURRENCES

COLUMN 17 PEAK WIND IN M.P.H.

PRELIMINARY LOCAL CLIMATOLOGICAL DATA (WS FORM: F-6) , PAGE 2

                                          STATION:  LIHUE HI
                                          MONTH:    NOVEMBER
                                          YEAR:     2014
                                          LATITUDE:   21 58 N
                                          LONGITUDE: 159 21 W

[TEMPERATURE DATA]      [PRECIPITATION DATA]       SYMBOLS USED IN COLUMN 16

AVERAGE MONTHLY: 76.3   TOTAL FOR MONTH:   2.06    1 = FOG OR MIST
DPTR FM NORMAL:  -0.1   DPTR FM NORMAL:   -0.81    2 = FOG REDUCING VISIBILITY
HIGHEST:    85 ON 14    GRTST 24HR  1.20 ON  7- 7      TO 1/4 MILE OR LESS
LOWEST:     63 ON 11                               3 = THUNDER
                        SNOW, ICE PELLETS, HAIL    4 = ICE PELLETS
                        TOTAL MONTH:   0.0 INCH    5 = HAIL
                        GRTST 24HR     0.0         6 = FREEZING RAIN OR DRIZZLE
                        GRTST DEPTH:   0           7 = DUSTSTORM OR SANDSTORM:
                                                       VSBY 1/2 MILE OR LESS
                                                   8 = SMOKE OR HAZE
[NO. OF DAYS WITH]      [WEATHER - DAYS WITH]      9 = BLOWING SNOW
                                                   X = TORNADO
MAX 32 OR BELOW:   0    0.01 INCH OR MORE:   9
MAX 90 OR ABOVE:   0    0.10 INCH OR MORE:   4
MIN 32 OR BELOW:   0    0.50 INCH OR MORE:   1
MIN  0 OR BELOW:   0    1.00 INCH OR MORE:   1

[HDD (BASE 65) ]
TOTAL THIS MO.     0    CLEAR  (SCALE 0-3)   5
DPTR FM NORMAL     0    PTCLDY (SCALE 4-7)  12
TOTAL FM JUL 1     0    CLOUDY (SCALE 8-10)  2
DPTR FM NORMAL     0

[CDD (BASE 65) ]
TOTAL THIS MO.   220
DPTR FM NORMAL     4    [PRESSURE DATA]
TOTAL FM JAN 1  3694    HIGHEST SLP M ON M
DPTR FM NORMAL   111    LOWEST  SLP 29.83 ON M

[REMARKS]
