000
CXUS56 KMFR 211000
CF6LMT
PRELIMINARY LOCAL CLIMATOLOGICAL DATA (WS FORM: F-6)

                                          STATION:   KLAMATH FALLS OR
                                          MONTH:     JANUARY
                                          YEAR:      2017
                                          LATITUDE:   42  9 N
                                          LONGITUDE: 121 44 W

  TEMPERATURE IN F:       :PCPN:    SNOW:  WIND      :SUNSHINE: SKY     :PK WND
================================================================================
1   2   3   4   5  6A  6B    7    8   9   10  11  12  13   14  15   16   17  18
                                     12Z  AVG MX 2MIN
DY MAX MIN AVG DEP HDD CDD  WTR  SNW DPTH SPD SPD DIR MIN PSBL S-S WX    SPD DR
================================================================================

 1  30  16  23  -6  42   0    T    M    M  9.8 24 270   M    M   7 128    30 270
 2  30  15  23  -6  42   0    T    M    M  8.2 21 190   M    M   8 1      26 180
 3  23  16  20  -9  45   0    T    M    M 11.4 22 330   M    M  10 12     25 330
 4  18   2  10 -19  55   0 0.02    M    M 10.5 21 330   M    M   5 1      24 330
 5   8 -19  -5 -35  70   0 0.00    M    M  5.6 18 330   M    M   0 128    24 330
 6   7 -19  -6 -36  71   0    T    M    M  1.5  7 320   M    M   7 128    10  80
 7  40   7  24  -6  41   0 0.32    M    M 10.0 31 160   M    M   8 1      43 160
 8  45  35  40  10  25   0 0.38    M    M 11.4 23 150   M    M   8 1      29 150
 9  39  29  34   4  31   0 0.06    M    M 10.8 29 270   M    M   9 1      37 280
10  39  32  36   6  29   0 0.45    M    M 12.3 29 190   M    M   8 1      35 190
11  38  13  26  -4  39   0 0.01    M    M  8.0 26 250   M    M   7 18     33 260
12  30  15  23  -7  42   0 0.00    M    M  8.2 15 340   M    M   4        17 330
13  26   9  18 -12  47   0 0.00    M    M  6.9 21 330   M    M   0        24 330
14  29  12  21  -9  44   0 0.00    M    M  6.9 15 330   M    M   0        17 330
15  32  10  21  -9  44   0 0.00    M    M  3.5 13 340   M    M   0 1      14 340
16  34   9  22  -8  43   0 0.00    M    M  3.0  8  80   M    M   0 1      13  90
17  41  12  27  -3  38   0    T    M    M  6.4 23 160   M    M   5 1      28 160
18  39  33  36   6  29   0 0.05    M    M 18.6 36 180   M    M  10 1      45 180
19  39  30  35   5  30   0 0.03    M    M  7.5 21 140   M    M   6 1      26 140
20  39  30  35   5  30   0    T    M    M 13.5 28 130   M    M   8 1      33 130
================================================================================
SM  626  287       837   0  1.32    M    174.0          M      110
================================================================================
AV 31.3 14.4                               8.7 FASTST   M    M   6    MAX(MPH)
                                 MISC ---->  # 36 180               # 45  180
================================================================================
NOTES:
# LAST OF SEVERAL OCCURRENCES

COLUMN 17 PEAK WIND IN M.P.H.

PRELIMINARY LOCAL CLIMATOLOGICAL DATA (WS FORM: F-6) , PAGE 2

                                          STATION:  KLAMATH FALLS OR
                                          MONTH:    JANUARY
                                          YEAR:     2017
                                          LATITUDE:   42  9 N
                                          LONGITUDE: 121 44 W

[TEMPERATURE DATA]      [PRECIPITATION DATA]       SYMBOLS USED IN COLUMN 16

AVERAGE MONTHLY: 22.8   TOTAL FOR MONTH:   1.32    1 = FOG OR MIST
DPTR FM NORMAL:  -7.0   DPTR FM NORMAL:   -0.10    2 = FOG REDUCING VISIBILITY
HIGHEST:    45 ON  8    GRTST 24HR  0.58 ON  7- 8      TO 1/4 MILE OR LESS
LOWEST:    -19 ON  6, 5                            3 = THUNDER
                        SNOW, ICE PELLETS, HAIL    4 = ICE PELLETS
                        TOTAL MONTH:    M          5 = HAIL
                        GRTST 24HR    M  ON   M    6 = FREEZING RAIN OR DRIZZLE
                        GRTST DEPTH:  M  ON   M    7 = DUSTSTORM OR SANDSTORM:
                                                       VSBY 1/2 MILE OR LESS
                                                   8 = SMOKE OR HAZE
[NO. OF DAYS WITH]      [WEATHER - DAYS WITH]      9 = BLOWING SNOW
                                                   X = TORNADO
MAX 32 OR BELOW:  10    0.01 INCH OR MORE:   8
MAX 90 OR ABOVE:   0    0.10 INCH OR MORE:   3
MIN 32 OR BELOW:  18    0.50 INCH OR MORE:   0
MIN  0 OR BELOW:   2    1.00 INCH OR MORE:   0

[HDD (BASE 65) ]
TOTAL THIS MO.   837    CLEAR  (SCALE 0-3)   5
DPTR FM NORMAL   131    PTCLDY (SCALE 4-7)  11
TOTAL FM JUL 1  3615    CLOUDY (SCALE 8-10)  4
DPTR FM NORMAL     8

[CDD (BASE 65) ]
TOTAL THIS MO.     0
DPTR FM NORMAL     0    [PRESSURE DATA]
TOTAL FM JAN 1     0    HIGHEST SLP  0.00 ON M
DPTR FM NORMAL     0    LOWEST  SLP  0.00 ON 20

[REMARKS]
