000
CXUS55 KRIW 270945
CF6LND
PRELIMINARY LOCAL CLIMATOLOGICAL DATA (WS FORM: F-6)

                                          STATION:   LANDER WY
                                          MONTH:     APRIL
                                          YEAR:      2017
                                          LATITUDE:   42 49 N
                                          LONGITUDE: 108 44 W

  TEMPERATURE IN F:       :PCPN:    SNOW:  WIND      :SUNSHINE: SKY     :PK WND
================================================================================
1   2   3   4   5  6A  6B    7    8   9   10  11  12  13   14  15   16   17  18
                                     12Z  AVG MX 2MIN
DY MAX MIN AVG DEP HDD CDD  WTR  SNW DPTH SPD SPD DIR MIN PSBL S-S WX    SPD DR
================================================================================

 1  44  32  38  -2  27   0    T  0.0    6  4.4 13 130   M    M   4 1      15 130
 2  41  31  36  -4  29   0 0.15  0.0    M  4.1 16 360   M    M   6 1      19 360
 3  43  26  35  -5  30   0    T    T    T  7.1 18  10   M    M   5 12     22  10
 4  34  23  29 -12  36   0 0.69 10.7    7  6.2 18  20   M    M   5 12     22  20
 5  49  20  35  -6  30   0 0.00  0.0    3  4.3 13 200   M    M   0        13 190
 6  59  30  45   4  20   0 0.00  0.0    0  5.5 22 170   M    M   0        29 170
 7  66  39  53  11  12   0 0.00  0.0    0 11.3 32 300   M    M   3        40 300
 8  55  37  46   4  19   0 0.05  0.0    0 10.3 33 210   M    M   7        39 220
 9  48  28  38  -4  27   0 0.01    T    0  8.1 26 340   M    M   8 1      34 340
10  52  22  37  -5  28   0 0.00  0.0    0  4.9 25 230   M    M   1        33 230
11  60  26  43   1  22   0 0.00  0.0    0  6.4 22 270   M    M   2        26 210
12  65  35  50   7  15   0 0.00  0.0    0  4.9 14 240   M    M   0        19  90
13  75  36  56  13   9   0 0.00  0.0    0 15.0 38 190   M    M   0        49 180
14  60  36  48   5  17   0 0.00  0.0    0 12.3 31 260   M    M   1        42 260
15  55  29  42  -2  23   0 0.00  0.0    0  6.3 16 150   M    M   0        20 310
16  60  29  45   1  20   0 0.00  0.0    0  5.3 14 260   M    M   0        17 100
17  66  34  50   6  15   0 0.00  0.0    0 10.1 36 240   M    M   1        52 250
18  63  37  50   6  15   0 0.45  0.0    0  6.6 25 220   M    M   6 1      31 220
19  57  36  47   2  18   0 0.21  0.0    0  7.9 25 330   M    M   6 1      32 350
20  59  32  46   1  19   0    T  0.0    0  6.3 22 320   M    M   3        29 330
21  46  34  40  -5  25   0 0.13    T    0  6.9 25 350   M    M  10 1      35 340
22  60  35  48   2  17   0 0.00  0.0    0  4.2 14 250   M    M   4        19 130
23  69  38  54   8  11   0 0.00  0.0    0  6.9 35 190   M    M   1        40 200
24  59  38  49   3  16   0    T  0.0    0  9.6 28 330   M    M   5        35 280
25  45  31  38  -9  27   0 0.09    T    0  6.1 21 360   M    M   7 1      26 360
26  56  26  41  -6  24   0 0.00  0.0    0  6.4 16 260   M    M   5        21 350
================================================================================
SM 1446  820       551   0  1.78    10.7 187.4          M       90
================================================================================
AV 55.6 31.5                               7.2 FASTST   M    M   3    MAX(MPH)
                                 MISC ---->  # 38 190               # 52  250
================================================================================
NOTES:
# LAST OF SEVERAL OCCURRENCES

COLUMN 17 PEAK WIND IN M.P.H.

PRELIMINARY LOCAL CLIMATOLOGICAL DATA (WS FORM: F-6) , PAGE 2

                                          STATION:  LANDER WY
                                          MONTH:    APRIL
                                          YEAR:     2017
                                          LATITUDE:   42 49 N
                                          LONGITUDE: 108 44 W

[TEMPERATURE DATA]      [PRECIPITATION DATA]       SYMBOLS USED IN COLUMN 16

AVERAGE MONTHLY: 43.6   TOTAL FOR MONTH:   1.78    1 = FOG OR MIST
DPTR FM NORMAL:   0.3   DPTR FM NORMAL:    0.22    2 = FOG REDUCING VISIBILITY
HIGHEST:    75 ON 13    GRTST 24HR  2.71 ON 31- 1      TO 1/4 MILE OR LESS
LOWEST:     20 ON  5                               3 = THUNDER
                        SNOW, ICE PELLETS, HAIL    4 = ICE PELLETS
                        TOTAL MONTH:  10.7 INCHES  5 = HAIL
                        GRTST 24HR  10.7 ON  4- 4  6 = FREEZING RAIN OR DRIZZLE
                        GRTST DEPTH:   7 ON  4     7 = DUSTSTORM OR SANDSTORM:
                                                       VSBY 1/2 MILE OR LESS
                                                   8 = SMOKE OR HAZE
[NO. OF DAYS WITH]      [WEATHER - DAYS WITH]      9 = BLOWING SNOW
                                                   X = TORNADO
MAX 32 OR BELOW:   0    0.01 INCH OR MORE:   8
MAX 90 OR ABOVE:   0    0.10 INCH OR MORE:   5
MIN 32 OR BELOW:  14    0.50 INCH OR MORE:   1
MIN  0 OR BELOW:   0    1.00 INCH OR MORE:   0

[HDD (BASE 65) ]
TOTAL THIS MO.   551    CLEAR  (SCALE 0-3)  13
DPTR FM NORMAL   -14    PTCLDY (SCALE 4-7)  12
TOTAL FM JUL 1  6966    CLOUDY (SCALE 8-10)  1
DPTR FM NORMAL  -218

[CDD (BASE 65) ]
TOTAL THIS MO.     0
DPTR FM NORMAL     0    [PRESSURE DATA]
TOTAL FM JAN 1     0    HIGHEST SLP M ON M
DPTR FM NORMAL     0    LOWEST  SLP 29.57 ON 26

[REMARKS]
