000
CXUS53 KOAX 221000
CF6LNK
PRELIMINARY LOCAL CLIMATOLOGICAL DATA (WS FORM: F-6)

                                          STATION:   LINCOLN, NEBRASKA
                                          MONTH:     JUNE
                                          YEAR:      2017
                                          LATITUDE:   40 50 N
                                          LONGITUDE:  96 45 W

  TEMPERATURE IN F:       :PCPN:    SNOW:  WIND      :SUNSHINE: SKY     :PK WND
================================================================================
1   2   3   4   5  6A  6B    7    8   9   10  11  12  13   14  15   16   17  18
                                     12Z  AVG MX 2MIN
DY MAX MIN AVG DEP HDD CDD  WTR  SNW DPTH SPD SPD DIR MIN PSBL S-S WX    SPD DR
================================================================================

 1  84  54  69   1   0   4 0.00  0.0    0  8.6 20 170   M    M   3        26 150
 2  89  63  76   8   0  11 0.00  0.0    0  9.9 20 170   M    M   1        25 190
 3  88  61  75   7   0  10 0.00  0.0    0  5.0 15 180   M    M   0        19 210
 4  92  63  78   9   0  13    T  0.0    0  3.0 26  40   M    M   0 3      33  40
 5  95  63  79  10   0  14 0.00  0.0    0  4.2 13  60   M    M   2        17  40
 6  86  65  76   6   0  11 0.00  0.0    0  7.1 15  70   M    M   2        21 130
 7  85  57  71   1   0   6 0.00  0.0    0  6.4 14 150   M    M   0        18 140
 8  89  60  75   5   0  10 0.00  0.0    0  8.0 15 180   M    M   0        22 160
 9  91  62  77   6   0  12 0.00  0.0    0 13.1 22 190   M    M   0        28 200
10  93  70  82  11   0  17 0.00  0.0    0 18.0 29 190   M    M   3        38 200
11  98  74  86  15   0  21 0.00  0.0    0 19.6 30 180   M    M   1        37 180
12  89  66  78   6   0  13 3.72    T    0 14.1 35 170   M    M   4 135    40 170
13  93  71  82  10   0  17 0.00  0.0    0 19.7 33 160   M    M   1 3      42 170
14  88  63  76   4   0  11 0.30  0.0    0  8.2 35 350   M    M   3 13     39 350
15  95  61  78   5   0  13 0.00  0.0    0  5.0 24 190   M    M   0        29 190
16  92  68  80   7   0  15 0.74  0.0    0   M  63 340   M    M   0 13     88 320
17  82  63  73   0   0   8    T  0.0    0  8.4 20 350   M    M   3 18     23 350
18  83  61  72  -2   0   7    T  0.0    0 10.8 26 340   M    M   1        33 340
19  88  62  75   1   0  10 0.00  0.0    0  6.2 17 350   M    M   2        22 310
20  95  58  77   3   0  12 0.00  0.0    0  6.4 16 130   M    M   0        20 120
21  96  70  83   9   0  18 0.00  0.0    0 13.7 24 190   M    M   0        33 180
================================================================================
SM 1891 1335         0 253  4.76    T    195.4          M       26
================================================================================
AV 90.1 63.6                               9.8 FASTST   M    M   1    MAX(MPH)
                                 MISC ---->  # 63 340               # 88  320
================================================================================
NOTES:
# LAST OF SEVERAL OCCURRENCES

COLUMN 17 PEAK WIND IN M.P.H.

PRELIMINARY LOCAL CLIMATOLOGICAL DATA (WS FORM: F-6) , PAGE 2

                                          STATION:  LINCOLN, NEBRASKA
                                          MONTH:    JUNE
                                          YEAR:     2017
                                          LATITUDE:   40 50 N
                                          LONGITUDE:  96 45 W

[TEMPERATURE DATA]      [PRECIPITATION DATA]       SYMBOLS USED IN COLUMN 16

AVERAGE MONTHLY: 76.8   TOTAL FOR MONTH:   4.76    1 = FOG OR MIST
DPTR FM NORMAL:   5.6   DPTR FM NORMAL:    1.68    2 = FOG REDUCING VISIBILITY
HIGHEST:    98 ON 11    GRTST 24HR  3.72 ON 12-12      TO 1/4 MILE OR LESS
LOWEST:     54 ON  1                               3 = THUNDER
                        SNOW, ICE PELLETS, HAIL    4 = ICE PELLETS
                        TOTAL MONTH:    T          5 = HAIL
                        GRTST 24HR    T  ON 12-12  6 = FREEZING RAIN OR DRIZZLE
                        GRTST DEPTH:   0           7 = DUSTSTORM OR SANDSTORM:
                                                       VSBY 1/2 MILE OR LESS
                                                   8 = SMOKE OR HAZE
[NO. OF DAYS WITH]      [WEATHER - DAYS WITH]      9 = BLOWING SNOW
                                                   X = TORNADO
MAX 32 OR BELOW:   0    0.01 INCH OR MORE:   3
MAX 90 OR ABOVE:  10    0.10 INCH OR MORE:   3
MIN 32 OR BELOW:   0    0.50 INCH OR MORE:   2
MIN  0 OR BELOW:   0    1.00 INCH OR MORE:   1

[HDD (BASE 65) ]
TOTAL THIS MO.     0    CLEAR  (SCALE 0-3)  19
DPTR FM NORMAL   -13    PTCLDY (SCALE 4-7)   2
TOTAL FM JUL 1  5016    CLOUDY (SCALE 8-10)  0
DPTR FM NORMAL -1037

[CDD (BASE 65) ]
TOTAL THIS MO.   253
DPTR FM NORMAL   107    [PRESSURE DATA]
TOTAL FM JAN 1   336    HIGHEST SLP M ON M
DPTR FM NORMAL   111    LOWEST  SLP 29.54 ON 13

[REMARKS]
