000
CXUS53 KMKX 230649
CF6LNR
PRELIMINARY LOCAL CLIMATOLOGICAL DATA (WS FORM: F-6)

                                          STATION:   LONE ROCK WI
                                          MONTH:     APRIL
                                          YEAR:      2014
                                          LATITUDE:   43 12 N
                                          LONGITUDE:  90 11 W

  TEMPERATURE IN F:       :PCPN:    SNOW:  WIND      :SUNSHINE: SKY     :PK WND
================================================================================
1   2   3   4   5  6A  6B    7    8   9   10  11  12  13   14  15   16   17  18
                                     12Z  AVG MX 2MIN
DY MAX MIN AVG DEP HDD CDD  WTR  SNW DPTH SPD SPD DIR MIN PSBL S-S WX    SPD DR
================================================================================

 1  44  26  35  -6  30   0 0.00    M    M 15.0 28 270   M    M   5        38 270
 2  53  20  37  -5  28   0 0.00    M    M  8.6 25  90   M    M   3 1      30  80
 3  41  35  38  -4  27   0 0.10    M    M 18.1 26  90   M    M  10 13     31  70
 4  38  32  35  -8  30   0 0.02    M    M 12.7 29 310   M    M  10 1      39 310
 5  53  21  37  -6  28   0 0.00    M    M  4.0 14 200   M    M   0 1      20 280
 6  62  27  45   1  20   0 0.00    M    M  5.6 18 190   M    M   5        24 210
 7  61  39  50   6  15   0 0.01    M    0  5.3 18 350   M    M   8 1      23 340
 8  60  34  47   3  18   0 0.00  0.0    0  8.4 22 340   M    M   2        29 330
 9  65  24  45   0  20   0 0.00  0.0    0  8.1 23 190   M    M   0        30 210
10  65  39  52   7  13   0    T    M    M  8.7 24 290   M    M   1        30 290
11  69  32  51   5  14   0    T    M    M  6.7 26 300   M    M   3        36 300
12  61  45  53   7  12   0 3.16    M    M  9.9 29  20   M    M   6 13     40 310
13  51  40  46   0  19   0 2.83    M    M 10.4 28  10   M    M   9 138    35  10
14  40  28  34 -13  31   0 0.26    M    M 10.3 29  10   M    M   9 1      35  20
15  38  22  30 -17  35   0 0.00  0.0    M  4.9 15 300   M    M   3        19 280
16  55  29  42  -6  23   0 0.00  0.0    0 14.6 31 160   M    M   6        40 140
17  55  35  45  -3  20   0 0.00  0.0    0 10.4 20 160   M    M   7        27 160
18  58  28  43  -6  22   0 0.00  0.0    0  4.9 17 110   M    M   0 1      22 110
19  70  34  52   3  13   0 0.00  0.0    0 11.2 24 160   M    M   1        30 160
20  71  55  63  14   2   0 0.02  0.0    0  5.5 14 170   M    M   8 1      20 170
21  71  52  62  12   3   0 0.01    M    M  8.7 22 340   M    M   5 1      30 300
22  60  41  51   1  14   0 0.00    M    M 10.7 21 360   M    M   0        29 360
================================================================================
SM 1241  738       437   0  6.41     0.0 202.7          M      101
================================================================================
AV 56.4 33.5                               9.2 FASTST   M    M   5    MAX(MPH)
                                 MISC ---->  # 31 160               # 40  310
================================================================================
NOTES:
# LAST OF SEVERAL OCCURRENCES

COLUMN 17 PEAK WIND IN M.P.H.

PRELIMINARY LOCAL CLIMATOLOGICAL DATA (WS FORM: F-6) , PAGE 2

                                          STATION:  LONE ROCK WI
                                          MONTH:    APRIL
                                          YEAR:     2014
                                          LATITUDE:   43 12 N
                                          LONGITUDE:  90 11 W

[TEMPERATURE DATA]      [PRECIPITATION DATA]       SYMBOLS USED IN COLUMN 16

AVERAGE MONTHLY: 45.0   TOTAL FOR MONTH:   6.41    1 = FOG OR MIST
DPTR FM NORMAL:  -0.8   DPTR FM NORMAL:    4.03    2 = FOG REDUCING VISIBILITY
HIGHEST:    71 ON 21,20 GRTST 24HR  5.63 ON 12-13      TO 1/4 MILE OR LESS
LOWEST:     20 ON  2                               3 = THUNDER
                        SNOW, ICE PELLETS, HAIL    4 = ICE PELLETS
                        TOTAL MONTH:   0.0 INCH    5 = HAIL
                        GRTST 24HR     0.0         6 = FREEZING RAIN OR DRIZZLE
                        GRTST DEPTH:   0           7 = DUSTSTORM OR SANDSTORM:
                                                       VSBY 1/2 MILE OR LESS
                                                   8 = SMOKE OR HAZE
[NO. OF DAYS WITH]      [WEATHER - DAYS WITH]      9 = BLOWING SNOW
                                                   X = TORNADO
MAX 32 OR BELOW:   0    0.01 INCH OR MORE:   8
MAX 90 OR ABOVE:   0    0.10 INCH OR MORE:   4
MIN 32 OR BELOW:  11    0.50 INCH OR MORE:   2
MIN  0 OR BELOW:   0    1.00 INCH OR MORE:   2

[HDD (BASE 65) ]
TOTAL THIS MO.   437    CLEAR  (SCALE 0-3)  10
DPTR FM NORMAL    14    PTCLDY (SCALE 4-7)   8
TOTAL FM JUL 1  7885    CLOUDY (SCALE 8-10)  4
DPTR FM NORMAL   971

[CDD (BASE 65) ]
TOTAL THIS MO.     0
DPTR FM NORMAL     0    [PRESSURE DATA]
TOTAL FM JAN 1     0    HIGHEST SLP M ON M
DPTR FM NORMAL     0    LOWEST  SLP 29.47 ON  4

[REMARKS]
