000
CXUS53 KLMK 301405
CF6LOU
PRELIMINARY LOCAL CLIMATOLOGICAL DATA (WS FORM: F-6)

                                          STATION:   LOUISVILLE BOWMAN KY
                                          MONTH:     MARCH
                                          YEAR:      2017
                                          LATITUDE:   38 13 N
                                          LONGITUDE:  85 40 W

  TEMPERATURE IN F:       :PCPN:    SNOW:  WIND      :SUNSHINE: SKY     :PK WND
================================================================================
1   2   3   4   5  6A  6B    7    8   9   10  11  12  13   14  15   16   17  18
                                     12Z  AVG MX 2MIN
DY MAX MIN AVG DEP HDD CDD  WTR  SNW DPTH SPD SPD DIR MIN PSBL S-S WX    SPD DR
================================================================================

 1  71  43  57  15   8   0 1.44    M    M 16.6 33 310   M    M   6 13     46 230
 2  49  34  42   0  23   0 0.00    M    M 11.5 24 310   M    M   3        32 310
 3  43  31  37  -6  28   0 0.00    M    M  7.6 17 310   M    M   2        23 300
 4  58  31  45   2  20   0 0.00    M    M  5.4 13  80   M    M   1        17  80
 5  69  30  50   7  15   0    T    M    M  6.9 21 220   M    M   2        29 230
 6  67  51  59  15   6   0 0.13    M    M  8.2 20 190   M    M  10 1      27 190
 7  67  45  56  12   9   0 0.55    M    M 11.3 26 180   M    M   6 1      37 190
 8  64  38  51   7  14   0 0.00    M    M  7.9 21 260   M    M   0 8      28 270
 9  74  40  57  12   8   0 0.00    M    M  6.6 22 340   M    M   0        32 340
10  55  36  46   1  19   0    T    M    M 11.3 21 310   M    M   3        27 350
11  40  30  35 -10  30   0 0.00    M    M  6.3 14 360   M    M   2        19 360
12  42  25  34 -12  31   0 0.00    M    M  4.1 12 320   M    M   0        16  30
13  43  32  38  -8  27   0 0.05    M    M  5.8 14 310   M    M   6 18     17 310
14  37  25  31 -15  34   0 0.00    M    M 11.4 20 320   M    M   7 18     28 330
15  39  21  30 -17  35   0    T    M    M 10.7 20 290   M    M   1        26 290
16  46  22  34 -13  31   0 0.00    M    M  2.3 13 270   M    M   0        21 300
17  52  37  45  -2  20   0 0.04    M    M  6.0 14 200   M    M  10 18     19 200
18  52  39  46  -2  19   0 0.00    M    M 11.0 24 290   M    M   9 18     31 300
19  54  29  42  -6  23   0 0.00    M    M  2.3 10  40   M    M   1        15  30
20  73  41  57   9   8   0    T    M    M  6.2 16 170   M    M   3        23 170
21  67  49  58   9   7   0 0.00    M    M  7.2 20  10   M    M   4 8      27 360
22  50  35  43  -6  22   0 0.00    M    M 10.2 18  10   M    M   0        29  10
23  63  33  48  -1  17   0 0.00    M    M  5.9 12 180   M    M   3        16  70
24  79  56  68  18   0   3 0.00    M    M 10.8 21 200   M    M   2        30 190
25  78  60  69  19   0   4 0.01    M    M 10.1 22 180   M    M   3        30 180
26  71  55  63  13   2   0 0.53    M    M  7.7 20 280   M    M   8 1      28 210
27  73  50  62  11   3   0 0.47    M    M  3.9 15 200   M    M   4 13     22 190
28  67  55  61  10   4   0 0.00    M    M  5.9 14 330   M    M   8 18     17 320
29  67  51  59   8   6   0 0.00    M    M  8.3 16  90   M    M   5        21  80
================================================================================
SM 1710 1124       469   7  3.22    M    229.4          M      109
================================================================================
AV 59.0 38.8                               7.9 FASTST   M    M   4    MAX(MPH)
                                 MISC ---->  # 33 310               # 46  230
================================================================================
NOTES:
# LAST OF SEVERAL OCCURRENCES

COLUMN 17 PEAK WIND IN M.P.H.

PRELIMINARY LOCAL CLIMATOLOGICAL DATA (WS FORM: F-6) , PAGE 2

                                          STATION:  LOUISVILLE BOWMAN KY
                                          MONTH:    MARCH
                                          YEAR:     2017
                                          LATITUDE:   38 13 N
                                          LONGITUDE:  85 40 W

[TEMPERATURE DATA]      [PRECIPITATION DATA]       SYMBOLS USED IN COLUMN 16

AVERAGE MONTHLY: 48.9   TOTAL FOR MONTH:   3.22    1 = FOG OR MIST
DPTR FM NORMAL:   2.2   DPTR FM NORMAL:   -0.62    2 = FOG REDUCING VISIBILITY
HIGHEST:    79 ON 24    GRTST 24HR  1.44 ON  1- 1      TO 1/4 MILE OR LESS
LOWEST:     21 ON 15                               3 = THUNDER
                        SNOW, ICE PELLETS, HAIL    4 = ICE PELLETS
                        TOTAL MONTH:    M          5 = HAIL
                        GRTST 24HR    M  ON   M    6 = FREEZING RAIN OR DRIZZLE
                        GRTST DEPTH:  M  ON   M    7 = DUSTSTORM OR SANDSTORM:
                                                       VSBY 1/2 MILE OR LESS
                                                   8 = SMOKE OR HAZE
[NO. OF DAYS WITH]      [WEATHER - DAYS WITH]      9 = BLOWING SNOW
                                                   X = TORNADO
MAX 32 OR BELOW:   0    0.01 INCH OR MORE:   8
MAX 90 OR ABOVE:   0    0.10 INCH OR MORE:   5
MIN 32 OR BELOW:  10    0.50 INCH OR MORE:   3
MIN  0 OR BELOW:   0    1.00 INCH OR MORE:   1

[HDD (BASE 65) ]
TOTAL THIS MO.   469    CLEAR  (SCALE 0-3)  15
DPTR FM NORMAL   -66    PTCLDY (SCALE 4-7)  10
TOTAL FM JUL 1  3031    CLOUDY (SCALE 8-10)  4
DPTR FM NORMAL  -865

[CDD (BASE 65) ]
TOTAL THIS MO.     7
DPTR FM NORMAL     7    [PRESSURE DATA]
TOTAL FM JAN 1    10    HIGHEST SLP M ON M
DPTR FM NORMAL    10    LOWEST  SLP 29.59 ON  1

[REMARKS]
