000
CXUS55 KJKL 231000
CF6LOZ
PRELIMINARY LOCAL CLIMATOLOGICAL DATA (WS FORM: F-6)

                                          STATION:   LONDON KY
                                          MONTH:     JULY
                                          YEAR:      2016
                                          LATITUDE:   37  4 N
                                          LONGITUDE:  84  5 W

  TEMPERATURE IN F:       :PCPN:    SNOW:  WIND      :SUNSHINE: SKY     :PK WND
================================================================================
1   2   3   4   5  6A  6B    7    8   9   10  11  12  13   14  15   16   17  18
                                     12Z  AVG MX 2MIN
DY MAX MIN AVG DEP HDD CDD  WTR  SNW DPTH SPD SPD DIR MIN PSBL S-S WX    SPD DR
================================================================================

 1  86  58  72  -4   0   7 0.02    M    M  4.2 13 290   M    M   3 13     17 260
 2  85  65  75  -1   0  10 0.00    M    M  4.6 12  30   M    M   3        15  40
 3  89  69  79   3   0  14 0.06    M    M  3.1 13 180   M    M   6 13     17 190
 4  90  71  81   5   0  16 1.32    M    M  6.9 26 290   M    M   5 13     38 300
 5  88  72  80   4   0  15 0.38    M    M  7.8 15 250   M    M   7 13     20 240
 6  88  67  78   2   0  13 0.26    M    M  7.2 32 260   M    M   5 13     41 250
 7  82  67  75  -1   0  10 1.56    M    M  5.0 31 280   M    M   7 13     41 290
 8  88  69  79   3   0  14 1.04    M    M  5.2 24 360   M    M   7 13     37 360
 9  86  67  77   1   0  12 0.00    M    M  6.8 15 310   M    M   3        20 290
10  85  64  75  -1   0  10    T    M    M  1.8 10 240   M    M   2 1      14 240
11  86  64  75  -1   0  10 0.00    M    M  2.1  9 230   M    M   2 1      12 250
12  84  69  77   1   0  12 0.69    M    M  4.4 25 260   M    M   3 13     30 280
13  89  69  79   3   0  14 0.00    M    M  5.3 15 270   M    M   2        20 250
14  89  70  80   4   0  15 0.10    M    M  7.3 36 290   M    M   3 13     49 290
15  87  68  78   2   0  13 0.00    M    M  2.6  9 280   M    M   1        12 260
16  86  67  77   1   0  12 0.12    M    M  2.4 18 200   M    M   1 13     24 190
17  89  63  76   0   0  11 0.00    M    M  2.3 10 270   M    M   1 1      14 280
18  88  69  79   3   0  14    T    M    M  3.3 18 350   M    M   1 1      27 360
19  91  69  80   4   0  15 0.00    M    M  2.3 10 320   M    M   2 1      13 340
20  91  70  81   5   0  16 0.00    M    M  2.4 10  50   M    M   2 1      13  40
21  92  69  81   5   0  16 0.00    M    M  2.5  8  30   M    M   2        12  40
22  91  67  79   3   0  14 0.07    M    M  3.3 22  20   M    M   2 13     26  10
================================================================================
SM 1930 1483         0 283  5.62    M     92.8          M       70
================================================================================
AV 87.7 67.4                               4.2 FASTST   M    M   3    MAX(MPH)
                                 MISC ---->  # 36 290               # 49  290
================================================================================
NOTES:
# LAST OF SEVERAL OCCURRENCES

COLUMN 17 PEAK WIND IN M.P.H.

PRELIMINARY LOCAL CLIMATOLOGICAL DATA (WS FORM: F-6) , PAGE 2

                                          STATION:  LONDON KY
                                          MONTH:    JULY
                                          YEAR:     2016
                                          LATITUDE:   37  4 N
                                          LONGITUDE:  84  5 W

[TEMPERATURE DATA]      [PRECIPITATION DATA]       SYMBOLS USED IN COLUMN 16

AVERAGE MONTHLY: 77.6   TOTAL FOR MONTH:   5.62    1 = FOG OR MIST
DPTR FM NORMAL:   1.6   DPTR FM NORMAL:    2.73    2 = FOG REDUCING VISIBILITY
HIGHEST:    92 ON 21    GRTST 24HR  1.74 ON  6- 7      TO 1/4 MILE OR LESS
LOWEST:     58 ON  1                               3 = THUNDER
                        SNOW, ICE PELLETS, HAIL    4 = ICE PELLETS
                        TOTAL MONTH:    M          5 = HAIL
                        GRTST 24HR    M  ON   M    6 = FREEZING RAIN OR DRIZZLE
                        GRTST DEPTH:  M  ON   M    7 = DUSTSTORM OR SANDSTORM:
                                                       VSBY 1/2 MILE OR LESS
                                                   8 = SMOKE OR HAZE
[NO. OF DAYS WITH]      [WEATHER - DAYS WITH]      9 = BLOWING SNOW
                                                   X = TORNADO
MAX 32 OR BELOW:   0    0.01 INCH OR MORE:  11
MAX 90 OR ABOVE:   5    0.10 INCH OR MORE:   8
MIN 32 OR BELOW:   0    0.50 INCH OR MORE:   4
MIN  0 OR BELOW:   0    1.00 INCH OR MORE:   3

[HDD (BASE 65) ]
TOTAL THIS MO.     0    CLEAR  (SCALE 0-3)  15
DPTR FM NORMAL     0    PTCLDY (SCALE 4-7)   7
TOTAL FM JUL 1     0    CLOUDY (SCALE 8-10)  0
DPTR FM NORMAL     0

[CDD (BASE 65) ]
TOTAL THIS MO.   283
DPTR FM NORMAL    41    [PRESSURE DATA]
TOTAL FM JAN 1   684    HIGHEST SLP M ON M
DPTR FM NORMAL    85    LOWEST  SLP 29.85 ON  7

[REMARKS]
