000
CXUS53 KARX 260930
CF6LSE
PRELIMINARY LOCAL CLIMATOLOGICAL DATA (WS FORM: F-6)

                                          STATION:   LA CROSSE WI
                                          MONTH:     AUGUST
                                          YEAR:      2014
                                          LATITUDE:   43 52 N
                                          LONGITUDE:  91 15 W

  TEMPERATURE IN F:       :PCPN:    SNOW:  WIND      :SUNSHINE: SKY     :PK WND
================================================================================
1   2   3   4   5  6A  6B    7    8   9   10  11  12  13   14  15   16   17  18
                                     12Z  AVG MX 2MIN
DY MAX MIN AVG DEP HDD CDD  WTR  SNW DPTH SPD SPD DIR MIN PSBL S-S WX    SPD DR
================================================================================

 1  86  63  75   2   0  10 0.00  0.0    0  5.4 12 100   M    M   1 3      17  80
 2  87  61  74   1   0   9    T  0.0    0  5.1 12 200   M    M   1         M  M
 3  86  67  77   4   0  12    T  0.0    0  4.7 12 260   M    M   1 3      16 170
 4  85  65  75   2   0  10 0.61  0.0    0  4.5 31 210   M    M   3 123    40 190
 5  79  63  71  -2   0   6 0.00  0.0    0  2.9  9 100   M    M   7 12     12 180
 6  83  62  73   0   0   8 0.00  0.0    0  3.5  8  50   M    M   4 12     17  90
 7  84  60  72   0   0   7 0.00  0.0    0  6.3 15 160   M    M   2 1      19 100
 8  84  65  75   3   0  10 0.00  0.0    0  5.2 13  80   M    M   6        17  80
 9  84  62  73   1   0   8 0.00  0.0    0  4.7 14 150   M    M   2        18 130
10  83  60  72   0   0   7 0.00  0.0    0  4.6 10  90   M    M   0        13 270
11  75  62  69  -3   0   4 0.07  0.0    0  9.2 23 350   M    M   6 18     30 330
12  79  57  68  -4   0   3 0.00  0.0    0 10.6 21 340   M    M   2        27 330
13  85  59  72   0   0   7 0.00  0.0    0  6.1 14 340   M    M   2        20 290
14  79  51  65  -7   0   0 0.00  0.0    0  3.6 10 110   M    M   0        16  30
15  83  56  70  -2   0   5 0.00  0.0    0  7.6 15 210   M    M   2        20 200
16  84  66  75   3   0  10 0.00  0.0    0  4.2 10 160   M    M   5 1      13 170
17  79  68  74   2   0   9 0.00  0.0    0  6.9 17 170   M    M   9        21 170
18  89  67  78   7   0  13 1.08  0.0    0  9.3 37 320   M    M   4 138    49 320
19  82  66  74   3   0   9 0.00  0.0    0  5.8 15 320   M    M   3        22 360
20  85  63  74   3   0   9 0.00  0.0    0  3.9 10 100   M    M   3 1      15 110
21  84  70  77   6   0  12 0.34  0.0    0  8.8 21 150   M    M   5 13     26 160
22  89  74  82  11   0  17 0.00  0.0    0  4.9 10 180   M    M   6 18     12 180
23  81  72  77   6   0  12 0.29  0.0    0  3.9 14 210   M    M   7 1      17 260
24  90  72  81  11   0  16 0.00  0.0    0 11.1 18 150   M    M   3        22 140
25  90  70  80  10   0  15 0.58  0.0    0  8.3 36 250   M    M   1 38     47 240
================================================================================
SM 2095 1601         0 228  2.97     0.0 151.1          M       85
================================================================================
AV 83.8 64.0                               6.0 FASTST   M    M   3    MAX(MPH)
                                 MISC ---->  # 37 320               # 49  320
================================================================================
NOTES:
# LAST OF SEVERAL OCCURRENCES

COLUMN 17 PEAK WIND IN M.P.H.

PRELIMINARY LOCAL CLIMATOLOGICAL DATA (WS FORM: F-6) , PAGE 2

                                          STATION:  LA CROSSE WI
                                          MONTH:    AUGUST
                                          YEAR:     2014
                                          LATITUDE:   43 52 N
                                          LONGITUDE:  91 15 W

[TEMPERATURE DATA]      [PRECIPITATION DATA]       SYMBOLS USED IN COLUMN 16

AVERAGE MONTHLY: 73.9   TOTAL FOR MONTH:   2.97    1 = FOG OR MIST
DPTR FM NORMAL:   2.1   DPTR FM NORMAL:   -0.54    2 = FOG REDUCING VISIBILITY
HIGHEST:    90 ON 25,24 GRTST 24HR  1.08 ON 18-18      TO 1/4 MILE OR LESS
LOWEST:     51 ON 14                               3 = THUNDER
                        SNOW, ICE PELLETS, HAIL    4 = ICE PELLETS
                        TOTAL MONTH:   0.0 INCH    5 = HAIL
                        GRTST 24HR     0.0         6 = FREEZING RAIN OR DRIZZLE
                        GRTST DEPTH:   0           7 = DUSTSTORM OR SANDSTORM:
                                                       VSBY 1/2 MILE OR LESS
                                                   8 = SMOKE OR HAZE
[NO. OF DAYS WITH]      [WEATHER - DAYS WITH]      9 = BLOWING SNOW
                                                   X = TORNADO
MAX 32 OR BELOW:   0    0.01 INCH OR MORE:   6
MAX 90 OR ABOVE:   2    0.10 INCH OR MORE:   5
MIN 32 OR BELOW:   0    0.50 INCH OR MORE:   3
MIN  0 OR BELOW:   0    1.00 INCH OR MORE:   1

[HDD (BASE 65) ]
TOTAL THIS MO.     0    CLEAR  (SCALE 0-3)  13
DPTR FM NORMAL    -5    PTCLDY (SCALE 4-7)  11
TOTAL FM JUL 1     3    CLOUDY (SCALE 8-10)  1
DPTR FM NORMAL    -7

[CDD (BASE 65) ]
TOTAL THIS MO.   228
DPTR FM NORMAL    46    [PRESSURE DATA]
TOTAL FM JAN 1   707    HIGHEST SLP M ON M
DPTR FM NORMAL    38    LOWEST  SLP 29.61 ON 19

[REMARKS]
