000
CXUS51 KRNK 180620
CF6LWB
PRELIMINARY LOCAL CLIMATOLOGICAL DATA (WS FORM: F-6)

                                          STATION:   LEWISBURG WV
                                          MONTH:     DECEMBER
                                          YEAR:      2015
                                          LATITUDE:   37 52 N
                                          LONGITUDE:  80 24 W

  TEMPERATURE IN F:       :PCPN:    SNOW:  WIND      :SUNSHINE: SKY     :PK WND
================================================================================
1   2   3   4   5  6A  6B    7    8   9   10  11  12  13   14  15   16   17  18
                                     12Z  AVG MX 2MIN
DY MAX MIN AVG DEP HDD CDD  WTR  SNW DPTH SPD SPD DIR MIN PSBL S-S WX    SPD DR
================================================================================

 1  49  42  46  11  19   0    M  0.0    0  2.2  7  10   M    M  10 1       M  M
 2  57  42  50  15  15   0    M  0.0    0  4.3 13 270   M    M   8 1      22 250
 3  42  27  35   0  30   0    M    T    0  6.8 15 320   M    M   7        25 310
 4  47  22  35   1  30   0    M  0.0    0  1.1  6 250   M    M   1         M  M
 5  54  22  38   4  27   0    M  0.0    0  0.6  6 250   M    M   0 1       M  M
 6  53  22  38   4  27   0    M  0.0    0  1.8  6 240   M    M   0         M  M
 7  47  28  38   5  27   0    M  0.0    0  0.3  6  10   M    M   9 1       M  M
 8  51  32  42   9  23   0    M  0.0    0  1.1  6 280   M    M   5 12      M  M
 9  55  26  41   8  24   0    M  0.0    0  2.3 10 230   M    M   6 12      M  M
10  59  39  49  16  16   0    M  0.0    0  1.9  8 230   M    M   4 12      M  M
11  65  37  51  19  14   0    M  0.0    0  2.1 12 260   M    M   4 1      20 270
12  70  48  59  27   6   0    M  0.0    0  1.4  9 250   M    M   6 1       M  M
13  63  42  53  21  12   0    M  0.0    0  1.8  9  20   M    M   5 12      M  M
14  66  42  54  23  11   0    M  0.0    0  5.5 14 240   M    M   7 1      25 250
15  57  37  47  16  18   0    M  0.0    0  7.4 17 270   M    M   5        25 270
16  61  29  45  14  20   0    M  0.0    0  1.6  7  10   M    M   3 12      M  M
17  54  42  48  17  17   0 0.72  0.0    0  4.1 10  20   M    M   9        16 290
================================================================================
SM  950  579       336   0  0.72    T     46.3          M       89
================================================================================
AV 55.9 34.1                               2.7 FASTST   M    M   5    MAX(MPH)
                                 MISC ---->  # 17 270               # 25  310
================================================================================
NOTES:
# LAST OF SEVERAL OCCURRENCES

COLUMN 17 PEAK WIND IN M.P.H.

PRELIMINARY LOCAL CLIMATOLOGICAL DATA (WS FORM: F-6) , PAGE 2

                                          STATION:  LEWISBURG WV
                                          MONTH:    DECEMBER
                                          YEAR:     2015
                                          LATITUDE:   37 52 N
                                          LONGITUDE:  80 24 W

[TEMPERATURE DATA]      [PRECIPITATION DATA]       SYMBOLS USED IN COLUMN 16

AVERAGE MONTHLY: 45.0   TOTAL FOR MONTH:   0.72    1 = FOG OR MIST
DPTR FM NORMAL:  12.1   DPTR FM NORMAL:   -1.09    2 = FOG REDUCING VISIBILITY
HIGHEST:    70 ON 12    GRTST 24HR  0.72 ON 17-17      TO 1/4 MILE OR LESS
LOWEST:     22 ON  6, 5                            3 = THUNDER
                        SNOW, ICE PELLETS, HAIL    4 = ICE PELLETS
                        TOTAL MONTH:    T          5 = HAIL
                        GRTST 24HR    T  ON  3- 3  6 = FREEZING RAIN OR DRIZZLE
                        GRTST DEPTH:   0           7 = DUSTSTORM OR SANDSTORM:
                                                       VSBY 1/2 MILE OR LESS
                                                   8 = SMOKE OR HAZE
[NO. OF DAYS WITH]      [WEATHER - DAYS WITH]      9 = BLOWING SNOW
                                                   X = TORNADO
MAX 32 OR BELOW:   0    0.01 INCH OR MORE:   1
MAX 90 OR ABOVE:   0    0.10 INCH OR MORE:   1
MIN 32 OR BELOW:   8    0.50 INCH OR MORE:   1
MIN  0 OR BELOW:   0    1.00 INCH OR MORE:   0

[HDD (BASE 65) ]
TOTAL THIS MO.   336    CLEAR  (SCALE 0-3)   4
DPTR FM NORMAL  -211    PTCLDY (SCALE 4-7)   9
TOTAL FM JUL 1  1210    CLOUDY (SCALE 8-10)  4
DPTR FM NORMAL  -654

[CDD (BASE 65) ]
TOTAL THIS MO.     0
DPTR FM NORMAL     0    [PRESSURE DATA]
TOTAL FM JAN 1   793    HIGHEST SLP M ON M
DPTR FM NORMAL   294    LOWEST  SLP M ON M

[REMARKS]
