000
CXUS53 KTOP 230800
CF6LWC
PRELIMINARY LOCAL CLIMATOLOGICAL DATA (WS FORM: F-6)

                                          STATION:   Lawrence KS
                                          MONTH:     JANUARY
                                          YEAR:      2017
                                          LATITUDE:   39  0 N
                                          LONGITUDE:  95 13 W

  TEMPERATURE IN F:       :PCPN:    SNOW:  WIND      :SUNSHINE: SKY     :PK WND
================================================================================
1   2   3   4   5  6A  6B    7    8   9   10  11  12  13   14  15   16   17  18
                                     12Z  AVG MX 2MIN
DY MAX MIN AVG DEP HDD CDD  WTR  SNW DPTH SPD SPD DIR MIN PSBL S-S WX    SPD DR
================================================================================

 1  47  15  31   2  34   0 0.00    M    M  6.2 15  80   M    M   3 1      17  80
 2  50  38  44  15  21   0 0.11    M    M  7.0 18 330   M    M  10 12     21 320
 3  43  15  29   0  36   0 0.00    M    M 17.6 28 320   M    M   6 1      33 320
 4  24   9  17 -12  48   0 0.03    M    M  8.2 13 340   M    M   3 18     16 330
 5  16  -2   7 -22  58   0 0.03    M    M  8.7 18 300   M    M   5 1      24 310
 6  16  -8   4 -25  61   0 0.00    M    M  4.6 13 320   M    M   0        15 320
 7  25  -6  10 -19  55   0 0.00    M    M  4.3 15 320   M    M   0        17 320
 8  38  -1  19 -10  46   0 0.00    M    M  9.3 22 180   M    M   2 1      30 170
 9  48  16  32   3  33   0 0.00    M    M  9.2 23 180   M    M   0        29 190
10  56  26  41  12  24   0    T    M    M 14.4 32 270   M    M   1        38 280
11  65  22  44  15  21   0 0.00    M    M 13.6 30 320   M    M   3        35 320
12  31  17  24  -5  41   0 0.00    M    M 10.0 22 320   M    M   5        25 320
13  27  17  22  -7  43   0 0.01    M    M  8.0 15  60   M    M   6 6      21  70
14  37  26  32   3  33   0 0.00    M    M  3.8  9 350   M    M   7 18     11  20
15  33  30  32   3  33   0 0.24    M    M  6.7 12  50   M    M  10 168    14  50
16  47  33  40  11  25   0 0.51    M    M  9.3 18 280   M    M  10 1      22 280
17  44  26  35   6  30   0 0.00    M    M  6.0 13 290   M    M   7 12     16 290
18  50  22  36   7  29   0 0.00    M    M  6.2 13 140   M    M   3 12     16 150
19  48  38  43  14  22   0 0.02    M    M  5.3 12 110   M    M  10 1      14 120
20  53  37  45  16  20   0 0.01    M    M  5.7 12 160   M    M   9 12     15 160
21  58  34  46  17  19   0 0.02    M    M  4.9 14 180   M    M   7 12     17 180
22  47  28  38   8  27   0 0.00    M    M 11.0 22 330   M    M   9 18     29 320
================================================================================
SM  903  432       759   0  0.98    M    180.0          M      116
================================================================================
AV 41.1 19.6                               8.2 FASTST   M    M   5    MAX(MPH)
                                 MISC ---->  # 32 270               # 38  280
================================================================================
NOTES:
# LAST OF SEVERAL OCCURRENCES

COLUMN 17 PEAK WIND IN M.P.H.

PRELIMINARY LOCAL CLIMATOLOGICAL DATA (WS FORM: F-6) , PAGE 2

                                          STATION:  Lawrence KS
                                          MONTH:    JANUARY
                                          YEAR:     2017
                                          LATITUDE:   39  0 N
                                          LONGITUDE:  95 13 W

[TEMPERATURE DATA]      [PRECIPITATION DATA]       SYMBOLS USED IN COLUMN 16

AVERAGE MONTHLY: 30.3   TOTAL FOR MONTH:   0.98    1 = FOG OR MIST
DPTR FM NORMAL:   1.3   DPTR FM NORMAL:    0.34    2 = FOG REDUCING VISIBILITY
HIGHEST:    65 ON 11    GRTST 24HR  0.66 ON 15-16      TO 1/4 MILE OR LESS
LOWEST:     -8 ON  6                               3 = THUNDER
                        SNOW, ICE PELLETS, HAIL    4 = ICE PELLETS
                        TOTAL MONTH:    M          5 = HAIL
                        GRTST 24HR    M  ON   M    6 = FREEZING RAIN OR DRIZZLE
                        GRTST DEPTH:  M  ON   M    7 = DUSTSTORM OR SANDSTORM:
                                                       VSBY 1/2 MILE OR LESS
                                                   8 = SMOKE OR HAZE
[NO. OF DAYS WITH]      [WEATHER - DAYS WITH]      9 = BLOWING SNOW
                                                   X = TORNADO
MAX 32 OR BELOW:   6    0.01 INCH OR MORE:   9
MAX 90 OR ABOVE:   0    0.10 INCH OR MORE:   3
MIN 32 OR BELOW:  17    0.50 INCH OR MORE:   1
MIN  0 OR BELOW:   4    1.00 INCH OR MORE:   0

[HDD (BASE 65) ]
TOTAL THIS MO.   759    CLEAR  (SCALE 0-3)   9
DPTR FM NORMAL   -32    PTCLDY (SCALE 4-7)   7
TOTAL FM JUL 1  2434    CLOUDY (SCALE 8-10)  6
DPTR FM NORMAL  -400

[CDD (BASE 65) ]
TOTAL THIS MO.     0
DPTR FM NORMAL     0    [PRESSURE DATA]
TOTAL FM JAN 1     0    HIGHEST SLP M ON M
DPTR FM NORMAL     0    LOWEST  SLP 29.32 ON 10

[REMARKS]
