000
CXUS53 KDMX 300920
CF6LWD
PRELIMINARY LOCAL CLIMATOLOGICAL DATA (WS FORM: F-6)

                                          STATION:   LAMONI IA
                                          MONTH:     AUGUST
                                          YEAR:      2016
                                          LATITUDE:   40 37 N
                                          LONGITUDE:  93 56 W

  TEMPERATURE IN F:       :PCPN:    SNOW:  WIND      :SUNSHINE: SKY     :PK WND
================================================================================
1   2   3   4   5  6A  6B    7    8   9   10  11  12  13   14  15   16   17  18
                                     12Z  AVG MX 2MIN
DY MAX MIN AVG DEP HDD CDD  WTR  SNW DPTH SPD SPD DIR MIN PSBL S-S WX    SPD DR
================================================================================

 1  77  67  72  -3   0   7 2.45  0.0    0  8.9 28 330   M    M   7 13     34 330
 2  84  69  77   2   0  12 0.02  0.0    0  6.0 18 140   M    M   5 1      27 140
 3  87  65  76   1   0  11 0.00  0.0    0  5.2 12 150   M    M   4 12     15 150
 4  92  73  83   8   0  18 0.00  0.0    0  9.7 22 360   M    M   1 3      33 360
 5  81  63  72  -3   0   7 0.04  0.0    0  7.5 24 310   M    M   3 13     30 310
 6  79  61  70  -5   0   5 0.00  0.0    0  5.0 12  40   M    M   2        14  60
 7  76  62  69  -6   0   4    T  0.0    0  3.2 10  90   M    M   M        16  80
 8  79  62  71  -4   0   6 0.00  0.0    0  4.2 10 170   M    M   M        15  90
 9  88  67  78   3   0  13 0.00  0.0    0  3.3  7 150   M    M   M         M  M
10  91  72  82   7   0  17 0.00  0.0    M  8.1 15 190   M    M   1 1      20 200
11  92  69  81   6   0  16 0.34  0.0    0 10.4 31 340   M    M   2 13     39 350
12  82  68  75   1   0  10 0.59  0.0    0  7.1 16  20   M    M   6 13     20 320
13  84  62  73  -1   0   8 0.00  0.0    0  6.9 14 330   M    M   0        19  10
14  84  63  74   0   0   9 0.00  0.0    0  4.4  9 360   M    M   1        10 330
15  82  63  73  -1   0   8 0.00  0.0    0  3.6  8  40   M    M   3 12     12  40
16  83  65  74   0   0   9 0.00  0.0    0  7.2 14 190   M    M   1 1      17 180
17  86  68  77   3   0  12 0.06  0.0    0  5.9 12 220   M    M   2 13     16 220
18  88  69  79   5   0  14 0.00  0.0    0  9.1 16 220   M    M   0        22 210
19  85  67  76   2   0  11 0.76  0.0    0  8.1 22 240   M    M   1 13     33 240
20  74  58  66  -8   0   1 0.00  0.0    0 10.9 23 310   M    M   5        29 310
21  78  54  66  -7   0   1 0.00  0.0    0  6.5 15 300   M    M   1        20 300
22  79  58  69  -4   0   4 0.00  0.0    0  9.9 20 200   M    M   0        26 180
23  79  61  70  -3   0   5    T  0.0    0 10.3 15 160   M    M   5        27 150
24  81  63  72  -1   0   7 0.77  0.0    0  7.7 20 290   M    M   4 13     28 190
25  77  62  70  -2   0   5 0.29  0.0    0  5.5 15  70   M    M   5 1      22  70
26  76  61  69  -3   0   4 0.46  0.0    0  6.1 13  90   M    M   7 13     17  90
27  82  66  74   2   0   9 0.04  0.0    0  3.7 10 220   M    M   6 1      14 210
28  86  67  77   5   0  12 0.03  0.0    0  4.3 18 260   M    M   1 13     23 260
29  88  68  78   6   0  13    T  0.0    0  5.2 20  40   M    M   2 13     24  40
================================================================================
SM 2400 1873         0 258  5.85     0.0 193.9          M       75
================================================================================
AV 82.8 64.6                               6.7 FASTST   M    M   3    MAX(MPH)
                                 MISC ---->  # 31 340               # 39  350
================================================================================
NOTES:
# LAST OF SEVERAL OCCURRENCES

COLUMN 17 PEAK WIND IN M.P.H.

PRELIMINARY LOCAL CLIMATOLOGICAL DATA (WS FORM: F-6) , PAGE 2

                                          STATION:  LAMONI IA
                                          MONTH:    AUGUST
                                          YEAR:     2016
                                          LATITUDE:   40 37 N
                                          LONGITUDE:  93 56 W

[TEMPERATURE DATA]      [PRECIPITATION DATA]       SYMBOLS USED IN COLUMN 16

AVERAGE MONTHLY: 73.7   TOTAL FOR MONTH:   5.85    1 = FOG OR MIST
DPTR FM NORMAL:  -0.2   DPTR FM NORMAL:    2.02    2 = FOG REDUCING VISIBILITY
HIGHEST:    92 ON 11, 4 GRTST 24HR  2.45 ON  1- 1      TO 1/4 MILE OR LESS
LOWEST:     54 ON 21                               3 = THUNDER
                        SNOW, ICE PELLETS, HAIL    4 = ICE PELLETS
                        TOTAL MONTH:   0.0 INCH    5 = HAIL
                        GRTST 24HR     0.0         6 = FREEZING RAIN OR DRIZZLE
                        GRTST DEPTH:   0           7 = DUSTSTORM OR SANDSTORM:
                                                       VSBY 1/2 MILE OR LESS
                                                   8 = SMOKE OR HAZE
[NO. OF DAYS WITH]      [WEATHER - DAYS WITH]      9 = BLOWING SNOW
                                                   X = TORNADO
MAX 32 OR BELOW:   0    0.01 INCH OR MORE:  12
MAX 90 OR ABOVE:   3    0.10 INCH OR MORE:   7
MIN 32 OR BELOW:   0    0.50 INCH OR MORE:   4
MIN  0 OR BELOW:   0    1.00 INCH OR MORE:   1

[HDD (BASE 65) ]
TOTAL THIS MO.     0    CLEAR  (SCALE 0-3)  15
DPTR FM NORMAL     0    PTCLDY (SCALE 4-7)  11
TOTAL FM JUL 1     6    CLOUDY (SCALE 8-10)  0
DPTR FM NORMAL     4

[CDD (BASE 65) ]
TOTAL THIS MO.   258
DPTR FM NORMAL    -4    [PRESSURE DATA]
TOTAL FM JAN 1   937    HIGHEST SLP M ON M
DPTR FM NORMAL   112    LOWEST  SLP 29.70 ON 20

[REMARKS]
