000
CXUS53 KILX 222300
CF6LWV
PRELIMINARY LOCAL CLIMATOLOGICAL DATA (WS FORM: F-6)

                                          STATION:   LAWRENCEVILLE IL AIRPORT
                                          MONTH:     OCTOBER
                                          YEAR:      2014
                                          LATITUDE:   38 45 N
                                          LONGITUDE:  87 36 W

  TEMPERATURE IN F:       :PCPN:    SNOW:  WIND      :SUNSHINE: SKY     :PK WND
================================================================================
1   2   3   4   5  6A  6B    7    8   9   10  11  12  13   14  15   16   17  18
                                     12Z  AVG MX 2MIN
DY MAX MIN AVG DEP HDD CDD  WTR  SNW DPTH SPD SPD DIR MIN PSBL S-S WX    SPD DR
================================================================================

 1  86  53  70   7   0   5 0.00    M    M  5.7 13 160   M    M   1 18     17 180
 2  89  64  77  14   0  12 0.63    M    M  8.2 28 240   M    M   5 138    32 220
 3  69  42  56  -6   9   0 0.65    M    M 16.3 32 290   M    M   8 138    40 290
 4  56  38  47 -15  18   0 0.00    M    M 11.0 26 290   M    M   3        37 300
 5  68  36  52 -10  13   0    T    M    M  7.8 18 180   M    M   5        22 190
 6  73  46  60  -1   5   0 0.10    M    M  9.2 35 250   M    M   3 13     42 260
 7  75  50  63   2   2   0 0.28    M    M  8.2 24 260   M    M   6 13     30 280
 8  75  44  60   0   5   0 0.00    M    M  4.0 15 290   M    M   0        19 300
 9  65  50  58  -2   7   0 0.16    M    M  5.7 14  20   M    M   8 1      16  30
10  57  50  54  -6  11   0 0.45    M    M 10.9 21  20   M    M  10 1      26  20
11  60  46  53  -6  12   0 0.00    M    M  8.2 15  50   M    M   2        19  50
12  68  47  58  -1   7   0 0.06    M    M  7.0 13 130   M    M   9 1      15 140
13  77  62  70  11   0   5 0.88    M    M 16.5 31 160   M    M   8 1      37 150
14  65  54  60   2   5   0 0.44    M    M 13.8 25 200   M    M  10 1      36 210
15  58  53  56  -2   9   0 0.28    M    M 10.0 21 310   M    M  10 1      25 300
16  60  49  55  -3  10   0 0.00    M    M  7.7 13 210   M    M   8 1      14 280
17  73  48  61   4   4   0 0.00    M    M 11.5 23 280   M    M   3 1      29 280
18  60  45  53  -4  12   0 0.00    M    M 10.9 20 330   M    M   8        24 330
19  55  44  50  -7  15   0 0.00    M    M  3.5 13 260   M    M   7 18     15 250
20  74  46  60   4   5   0    T    M    M  9.4 21 290   M    M   3 1      31 310
21  65  42  54  -2  11   0 0.00    M    M  8.4 20  30   M    M   3 18     23  10
================================================================================
SM 1428 1009       160  22  3.93    M    193.9          M      120
================================================================================
AV 68.0 48.0                               9.2 FASTST   M    M   6    MAX(MPH)
                                 MISC ---->  # 35 250               # 42  260
================================================================================
NOTES:
# LAST OF SEVERAL OCCURRENCES

COLUMN 17 PEAK WIND IN M.P.H.

PRELIMINARY LOCAL CLIMATOLOGICAL DATA (WS FORM: F-6) , PAGE 2

                                          STATION:  LAWRENCEVILLE IL AIRPORT
                                          MONTH:    OCTOBER
                                          YEAR:     2014
                                          LATITUDE:   38 45 N
                                          LONGITUDE:  87 36 W

[TEMPERATURE DATA]      [PRECIPITATION DATA]       SYMBOLS USED IN COLUMN 16

AVERAGE MONTHLY: 58.0   TOTAL FOR MONTH:   3.93    1 = FOG OR MIST
DPTR FM NORMAL:  -1.4   DPTR FM NORMAL:    1.06    2 = FOG REDUCING VISIBILITY
HIGHEST:    89 ON  2    GRTST 24HR  1.11 ON 13-14      TO 1/4 MILE OR LESS
LOWEST:     36 ON  5                               3 = THUNDER
                        SNOW, ICE PELLETS, HAIL    4 = ICE PELLETS
                        TOTAL MONTH:    M          5 = HAIL
                        GRTST 24HR    M  ON   M    6 = FREEZING RAIN OR DRIZZLE
                        GRTST DEPTH:  M  ON   M    7 = DUSTSTORM OR SANDSTORM:
                                                       VSBY 1/2 MILE OR LESS
                                                   8 = SMOKE OR HAZE
[NO. OF DAYS WITH]      [WEATHER - DAYS WITH]      9 = BLOWING SNOW
                                                   X = TORNADO
MAX 32 OR BELOW:   0    0.01 INCH OR MORE:  10
MAX 90 OR ABOVE:   0    0.10 INCH OR MORE:   9
MIN 32 OR BELOW:   0    0.50 INCH OR MORE:   3
MIN  0 OR BELOW:   0    1.00 INCH OR MORE:   0

[HDD (BASE 65) ]
TOTAL THIS MO.   160    CLEAR  (SCALE 0-3)   7
DPTR FM NORMAL    14    PTCLDY (SCALE 4-7)   8
TOTAL FM JUL 1   220    CLOUDY (SCALE 8-10)  6
DPTR FM NORMAL    35

[CDD (BASE 65) ]
TOTAL THIS MO.    22
DPTR FM NORMAL    -9    [PRESSURE DATA]
TOTAL FM JAN 1  1213    HIGHEST SLP M ON M
DPTR FM NORMAL  -172    LOWEST  SLP 29.50 ON 14

[REMARKS]
