000
CXUS53 KGID 190730
CF6LXN
PRELIMINARY LOCAL CLIMATOLOGICAL DATA (WS FORM: F-6)

                                          STATION:   LEXINGTON
                                          MONTH:     JANUARY
                                          YEAR:      2018
                                          LATITUDE:   40 47 N
                                          LONGITUDE:  99 46 W

  TEMPERATURE IN F:       :PCPN:    SNOW:  WIND      :SUNSHINE: SKY     :PK WND
================================================================================
1   2   3   4   5  6A  6B    7    8   9   10  11  12  13   14  15   16   17  18
                                     12Z  AVG MX 2MIN
DY MAX MIN AVG DEP HDD CDD  WTR  SNW DPTH SPD SPD DIR MIN PSBL S-S WX    SPD DR
================================================================================

 1   9  -5   2   M  63   0    T    M    M  5.1 10 150   M    M   7         M  M
 2  22 -13   5   M  60   0 0.00    M    M  5.8 13 260   M    M   1         M  M
 3  28   9  19   M  46   0 0.00    M    M  6.6 12 300   M    M   1         M  M
 4  36   7  22   M  43   0 0.00    M    M  4.4 10 220   M    M   2 2       M  M
 5  17   9  13   M  52   0    T    M    M  5.8 12  90   M    M   5 18      M  M
 6  29   8  19   M  46   0 0.00    M    M  8.6 14 170   M    M   2         M  M
 7  46  21  34   M  31   0    T    M    M  9.4 16 300   M    M   2         M  M
 8  51  22  37   M  28   0 0.00    M    M  5.3  9 160   M    M   0         M  M
 9  54  33  44   M  21   0 0.00    M    M  5.3  8 220   M    M   0         M  M
10  47  18  33   M  32   0    M    M    M  7.6 36 340   M    M   2        43 340
11  18   3  11   M  54   0    M    M    M 17.1 25 350   M    M   2        31 350
12  12   1   7   M  58   0    T    M    M  7.8 13 110   M    M   9         M  M
13  19   4  12   M  53   0    M    M    M  6.9 12 160   M    M  10         M  M
14  40  10  25   M  40   0    M    M    M  8.1 24 350   M    M   7 12     31 350
15  28   2  15   M  50   0 0.00    M    M 18.1 25 360   M    M   2        31 340
16  17  -3   7   M  58   0 0.00    M    M  8.6 16 330   M    M   0        21 330
17  38   8  23   M  42   0 0.00    M    M  6.1 13 200   M    M   0        17 200
18  48  14  31   M  34   0 0.00    M    M  3.2  9 250   M    M   0         M  M
================================================================================
SM  559  148       811   0    T     M    139.8          M       52
================================================================================
AV 31.1  8.2                               7.8 FASTST   M    M   3    MAX(MPH)
                                 MISC ---->  # 36 340               # 43  340
================================================================================
NOTES:
# LAST OF SEVERAL OCCURRENCES

COLUMN 17 PEAK WIND IN M.P.H.

PRELIMINARY LOCAL CLIMATOLOGICAL DATA (WS FORM: F-6) , PAGE 2

                                          STATION:  LEXINGTON
                                          MONTH:    JANUARY
                                          YEAR:     2018
                                          LATITUDE:   40 47 N
                                          LONGITUDE:  99 46 W

[TEMPERATURE DATA]      [PRECIPITATION DATA]       SYMBOLS USED IN COLUMN 16

AVERAGE MONTHLY: 19.6   TOTAL FOR MONTH:      T    1 = FOG OR MIST
DPTR FM NORMAL:     M   DPTR FM NORMAL:       M    2 = FOG REDUCING VISIBILITY
HIGHEST:    54 ON  9    GRTST 24HR    T  ON 12-12      TO 1/4 MILE OR LESS
LOWEST:    -13 ON  2                               3 = THUNDER
                        SNOW, ICE PELLETS, HAIL    4 = ICE PELLETS
                        TOTAL MONTH:    M          5 = HAIL
                        GRTST 24HR    M  ON   M    6 = FREEZING RAIN OR DRIZZLE
                        GRTST DEPTH:  M  ON   M    7 = DUSTSTORM OR SANDSTORM:
                                                       VSBY 1/2 MILE OR LESS
                                                   8 = SMOKE OR HAZE
[NO. OF DAYS WITH]      [WEATHER - DAYS WITH]      9 = BLOWING SNOW
                                                   X = TORNADO
MAX 32 OR BELOW:  10    0.01 INCH OR MORE:   0
MAX 90 OR ABOVE:   0    0.10 INCH OR MORE:   0
MIN 32 OR BELOW:  17    0.50 INCH OR MORE:   0
MIN  0 OR BELOW:   3    1.00 INCH OR MORE:   0

[HDD (BASE 65) ]
TOTAL THIS MO.   811    CLEAR  (SCALE 0-3)  13
DPTR FM NORMAL     M    PTCLDY (SCALE 4-7)   3
TOTAL FM JUL 1  3176    CLOUDY (SCALE 8-10)  2
DPTR FM NORMAL     M

[CDD (BASE 65) ]
TOTAL THIS MO.     0
DPTR FM NORMAL     M    [PRESSURE DATA]
TOTAL FM JAN 1     0    HIGHEST SLP M ON M
DPTR FM NORMAL     M    LOWEST  SLP M ON M

[REMARKS]
