000
CXUS55 KEAX 290736
CF6LXT
PRELIMINARY LOCAL CLIMATOLOGICAL DATA (WS FORM: F-6)

                                          STATION:   Lee`s Summit MO
                                          MONTH:     JUNE
                                          YEAR:      2015
                                          LATITUDE:   38 57 N
                                          LONGITUDE:  94 22 W

  TEMPERATURE IN F:       :PCPN:    SNOW:  WIND      :SUNSHINE: SKY     :PK WND
================================================================================
1   2   3   4   5  6A  6B    7    8   9   10  11  12  13   14  15   16   17  18
                                     12Z  AVG MX 2MIN
DY MAX MIN AVG DEP HDD CDD  WTR  SNW DPTH SPD SPD DIR MIN PSBL S-S WX    SPD DR
================================================================================

 1  64  57  61  -8   4   0 0.00    M    M  6.7 13 100   M    M   9        15 100
 2  74  58  66  -4   0   1 0.00    M    M  7.1 13 110   M    M   7        17 120
 3  72  63  68  -2   0   3 1.47    M    M  8.3 24 320   M    M   4 13     32 320
 4  78  65  72   2   0   7 0.09    M    M  7.9 20 330   M    M   5 13     28 170
 5  83  63  73   3   0   8 0.53    M    M  5.1 20 320   M    M   4 13     28 300
 6  84  66  75   4   0  10 0.04    M    M  6.3 16 350   M    M   2 13     21 350
 7  90  71  81  10   0  16 0.20    M    M 13.3 24 220   M    M   1 13     32 330
 8  87  66  77   6   0  12 0.16    M    M  6.2 15 270   M    M   1 13     20 270
 9  91  66  79   7   0  14 0.00    M    M  6.5 12 210   M    M   0        16 230
10  93  74  84  12   0  19 0.00    M    M  9.5 16 230   M    M   0        20 220
11  90  74  82  10   0  17    T    M    M 10.6 23 190   M    M   0        33 220
12  79  69  74   1   0   9 0.00    M    M  5.8 13 340   M    M   6        16 310
13  78  69  74   1   0   9 0.19    M    M  4.2  9 180   M    M   7 1      13 180
14  85  71  78   5   0  13 0.18    M    M  6.7 20 190   M    M   5 138    26 200
15  82  70  76   3   0  11 0.07    M    M  8.2 14 220   M    M   6 13     18 230
16  77  67  72  -2   0   7 0.01    M    M  7.4 13  30   M    M   9         M  M
17  84  72  78   4   0  13 0.08    M    M  8.0 15 220   M    M   4 13     19 220
18  85  72  79   5   0  14    T    M    M  6.8 17  70   M    M   3 3      22  80
19  84  64  74   0   0   9 0.00    M    M  7.6 14  20   M    M   1        18  10
20  95  67  81   6   0  16 0.00    M    M 12.1 24 230   M    M   0        31 220
21  86  72  79   4   0  14 0.01    M    M  8.9 23 140   M    M   2 3      32 140
22  92  74  83   8   0  18 0.00    M    M 14.6 28 220   M    M   2        35 220
23  81  66  74  -2   0   9 0.12    M    M  8.1 15 300   M    M   4 13     21 300
24  93  66  80   4   0  15 0.00    M    M 10.6 21 180   M    M   1        30 180
25  95  73  84   8   0  19    T    M    M 12.6 22 230   M    M   1 3      27 220
26  82  65  74  -2   0   9    M    M    M  8.2 47 350   M    M   6 13     61 330
27  82  62  72  -4   0   7 0.00    M    M  6.9 13  30   M    M   1        17  40
28  87  66  77   1   0  12 0.00    M    M  9.1 21 230   M    M   1        28 240
================================================================================
SM 2353 1888         4 311  3.15    M    233.3          M       92
================================================================================
AV 84.0 67.4                               8.3 FASTST   M    M   3    MAX(MPH)
                                 MISC ---->  # 47 350               # 61  330
================================================================================
NOTES:
# LAST OF SEVERAL OCCURRENCES

COLUMN 17 PEAK WIND IN M.P.H.

PRELIMINARY LOCAL CLIMATOLOGICAL DATA (WS FORM: F-6) , PAGE 2

                                          STATION:  Lee`s Summit MO
                                          MONTH:    JUNE
                                          YEAR:     2015
                                          LATITUDE:   38 57 N
                                          LONGITUDE:  94 22 W

[TEMPERATURE DATA]      [PRECIPITATION DATA]       SYMBOLS USED IN COLUMN 16

AVERAGE MONTHLY: 75.7   TOTAL FOR MONTH:   3.15    1 = FOG OR MIST
DPTR FM NORMAL:   2.6   DPTR FM NORMAL:   -2.82    2 = FOG REDUCING VISIBILITY
HIGHEST:    95 ON 25,20 GRTST 24HR  1.49 ON  3- 4      TO 1/4 MILE OR LESS
LOWEST:     57 ON  1                               3 = THUNDER
                        SNOW, ICE PELLETS, HAIL    4 = ICE PELLETS
                        TOTAL MONTH:    M          5 = HAIL
                        GRTST 24HR    M  ON   M    6 = FREEZING RAIN OR DRIZZLE
                        GRTST DEPTH:  M  ON   M    7 = DUSTSTORM OR SANDSTORM:
                                                       VSBY 1/2 MILE OR LESS
                                                   8 = SMOKE OR HAZE
[NO. OF DAYS WITH]      [WEATHER - DAYS WITH]      9 = BLOWING SNOW
                                                   X = TORNADO
MAX 32 OR BELOW:   0    0.01 INCH OR MORE:  13
MAX 90 OR ABOVE:   8    0.10 INCH OR MORE:   7
MIN 32 OR BELOW:   0    0.50 INCH OR MORE:   2
MIN  0 OR BELOW:   0    1.00 INCH OR MORE:   1

[HDD (BASE 65) ]
TOTAL THIS MO.     4    CLEAR  (SCALE 0-3)  15
DPTR FM NORMAL     0    PTCLDY (SCALE 4-7)  11
TOTAL FM JUL 1  4839    CLOUDY (SCALE 8-10)  2
DPTR FM NORMAL  -205

[CDD (BASE 65) ]
TOTAL THIS MO.   311
DPTR FM NORMAL    77    [PRESSURE DATA]
TOTAL FM JAN 1   406    HIGHEST SLP  0.00 ON M
DPTR FM NORMAL    80    LOWEST  SLP  0.00 ON M

[REMARKS]
