757
CXUS55 KPUB 301059
CF6LXV
PRELIMINARY LOCAL CLIMATOLOGICAL DATA (WS FORM: F-6)

                                          STATION:   LEADVILLE CO
                                          MONTH:     APRIL
                                          YEAR:      2016
                                          LATITUDE:   39 15 N
                                          LONGITUDE: 106 18 W

  TEMPERATURE IN F:       :PCPN:    SNOW:  WIND      :SUNSHINE: SKY     :PK WND
================================================================================
1   2   3   4   5  6A  6B    7    8   9   10  11  12  13   14  15   16   17  18
                                     12Z  AVG MX 2MIN
DY MAX MIN AVG DEP HDD CDD  WTR  SNW DPTH SPD SPD DIR MIN PSBL S-S WX    SPD DR
================================================================================

 1  31  -1  15 -12  50   0 0.00  0.0    M  9.9 21 360   M    M   1        29  10
 2  43   7  25  -3  40   0 0.00  0.0    M  4.8 17 290   M    M   1        24 320
 3  45  19  32   4  33   0 0.00  0.0    M  8.4 20 290   M    M   1        24 300
 4  49  18  34   6  31   0 0.00  0.0    M  4.9 17 190   M    M   1        22 220
 5  39  13  26  -2  39   0    M    M    M  8.3 25 360   M    M   5 1238   36 350
 6  45  12  29   1  36   0 0.00  0.0    M 11.2 25 300   M    M   0        32 330
 7  51  21  36   7  29   0 0.00  0.0    M  6.1 17 360   M    M   0        22 340
 8  50  20  35   6  30   0 0.00  0.0    M  6.0 18 140   M    M   2        24 140
 9  46  28  37   8  28   0 0.02    M    M  9.1 25 290   M    M   7 12     35 300
10  46  27  37   8  28   0 0.00  0.0    M  9.5 18 300   M    M   4        25 290
11  46  25  36   6  29   0    T    M    M  4.3 18 300   M    M   6 1      23 300
12  45  24  35   5  30   0 0.18    M    M  4.0 18  20   M    M   8 128    25 360
13  50  20  35   5  30   0 0.00  0.0    M  4.3 18 300   M    M   4 12     22 290
14  49  23  36   6  29   0    T    M    M  6.6 26 190   M    M   6        35 200
15  42  26  34   3  31   0 0.58    M    M  7.4 22 150   M    M   7 12     28 150
16  28  19  24  -7  41   0 0.56    M    M  6.8 16 180   M    M  10 12     20 360
17  27  18  23  -8  42   0 0.03    M    M  7.0 16 180   M    M   9 1      18 190
18  34  19  27  -5  38   0 0.31    M    M  5.9 15 190   M    M  10 12     19 260
19  35  19  27  -5  38   0 0.02    M    M  7.0 17 270   M    M   8 1      23 270
20  40  25  33   1  32   0    T    M    M  8.5 23 290   M    M   7 1      28 290
21  50  20  35   3  30   0 0.00  0.0    M  5.0 15  10   M    M   2        18 360
22  55  21  38   5  27   0 0.00  0.0    M  5.5 20 200   M    M   1        26 190
23  54  24  39   6  26   0 0.05    M    M  9.5 35 170   M    M   3 1      52 170
24  42  24  33  -1  32   0    T    M    M  8.1 22 330   M    M   7 1      31 330
25  50  23  37   3  28   0 0.09    M    M  9.2 31 170   M    M   4 12     47 170
26  33  16  25  -9  40   0 0.01    M    M  6.3 20 310   M    M   7 1      25 310
27  40  22  31  -3  34   0    T    M    M  6.8 21 260   M    M   9 1      30 260
28  37  25  31  -4  34   0 0.06    M    M 11.6 26 180   M    M  10 12     32 180
29  32  22  27  -8  38   0 0.38    M    M  8.1 15 180   M    M   7 128    19 180
================================================================================
SM 1234  579       973   0  2.29     0.0 210.1          M      147
================================================================================
AV 42.6 20.0                               7.2 FASTST   M    M   5    MAX(MPH)
                                 MISC ---->  # 35 170               # 52  170
================================================================================
NOTES:
# LAST OF SEVERAL OCCURRENCES

COLUMN 17 PEAK WIND IN M.P.H.

PRELIMINARY LOCAL CLIMATOLOGICAL DATA (WS FORM: F-6) , PAGE 2

                                          STATION:  LEADVILLE CO
                                          MONTH:    APRIL
                                          YEAR:     2016
                                          LATITUDE:   39 15 N
                                          LONGITUDE: 106 18 W

[TEMPERATURE DATA]      [PRECIPITATION DATA]       SYMBOLS USED IN COLUMN 16

AVERAGE MONTHLY: 31.3   TOTAL FOR MONTH:   2.29    1 = FOG OR MIST
DPTR FM NORMAL:   0.4   DPTR FM NORMAL:    1.26    2 = FOG REDUCING VISIBILITY
HIGHEST:    55 ON 22    GRTST 24HR  0.77 ON  4- 5      TO 1/4 MILE OR LESS
LOWEST:     -1 ON  1                               3 = THUNDER
                        SNOW, ICE PELLETS, HAIL    4 = ICE PELLETS
                        TOTAL MONTH:   0.0 INCH    5 = HAIL
                        GRTST 24HR     0.0         6 = FREEZING RAIN OR DRIZZLE
                        GRTST DEPTH:  M  ON   M    7 = DUSTSTORM OR SANDSTORM:
                                                       VSBY 1/2 MILE OR LESS
                                                   8 = SMOKE OR HAZE
[NO. OF DAYS WITH]      [WEATHER - DAYS WITH]      9 = BLOWING SNOW
                                                   X = TORNADO
MAX 32 OR BELOW:   4    0.01 INCH OR MORE:  12
MAX 90 OR ABOVE:   0    0.10 INCH OR MORE:   5
MIN 32 OR BELOW:  29    0.50 INCH OR MORE:   2
MIN  0 OR BELOW:   1    1.00 INCH OR MORE:   0

[HDD (BASE 65) ]
TOTAL THIS MO.   973    CLEAR  (SCALE 0-3)   9
DPTR FM NORMAL   -16    PTCLDY (SCALE 4-7)  14
TOTAL FM JUL 1  9603    CLOUDY (SCALE 8-10)  6
DPTR FM NORMAL  -369

[CDD (BASE 65) ]
TOTAL THIS MO.     0
DPTR FM NORMAL     0    [PRESSURE DATA]
TOTAL FM JAN 1     0    HIGHEST SLP M ON M
DPTR FM NORMAL     0    LOWEST  SLP 29.48 ON 15

[REMARKS]
