000
CXUS55 KPUB 181159
CF6LXV
PRELIMINARY LOCAL CLIMATOLOGICAL DATA (WS FORM: F-6)

                                          STATION:   LEADVILLE CO
                                          MONTH:     JANUARY
                                          YEAR:      2018
                                          LATITUDE:   39 15 N
                                          LONGITUDE: 106 18 W

  TEMPERATURE IN F:       :PCPN:    SNOW:  WIND      :SUNSHINE: SKY     :PK WND
================================================================================
1   2   3   4   5  6A  6B    7    8   9   10  11  12  13   14  15   16   17  18
                                     12Z  AVG MX 2MIN
DY MAX MIN AVG DEP HDD CDD  WTR  SNW DPTH SPD SPD DIR MIN PSBL S-S WX    SPD DR
================================================================================

 1  36   5  21   5  44   0 0.00  0.0    M  8.7 18 320   M    M   3        30 310
 2  31   0  16  -1  49   0 0.00  0.0    M 10.3 22  20   M    M   0        32  20
 3  40   4  22   5  43   0 0.00  0.0    M  7.9 16 360   M    M   0        25 360
 4  41   6  24   7  41   0 0.00  0.0    M  6.6 13 310   M    M   0        17 320
 5  40  12  26   9  39   0 0.00  0.0    M  6.7 16 310   M    M   3        24 340
 6  39  19  29  12  36   0 0.10    M    M  8.4 17 300   M    M   5 18     24 340
 7  29  13  21   4  44   0 0.02    M    M  8.6 17 360   M    M   5 1      25 350
 8  51  10  31  14  34   0 0.00  0.0    M  6.1 20 360   M    M   2        28 340
 9  44  31  38  21  27   0    T    M    M  8.4 21 260   M    M   6 1      32 160
10  37  16  27  10  38   0 0.06    M    M 10.3 33  10   M    M   8 128    47  20
11  20   8  14  -3  51   0    T    M    M 10.2 24 310   M    M   8 189    33 310
12  25  14  20   3  45   0 0.27    M    M  9.1 18 320   M    M  10 128    31 330
13  29   7  18   1  47   0    T    M    M  9.4 26 320   M    M   5 18     36 330
14  37   9  23   6  42   0 0.00  0.0    M 10.0 23 310   M    M   0        30 320
15  32   4  18   1  47   0 0.00  0.0    M  9.2 22  20   M    M   1        33  10
16  33 -11  11  -6  54   0 0.00  0.0    M  6.9 16 310   M    M   0        21 330
17  36   2  19   2  46   0 0.00  0.0    M  8.9 18  10   M    M   0        24 360
================================================================================
SM  600  149       727   0  0.45     0.0 145.7          M       56
================================================================================
AV 35.3  8.8                               8.6 FASTST   M    M   3    MAX(MPH)
                                 MISC ---->  # 33  10               # 47   20
================================================================================
NOTES:
# LAST OF SEVERAL OCCURRENCES

COLUMN 17 PEAK WIND IN M.P.H.

PRELIMINARY LOCAL CLIMATOLOGICAL DATA (WS FORM: F-6) , PAGE 2

                                          STATION:  LEADVILLE CO
                                          MONTH:    JANUARY
                                          YEAR:     2018
                                          LATITUDE:   39 15 N
                                          LONGITUDE: 106 18 W

[TEMPERATURE DATA]      [PRECIPITATION DATA]       SYMBOLS USED IN COLUMN 16

AVERAGE MONTHLY: 22.0   TOTAL FOR MONTH:   0.45    1 = FOG OR MIST
DPTR FM NORMAL:   5.1   DPTR FM NORMAL:    0.10    2 = FOG REDUCING VISIBILITY
HIGHEST:    51 ON  8    GRTST 24HR  0.27 ON 12-12      TO 1/4 MILE OR LESS
LOWEST:    -11 ON 16                               3 = THUNDER
                        SNOW, ICE PELLETS, HAIL    4 = ICE PELLETS
                        TOTAL MONTH:   0.0 INCH    5 = HAIL
                        GRTST 24HR     0.0         6 = FREEZING RAIN OR DRIZZLE
                        GRTST DEPTH:  M  ON   M    7 = DUSTSTORM OR SANDSTORM:
                                                       VSBY 1/2 MILE OR LESS
                                                   8 = SMOKE OR HAZE
[NO. OF DAYS WITH]      [WEATHER - DAYS WITH]      9 = BLOWING SNOW
                                                   X = TORNADO
MAX 32 OR BELOW:   6    0.01 INCH OR MORE:   4
MAX 90 OR ABOVE:   0    0.10 INCH OR MORE:   2
MIN 32 OR BELOW:  17    0.50 INCH OR MORE:   0
MIN  0 OR BELOW:   2    1.00 INCH OR MORE:   0

[HDD (BASE 65) ]
TOTAL THIS MO.   727    CLEAR  (SCALE 0-3)  10
DPTR FM NORMAL   -89    PTCLDY (SCALE 4-7)   6
TOTAL FM JUL 1  5059    CLOUDY (SCALE 8-10)  1
DPTR FM NORMAL  -658

[CDD (BASE 65) ]
TOTAL THIS MO.     0
DPTR FM NORMAL     0    [PRESSURE DATA]
TOTAL FM JAN 1     0    HIGHEST SLP M ON M
DPTR FM NORMAL     0    LOWEST  SLP 29.41 ON 10

[REMARKS]
