000
CXUS51 KRNK 180750
CF6LYH
PRELIMINARY LOCAL CLIMATOLOGICAL DATA (WS FORM: F-6)

                                          STATION:   LYNCHBURG VA
                                          MONTH:     JANUARY
                                          YEAR:      2017
                                          LATITUDE:   37 19 N
                                          LONGITUDE:  79 12 W

  TEMPERATURE IN F:       :PCPN:    SNOW:  WIND      :SUNSHINE: SKY     :PK WND
================================================================================
1   2   3   4   5  6A  6B    7    8   9   10  11  12  13   14  15   16   17  18
                                     12Z  AVG MX 2MIN
DY MAX MIN AVG DEP HDD CDD  WTR  SNW DPTH SPD SPD DIR MIN PSBL S-S WX    SPD DR
================================================================================

 1  57  34  46  11  19   0 0.05  0.0    0  4.6 10 220   M    M   6 1      14 220
 2  47  42  45  10  20   0 0.26  0.0    0  9.2 14  40   M    M  10 1      19  30
 3  47  41  44   9  21   0 0.44  0.0    0  6.9 15  60   M    M  10 12     17  60
 4  53  32  43   8  22   0 0.00  0.0    0  7.2 16 270   M    M   4 12     26 310
 5  36  28  32  -3  33   0    T    T    0  2.1  9 210   M    M   7        12 200
 6  35  27  31  -4  34   0 0.12  1.0    1  3.8 12  40   M    M  10 1      14  40
 7  27  12  20 -15  45   0 0.52  4.9    5  8.3 18  30   M    M   6 12     23  20
 8  24   2  13 -22  52   0 0.00  0.0    5  4.7 13 300   M    M   0        22 280
 9  23   0  12 -23  53   0 0.00  0.0    4  3.6 14 190   M    M   1        17 190
10  37  15  26  -9  39   0    T  0.0    3  5.8 14 180   M    M   4        18 210
11  48  31  40   5  25   0 0.01  0.0    1  4.2 12 170   M    M   6 1      13 160
12  66  42  54  19  11   0 0.00  0.0    0 10.1 22 200   M    M   1 1      28 200
13  65  46  56  21   9   0    T  0.0    0  6.3 16  40   M    M   7        21  40
14  46  35  41   6  24   0    T  0.0    0  5.2 15  50   M    M  10        19  60
15  48  36  42   7  23   0 0.06  0.0    0  3.2  9  50   M    M   8 1      10  50
16  47  37  42   7  23   0 0.07  0.0    0  1.0  7 190   M    M   8 1      12 170
17  55  37  46  11  19   0 0.10  0.0    0  6.3 15 200   M    M   8 1      21 200
================================================================================
SM  761  497       472   0  1.63     5.9  92.5          M      106
================================================================================
AV 44.8 29.2                               5.4 FASTST   M    M   6    MAX(MPH)
                                 MISC ---->  # 22 200               # 28  200
================================================================================
NOTES:
# LAST OF SEVERAL OCCURRENCES

COLUMN 17 PEAK WIND IN M.P.H.

PRELIMINARY LOCAL CLIMATOLOGICAL DATA (WS FORM: F-6) , PAGE 2

                                          STATION:  LYNCHBURG VA
                                          MONTH:    JANUARY
                                          YEAR:     2017
                                          LATITUDE:   37 19 N
                                          LONGITUDE:  79 12 W

[TEMPERATURE DATA]      [PRECIPITATION DATA]       SYMBOLS USED IN COLUMN 16

AVERAGE MONTHLY: 37.0   TOTAL FOR MONTH:   1.63    1 = FOG OR MIST
DPTR FM NORMAL:   2.0   DPTR FM NORMAL:   -0.08    2 = FOG REDUCING VISIBILITY
HIGHEST:    66 ON 12    GRTST 24HR  0.64 ON  6- 7      TO 1/4 MILE OR LESS
LOWEST:      0 ON  9                               3 = THUNDER
                        SNOW, ICE PELLETS, HAIL    4 = ICE PELLETS
                        TOTAL MONTH:   5.9 INCHES  5 = HAIL
                        GRTST 24HR   4.9 ON   M    6 = FREEZING RAIN OR DRIZZLE
                        GRTST DEPTH:   5 ON  8, 7  7 = DUSTSTORM OR SANDSTORM:
                                                       VSBY 1/2 MILE OR LESS
                                                   8 = SMOKE OR HAZE
[NO. OF DAYS WITH]      [WEATHER - DAYS WITH]      9 = BLOWING SNOW
                                                   X = TORNADO
MAX 32 OR BELOW:   3    0.01 INCH OR MORE:   9
MAX 90 OR ABOVE:   0    0.10 INCH OR MORE:   5
MIN 32 OR BELOW:   8    0.50 INCH OR MORE:   1
MIN  0 OR BELOW:   1    1.00 INCH OR MORE:   0

[HDD (BASE 65) ]
TOTAL THIS MO.   472    CLEAR  (SCALE 0-3)   3
DPTR FM NORMAL   -38    PTCLDY (SCALE 4-7)  10
TOTAL FM JUL 1  1911    CLOUDY (SCALE 8-10)  4
DPTR FM NORMAL  -344

[CDD (BASE 65) ]
TOTAL THIS MO.     0
DPTR FM NORMAL     0    [PRESSURE DATA]
TOTAL FM JAN 1     0    HIGHEST SLP M ON M
DPTR FM NORMAL     0    LOWEST  SLP 29.61 ON  3

[REMARKS]
