000
CXUS51 KRNK 010947
CF6LYH
PRELIMINARY LOCAL CLIMATOLOGICAL DATA (WS FORM: F-6)

                                          STATION:   LYNCHBURG VA
                                          MONTH:     FEBRUARY
                                          YEAR:      2015
                                          LATITUDE:   37 19 N
                                          LONGITUDE:  79 12 W

  TEMPERATURE IN F:       :PCPN:    SNOW:  WIND      :SUNSHINE: SKY     :PK WND
================================================================================
1   2   3   4   5  6A  6B    7    8   9   10  11  12  13   14  15   16   17  18
                                     12Z  AVG MX 2MIN
DY MAX MIN AVG DEP HDD CDD  WTR  SNW DPTH SPD SPD DIR MIN PSBL S-S WX    SPD DR
================================================================================

 1  48  30  39   3  26   0 0.06  0.0    0  2.9 16 190   M    M   8        21 190
 2  50  24  37   1  28   0 0.14  0.0    0  7.8 24 300   M    M   6 1      42 320
 3  39  16  28  -8  37   0 0.00  0.0    0  3.3 10 230   M    M   0        14 220
 4  53  21  37   1  28   0 0.00  0.0    0  7.1 17 210   M    M   0        22 180
 5  42  15  29  -7  36   0 0.00  0.0    0  6.4 15 330   M    M   1        29 340
 6  41   9  25 -12  40   0 0.00  0.0    0  4.4 14 210   M    M   0        19 210
 7  58  24  41   4  24   0 0.00  0.0    0  8.1 21 210   M    M   1        28 210
 8  67  32  50  13  15   0 0.00  0.0    0  7.9 23 200   M    M   0        28 200
 9  65  37  51  14  14   0 0.01  0.0    0  8.0 18  40   M    M   9 1      23  40
10  47  29  38   1  27   0 0.04  0.0    0 10.9 21  30   M    M   6 1      26  30
11  51  23  37   0  28   0 0.00  0.0    0  2.7 10 180   M    M   0        13 170
12  45  20  33  -5  32   0    T    T    0  9.0 23 300   M    M   5        35 300
13  31  16  24 -14  41   0 0.00  0.0    0  3.6 15 360   M    M   0        22  20
14  47  15  31  -7  34   0    T  0.3    T 11.9 29 300   M    M   6 1      45 300
15  25   8  17 -21  48   0 0.00  0.0    0  8.6 22 320   M    M   0        36 320
16  18  12  15 -23  50   0 0.78  7.2    7  3.5  9  60   M    M   9 12     16 350
17  34  13  24 -14  41   0 0.24  1.8    7  2.5  9  30   M    M   3 1      12  30
18  34   2  18 -21  47   0 0.01    T    6  6.0 20 210   M    M   3 1      27 280
19  15   2   9 -30  56   0    T    T    6  7.1 16 260   M    M   0        24 250
20  18 -11   4 -35  61   0 0.00  0.0    5  4.4 12 260   M    M   0        17 270
21  31   3  17 -22  48   0 0.69  6.0   11  2.4 10 200   M    M   8 126    13 200
22  51  31  41   1  24   0 0.15  0.0    5  3.0 10 190   M    M   3 16     13 190
23  41  24  33  -7  32   0 0.00  0.0    3  6.3 15 360   M    M   5 1      21 350
24  27  17  22 -18  43   0 0.00    T    2  5.5 12 190   M    M   6        14 190
25  41  16  29 -11  36   0    T    T    1  3.1 10 100   M    M   1        12 230
26  35  28  32  -8  33   0 0.40  5.0    5  6.3 18  40   M    M  10 1      23  40
27  37  18  28 -13  37   0 0.00  0.0    4  5.1 13 280   M    M   1 12     18 270
28  32  18  25 -16  40   0 0.00  0.0    3  4.2 13  50   M    M   4        17  50
================================================================================
SM 1123  492      1006   0  2.52    20.3 162.0          M       95
================================================================================
AV 40.1 17.6                               5.8 FASTST   M    M   3    MAX(MPH)
                                 MISC ---->  # 29 300               # 45  300
================================================================================
NOTES:
# LAST OF SEVERAL OCCURRENCES

COLUMN 17 PEAK WIND IN M.P.H.

PRELIMINARY LOCAL CLIMATOLOGICAL DATA (WS FORM: F-6) , PAGE 2

                                          STATION:  LYNCHBURG VA
                                          MONTH:    FEBRUARY
                                          YEAR:     2015
                                          LATITUDE:   37 19 N
                                          LONGITUDE:  79 12 W

[TEMPERATURE DATA]      [PRECIPITATION DATA]       SYMBOLS USED IN COLUMN 16

AVERAGE MONTHLY: 28.8   TOTAL FOR MONTH:   2.52    1 = FOG OR MIST
DPTR FM NORMAL:  -9.4   DPTR FM NORMAL:   -0.41    2 = FOG REDUCING VISIBILITY
HIGHEST:    67 ON  8    GRTST 24HR  1.02 ON 16-17      TO 1/4 MILE OR LESS
LOWEST:    -11 ON 20                               3 = THUNDER
                        SNOW, ICE PELLETS, HAIL    4 = ICE PELLETS
                        TOTAL MONTH:  20.3 INCHES  5 = HAIL
                        GRTST 24HR   7.2 ON   M    6 = FREEZING RAIN OR DRIZZLE
                        GRTST DEPTH:  11 ON 21     7 = DUSTSTORM OR SANDSTORM:
                                                       VSBY 1/2 MILE OR LESS
                                                   8 = SMOKE OR HAZE
[NO. OF DAYS WITH]      [WEATHER - DAYS WITH]      9 = BLOWING SNOW
                                                   X = TORNADO
MAX 32 OR BELOW:   8    0.01 INCH OR MORE:  10
MAX 90 OR ABOVE:   0    0.10 INCH OR MORE:   6
MIN 32 OR BELOW:  27    0.50 INCH OR MORE:   2
MIN  0 OR BELOW:   1    1.00 INCH OR MORE:   0

[HDD (BASE 65) ]
TOTAL THIS MO.  1006    CLEAR  (SCALE 0-3)  15
DPTR FM NORMAL   254    PTCLDY (SCALE 4-7)  10
TOTAL FM JUL 1  3689    CLOUDY (SCALE 8-10)  3
DPTR FM NORMAL   265

[CDD (BASE 65) ]
TOTAL THIS MO.     0
DPTR FM NORMAL     0    [PRESSURE DATA]
TOTAL FM JAN 1     0    HIGHEST SLP 30.84 ON 28
DPTR FM NORMAL     0    LOWEST  SLP 29.46 ON  2

[REMARKS]
#FINAL-02-15#
