000
CXUS56 KHNX 281155
CF6MAE
PRELIMINARY LOCAL CLIMATOLOGICAL DATA (WS FORM: F-6)
STATION: MADERA CA AIRPORT
MONTH: MARCH
YEAR: 2024
LATITUDE: 36 58 N
LONGITUDE: 120 7 W
TEMPERATURE IN F: :PCPN: SNOW: WIND :SUNSHINE: SKY :PK WND
================================================================================
1 2 3 4 5 6A 6B 7 8 9 10 11 12 13 14 15 16 17 18
12Z AVG MX 2MIN
DY MAX MIN AVG DEP HDD CDD WTR SNW DPTH SPD SPD DIR MIN PSBL S-S WX SPD DR
================================================================================
1 64 53 59 5 6 0 0.21 0.0 0 14.3 21 140 M M 9 1 29 130
2 56 48 52 -2 13 0 0.13 0.0 0 8.5 20 310 M M 8 1 30 310
3 58 43 51 -4 14 0 0.12 0.0 0 4.8 18 250 M M 8 1 26 250
4 61 39 50 -5 15 0 0.01 0.0 0 3.8 12 320 M M 2 12 15 330
5 63 40 52 -3 13 0 0.00 0.0 0 3.5 10 160 M M 0 13 160
6 67 44 56 1 9 0 T 0.0 0 6.2 14 250 M M 5 19 250
7 63 42 53 -2 12 0 0.00 0.0 0 6.6 17 300 M M 5 1 23 320
8 67 39 53 -2 12 0 0.00 0.0 0 3.0 10 150 M M 0 16 130
9 69 38 54 -1 11 0 0.00 0.0 0 4.8 15 310 M M 0 19 310
10 67 42 55 -1 10 0 0.00 0.0 0 3.6 13 290 M M 1 12 17 300
11 68 44 56 0 9 0 0.00 0.0 0 4.1 12 290 M M 3 14 320
12 67 50 59 3 6 0 0.08 0.0 0 5.5 16 350 M M 8 20 350
13 65 42 54 -2 11 0 0.00 0.0 0 10.6 22 330 M M 0 30 330
14 70 36 53 -3 12 0 0.00 0.0 0 6.3 21 310 M M 0 28 310
15 72 35 54 -2 11 0 0.00 0.0 0 3.3 14 90 M M 0 17 90
16 72 43 58 2 7 0 0.00 0.0 0 4.4 13 290 M M 0 18 300
17 74 41 58 2 7 0 0.00 0.0 0 2.4 8 300 M M 0 8 11 280
18 76 45 61 5 4 0 0.00 0.0 0 3.0 10 300 M M 0 16 310
19 78 45 62 6 3 0 0.00 0.0 0 3.4 10 350 M M 0 14 320
20 78 40 59 2 6 0 0.00 0.0 0 6.3 14 280 M M 0 17 280
21 75 43 59 2 6 0 0.00 0.0 0 5.6 15 310 M M 0 21 340
22 77 47 62 5 3 0 0.05 M M 5.8 20 140 M M 1 8 26 130
23 63 47 55 -2 10 0 0.44 M M 6.9 22 290 M M 6 13 29 290
24 62 45 54 -3 11 0 0.06 M M 5.2 14 360 M M 6 18 350
25 66 42 54 -3 11 0 0.00 0.0 M 5.9 14 290 M M 2 21 280
26 67 43 55 -2 10 0 0.00 0.0 M 5.7 14 320 M M 1 18 320
27 70 40 55 -2 10 0 0.01 0.0 0 6.3 21 300 M M 4 12 27 300
================================================================================
SM 1835 1156 252 0 1.11 0.0 149.8 M 69
================================================================================
AV 68.0 42.8 5.5 FASTST M M 3 MAX(MPH)
MISC ----> # 22 330 # 30 310
================================================================================
NOTES:
# LAST OF SEVERAL OCCURRENCES
COLUMN 17 PEAK WIND IN M.P.H.
PRELIMINARY LOCAL CLIMATOLOGICAL DATA (WS FORM: F-6) , PAGE 2
STATION: MADERA CA AIRPORT
MONTH: MARCH
YEAR: 2024
LATITUDE: 36 58 N
LONGITUDE: 120 7 W
[TEMPERATURE DATA] [PRECIPITATION DATA] SYMBOLS USED IN COLUMN 16
AVERAGE MONTHLY: 55.4 TOTAL FOR MONTH: 1.11 1 = FOG OR MIST
DPTR FM NORMAL: -0.5 DPTR FM NORMAL: -0.63 2 = FOG REDUCING VISIBILITY
HIGHEST: 78 ON 20,19 GRTST 24HR 0.49 ON 22-23 TO 1/4 MILE OR LESS
LOWEST: 35 ON 15 3 = THUNDER
SNOW, ICE PELLETS, HAIL 4 = ICE PELLETS
TOTAL MONTH: 0.0 INCH 5 = HAIL
GRTST 24HR 0.0 6 = FREEZING RAIN OR DRIZZLE
GRTST DEPTH: 0 7 = DUSTSTORM OR SANDSTORM:
VSBY 1/2 MILE OR LESS
8 = SMOKE OR HAZE
[NO. OF DAYS WITH] [WEATHER - DAYS WITH] 9 = BLOWING SNOW
X = TORNADO
MAX 32 OR BELOW: 0 0.01 INCH OR MORE: 9
MAX 90 OR ABOVE: 0 0.10 INCH OR MORE: 4
MIN 32 OR BELOW: 0 0.50 INCH OR MORE: 0
MIN 0 OR BELOW: 0 1.00 INCH OR MORE: 0
[HDD (BASE 65) ]
TOTAL THIS MO. 252 CLEAR (SCALE 0-3) 17
DPTR FM NORMAL 4 PTCLDY (SCALE 4-7) 8
TOTAL FM JUL 1 1782 CLOUDY (SCALE 8-10) 2
DPTR FM NORMAL -341
[CDD (BASE 65) ]
TOTAL THIS MO. 0
DPTR FM NORMAL 0 [PRESSURE DATA]
TOTAL FM JAN 1 0 HIGHEST SLP M ON M
DPTR FM NORMAL 0 LOWEST SLP 29.78 ON 15
[REMARKS]