000
CXUS54 KMAF 271100
CF6MAF
PRELIMINARY LOCAL CLIMATOLOGICAL DATA (WS FORM: F-6)

                                          STATION:   Midland International Airport
                                          MONTH:     MARCH
                                          YEAR:      2017
                                          LATITUDE:   31 57 N
                                          LONGITUDE: 102 11 W

  TEMPERATURE IN F:       :PCPN:    SNOW:  WIND      :SUNSHINE: SKY     :PK WND
================================================================================
1   2   3   4   5  6A  6B    7    8   9   10  11  12  13   14  15   16   17  18
                                     12Z  AVG MX 2MIN
DY MAX MIN AVG DEP HDD CDD  WTR  SNW DPTH SPD SPD DIR MIN PSBL S-S WX    SPD DR
================================================================================

 1  62  41  52   0  13   0 0.00  0.0    0 10.7 23  50   M    M   0        26  50
 2  64  36  50  -2  15   0 0.00  0.0    0  9.1 18 150   M    M   0        26 120
 3  64  37  51  -1  14   0 0.00  0.0    0 11.3 24 140   M    M   0        28 150
 4  65  41  53   0  12   0 0.00  0.0    0 13.9 25 170   M    M   2        33 170
 5  82  54  68  15   0   3 0.00  0.0    0 14.0 26 180   M    M   5 8      31 180
 6  83  57  70  17   0   5 0.00  0.0    0 15.3 29 230   M    M   2 18     36 250
 7  67  41  54   1  11   0 0.00  0.0    0 10.9 25  50   M    M   0 8      31  50
 8  82  43  63   9   2   0 0.00  0.0    0 10.6 23 170   M    M   0 8      27 170
 9  84  61  73  19   0   8 0.00  0.0    0  9.6 26 170   M    M   4 18     31 170
10  73  52  63   9   2   0 0.00  0.0    0 10.3 20  70   M    M   4 128    26  70
11  82  45  64  10   1   0 0.01  0.0    0 13.3 36  50   M    M   5 38     44  50
12  60  40  50  -5  15   0 0.00  0.0    0  9.7 24  50   M    M   6 18     28  60
13  66  44  55   0  10   0 0.00  0.0    0  9.4 30  50   M    M   3 1      36  40
14  82  45  64   9   1   0 0.00  0.0    0 10.0 18 190   M    M   0        23 200
15  77  47  62   7   3   0 0.00  0.0    0 11.4 21 160   M    M   0 8      29 190
16  89  55  72  16   0   7 0.00  0.0    0 13.1 20 180   M    M   2        24 180
17  91  58  75  19   0  10 0.00  0.0    0  9.2 18 180   M    M   0        23 180
18  85  52  69  13   0   4 0.00  0.0    0  9.3 21 150   M    M   0        26 160
19  90  59  75  19   0  10 0.00  0.0    0 12.7 22 170   M    M   0 18     26 160
20  94  58  76  20   0  11 0.00  0.0    0 11.5 20 180   M    M   0        24 190
21  96  62  79  22   0  14 0.00  0.0    0  8.4 16 270   M    M   0        22 260
22  91  60  76  19   0  11 0.00  0.0    0 14.5 29 150   M    M   0        37 150
23  83  59  71  14   0   6 0.12  0.0    0 26.1 47 160   M    M   3 38     57 160
24  78  52  65   7   0   0 0.00  0.0    0 20.9 36 240   M    M   2        45 260
25  78  43  61   3   4   0 0.00  0.0    0  8.4 16 180   M    M   0        20 360
26  83  56  70  12   0   5 0.00  0.0    0 12.6 31 260   M    M   0        47 250
================================================================================
SM 2051 1298       103  94  0.13     0.0 316.2          M       38
================================================================================
AV 78.9 49.9                              12.2 FASTST   M    M   1    MAX(MPH)
                                 MISC ---->  # 47 160               # 57  160
================================================================================
NOTES:
# LAST OF SEVERAL OCCURRENCES

COLUMN 17 PEAK WIND IN M.P.H.

PRELIMINARY LOCAL CLIMATOLOGICAL DATA (WS FORM: F-6) , PAGE 2

                                          STATION:  Midland International Airport
                                          MONTH:    MARCH
                                          YEAR:     2017
                                          LATITUDE:   31 57 N
                                          LONGITUDE: 102 11 W

[TEMPERATURE DATA]      [PRECIPITATION DATA]       SYMBOLS USED IN COLUMN 16

AVERAGE MONTHLY: 64.4   TOTAL FOR MONTH:   0.13    1 = FOG OR MIST
DPTR FM NORMAL:   9.4   DPTR FM NORMAL:   -0.37    2 = FOG REDUCING VISIBILITY
HIGHEST:    96 ON 21    GRTST 24HR  0.12 ON 23-23      TO 1/4 MILE OR LESS
LOWEST:     36 ON  2                               3 = THUNDER
                        SNOW, ICE PELLETS, HAIL    4 = ICE PELLETS
                        TOTAL MONTH:   0.0 INCH    5 = HAIL
                        GRTST 24HR     0.0         6 = FREEZING RAIN OR DRIZZLE
                        GRTST DEPTH:   0           7 = DUSTSTORM OR SANDSTORM:
                                                       VSBY 1/2 MILE OR LESS
                                                   8 = SMOKE OR HAZE
[NO. OF DAYS WITH]      [WEATHER - DAYS WITH]      9 = BLOWING SNOW
                                                   X = TORNADO
MAX 32 OR BELOW:   0    0.01 INCH OR MORE:   2
MAX 90 OR ABOVE:   5    0.10 INCH OR MORE:   1
MIN 32 OR BELOW:   0    0.50 INCH OR MORE:   0
MIN  0 OR BELOW:   0    1.00 INCH OR MORE:   0

[HDD (BASE 65) ]
TOTAL THIS MO.   103    CLEAR  (SCALE 0-3)  21
DPTR FM NORMAL  -169    PTCLDY (SCALE 4-7)   5
TOTAL FM JUL 1  1603    CLOUDY (SCALE 8-10)  0
DPTR FM NORMAL  -906

[CDD (BASE 65) ]
TOTAL THIS MO.    94
DPTR FM NORMAL    85    [PRESSURE DATA]
TOTAL FM JAN 1   111    HIGHEST SLP M ON M
DPTR FM NORMAL   100    LOWEST  SLP 29.49 ON 23

[REMARKS]
