000
CXUS54 KMAF 011100
CF6MAF
PRELIMINARY LOCAL CLIMATOLOGICAL DATA (WS FORM: F-6)

                                          STATION:   Midland International Airport
                                          MONTH:     JUNE
                                          YEAR:      2015
                                          LATITUDE:   31 57 N
                                          LONGITUDE: 102 11 W

  TEMPERATURE IN F:       :PCPN:    SNOW:  WIND      :SUNSHINE: SKY     :PK WND
================================================================================
1   2   3   4   5  6A  6B    7    8   9   10  11  12  13   14  15   16   17  18
                                     12Z  AVG MX 2MIN
DY MAX MIN AVG DEP HDD CDD  WTR  SNW DPTH SPD SPD DIR MIN PSBL S-S WX    SPD DR
================================================================================

 1  91  62  77  -1   0  12 0.00  0.0    0 11.7 22 150   M    M   0        26 140
 2  92  65  79   1   0  14 0.00  0.0    0 12.4 24 170   M    M   0        31 160
 3  94  68  81   3   0  16 0.00  0.0    0 14.7 22 150   M    M   0        26 140
 4  93  68  81   3   0  16 0.00  0.0    0 16.2 26 140   M    M   0        33 140
 5  90  64  77  -2   0  12 0.00  0.0    0 15.4 29 140   M    M   1        34 140
 6  90  67  79   0   0  14 0.00  0.0    0 13.4 22 160   M    M   1        27 170
 7  91  67  79   0   0  14 0.00  0.0    0 11.7 20 160   M    M   0        25 150
 8  92  68  80   1   0  15 0.00  0.0    0  7.9 16 140   M    M   0        20 140
 9  93  70  82   2   0  17 0.00  0.0    0  8.1 17 140   M    M   1        23 150
10  97  71  84   4   0  19 0.00  0.0    0 13.7 22 170   M    M   0        31 150
11 100  69  85   5   0  20 0.00  0.0    0 15.7 26 150   M    M   0        32 150
12  92  67  80   0   0  15 0.53  0.0    0 15.4 40 240   M    M   3 138    47 240
13  91  69  80   0   0  15    T  0.0    0 14.4 25 160   M    M   4        30 160
14  92  63  78  -2   0  13 0.80  0.0    0  9.6 29 280   M    M   1 13     37 280
15  80  68  74  -6   0   9    T  0.0    0  7.5 25 130   M    M   3        30 150
16  86  66  76  -5   0  11 0.00  0.0    0  9.4 14  90   M    M   4         M  M
17  90  68  79  -2   0  14 0.00  0.0    0  6.7 15 340   M    M   4 1      19 340
18  94  70  82   1   0  17 0.00  0.0    0  9.1 18 140   M    M   1        24 170
19  91  71  81   0   0  16 0.00  0.0    0 10.2 22 170   M    M   1 18     26 170
20  91  68  80  -1   0  15 0.00  0.0    0 12.9 22 160   M    M   3 1      27 160
21  92  71  82   1   0  17 0.00  0.0    0 12.9 22 160   M    M   5        30 160
22  88  71  80  -1   0  15 0.00  0.0    0 17.4 29 150   M    M   6 8      36 160
23  91  69  80  -2   0  15 0.00  0.0    0 16.1 28 130   M    M   4 8      37 180
24  91  69  80  -2   0  15 0.00  0.0    0 13.7 24 150   M    M   1 8      30 150
25  95  69  82   0   0  17 0.00  0.0    0 13.5 22 160   M    M   2        29 150
26  97  72  85   3   0  20 0.00  0.0    0  9.6 32 220   M    M   1 8      45 220
27  92  70  81  -1   0  16 0.02  0.0    0 10.6 23  50   M    M   3        28  50
28  93  65  79  -3   0  14 0.00  0.0    0  5.0 15 150   M    M   1        20  80
29  95  67  81  -1   0  16 0.00  0.0    0  7.4 18 140   M    M   0 18     22 140
30  86  63  75  -7   0  10 1.94  0.0    0  9.5 43  80   M    M   1 13     51  80
================================================================================
SM 2750 2035         0 449  3.29     0.0 351.8          M       51
================================================================================
AV 91.7 67.8                              11.7 FASTST   M    M   2    MAX(MPH)
                                 MISC ---->  # 43  80               # 51   80
================================================================================
NOTES:
# LAST OF SEVERAL OCCURRENCES

COLUMN 17 PEAK WIND IN M.P.H.

PRELIMINARY LOCAL CLIMATOLOGICAL DATA (WS FORM: F-6) , PAGE 2

                                          STATION:  Midland International Airport
                                          MONTH:    JUNE
                                          YEAR:     2015
                                          LATITUDE:   31 57 N
                                          LONGITUDE: 102 11 W

[TEMPERATURE DATA]      [PRECIPITATION DATA]       SYMBOLS USED IN COLUMN 16

AVERAGE MONTHLY: 79.8   TOTAL FOR MONTH:   3.29    1 = FOG OR MIST
DPTR FM NORMAL:  -0.6   DPTR FM NORMAL:    1.49    2 = FOG REDUCING VISIBILITY
HIGHEST:   100 ON 11    GRTST 24HR  1.94 ON 30-30      TO 1/4 MILE OR LESS
LOWEST:     62 ON  1                               3 = THUNDER
                        SNOW, ICE PELLETS, HAIL    4 = ICE PELLETS
                        TOTAL MONTH:   0.0 INCH    5 = HAIL
                        GRTST 24HR     0.0         6 = FREEZING RAIN OR DRIZZLE
                        GRTST DEPTH:   0           7 = DUSTSTORM OR SANDSTORM:
                                                       VSBY 1/2 MILE OR LESS
                                                   8 = SMOKE OR HAZE
[NO. OF DAYS WITH]      [WEATHER - DAYS WITH]      9 = BLOWING SNOW
                                                   X = TORNADO
MAX 32 OR BELOW:   0    0.01 INCH OR MORE:   4
MAX 90 OR ABOVE:  26    0.10 INCH OR MORE:   3
MIN 32 OR BELOW:   0    0.50 INCH OR MORE:   3
MIN  0 OR BELOW:   0    1.00 INCH OR MORE:   1

[HDD (BASE 65) ]
TOTAL THIS MO.     0    CLEAR  (SCALE 0-3)  23
DPTR FM NORMAL     0    PTCLDY (SCALE 4-7)   7
TOTAL FM JUL 1  2565    CLOUDY (SCALE 8-10)  0
DPTR FM NORMAL  -107

[CDD (BASE 65) ]
TOTAL THIS MO.   449
DPTR FM NORMAL   -12    [PRESSURE DATA]
TOTAL FM JAN 1   804    HIGHEST SLP 30.09 ON 24
DPTR FM NORMAL   -46    LOWEST  SLP 29.55 ON 11

[REMARKS]
#FINAL-06-15#
