000
CXUS53 KDTX 280800
CF6MBS
PRELIMINARY LOCAL CLIMATOLOGICAL DATA (WS FORM: F-6)

                                          STATION:   TRI CITIES MI
                                          MONTH:     AUGUST
                                          YEAR:      2016
                                          LATITUDE:   43 31 N
                                          LONGITUDE:  84  5 W

  TEMPERATURE IN F:       :PCPN:    SNOW:  WIND      :SUNSHINE: SKY     :PK WND
================================================================================
1   2   3   4   5  6A  6B    7    8   9   10  11  12  13   14  15   16   17  18
                                     12Z  AVG MX 2MIN
DY MAX MIN AVG DEP HDD CDD  WTR  SNW DPTH SPD SPD DIR MIN PSBL S-S WX    SPD DR
================================================================================

 1  81  58  70   0   0   5 0.00  0.0    0  5.7 13  40   M    M   1        15  20
 2  86  61  74   4   0   9 0.00  0.0    0  2.3  8 120   M    M   1 1      11 130
 3  88  66  77   7   0  12 0.00  0.0    0  4.6 12 170   M    M   0 1      14 180
 4  91  67  79   9   0  14 0.00  0.0    0  6.9 12 190   M    M   0        17 170
 5  90  67  79   9   0  14 0.00  0.0    0 11.4 20 270   M    M   3        29 250
 6  85  60  73   3   0   8 0.00  0.0    0  7.2 14 280   M    M   4        20 240
 7  82  58  70   0   0   5 0.00  0.0    0  5.5 13 350   M    M   0        20  20
 8  84  55  70   0   0   5 0.00  0.0    0  5.5 14  40   M    M   0        19 120
 9  87  57  72   2   0   7 0.00  0.0    0  2.3 12 220   M    M   0        14 210
10  92  64  78   8   0  13 0.00  0.0    0  5.9 13 230   M    M   1        16 220
11  92  69  81  11   0  16 0.09  0.0    0  7.6 26 260   M    M   3 1      36 250
12  89  73  81  11   0  16 0.12  0.0    0  7.2 16 260   M    M   3 13     20 270
13  85  71  78   9   0  13 0.67  0.0    0  9.3 20 280   M    M   8 1      25 270
14  81  66  74   5   0   9 0.33  0.0    0  6.2  8 270   M    M   5 13      M  M
15  81  62  72   3   0   7 0.02  0.0    0  2.2  7 190   M    M   2 12      7 190
16  81  69  75   6   0  10 2.16  0.0    0 10.0 16  20   M    M   7 1       M  M
17  84  67  76   7   0  11 0.02  0.0    0  7.1 16 250   M    M   3 138    21 250
18  84  62  73   4   0   8 0.00  0.0    0  5.1 10 180   M    M   0 1      16 190
19  84  67  76   7   0  11 0.00  0.0    0  8.7 18 270   M    M   1 1      23 270
20  82  67  75   6   0  10 1.68  0.0    0  9.5 21 260   M    M   4 13     28 210
21  72  60  66  -2   0   1 0.09  0.0    0 11.3 21 290   M    M   5 18     28 260
22  77  55  66  -2   0   1 0.00  0.0    0  5.7 14 270   M    M   4        17 270
23  81  59  70   2   0   5 0.00  0.0    0  9.9 22 220   M    M   0        28 230
24  82  62  72   4   0   7 0.01  0.0    0  9.6 18 220   M    M   4 1      23 190
25  84  64  74   6   0   9 0.13  0.0    0  7.6 17 280   M    M   4 13     22 290
26  80  60  70   2   0   5 0.00  0.0    0  6.9 16 260   M    M   0        22 260
27  75  62  69   2   0   4 0.56  0.0    0  5.7 13 130   M    M   6 1      15 110
================================================================================
SM 2260 1708         0 235  5.88     0.0 186.9          M       69
================================================================================
AV 83.7 63.3                               6.9 FASTST   M    M   3    MAX(MPH)
                                 MISC ---->  # 26 260               # 36  250
================================================================================
NOTES:
# LAST OF SEVERAL OCCURRENCES

COLUMN 17 PEAK WIND IN M.P.H.

PRELIMINARY LOCAL CLIMATOLOGICAL DATA (WS FORM: F-6) , PAGE 2

                                          STATION:  TRI CITIES MI
                                          MONTH:    AUGUST
                                          YEAR:     2016
                                          LATITUDE:   43 31 N
                                          LONGITUDE:  84  5 W

[TEMPERATURE DATA]      [PRECIPITATION DATA]       SYMBOLS USED IN COLUMN 16

AVERAGE MONTHLY: 73.5   TOTAL FOR MONTH:   5.88    1 = FOG OR MIST
DPTR FM NORMAL:   4.3   DPTR FM NORMAL:    3.04    2 = FOG REDUCING VISIBILITY
HIGHEST:    92 ON 11,10 GRTST 24HR  2.23 ON 15-16      TO 1/4 MILE OR LESS
LOWEST:     55 ON 22, 8                            3 = THUNDER
                        SNOW, ICE PELLETS, HAIL    4 = ICE PELLETS
                        TOTAL MONTH:   0.0 INCH    5 = HAIL
                        GRTST 24HR     0.0         6 = FREEZING RAIN OR DRIZZLE
                        GRTST DEPTH:   0           7 = DUSTSTORM OR SANDSTORM:
                                                       VSBY 1/2 MILE OR LESS
                                                   8 = SMOKE OR HAZE
[NO. OF DAYS WITH]      [WEATHER - DAYS WITH]      9 = BLOWING SNOW
                                                   X = TORNADO
MAX 32 OR BELOW:   0    0.01 INCH OR MORE:  12
MAX 90 OR ABOVE:   4    0.10 INCH OR MORE:   7
MIN 32 OR BELOW:   0    0.50 INCH OR MORE:   4
MIN  0 OR BELOW:   0    1.00 INCH OR MORE:   2

[HDD (BASE 65) ]
TOTAL THIS MO.     0    CLEAR  (SCALE 0-3)  14
DPTR FM NORMAL   -25    PTCLDY (SCALE 4-7)  13
TOTAL FM JUL 1     2    CLOUDY (SCALE 8-10)  0
DPTR FM NORMAL   -36

[CDD (BASE 65) ]
TOTAL THIS MO.   235
DPTR FM NORMAL   101    [PRESSURE DATA]
TOTAL FM JAN 1   716    HIGHEST SLP M ON M
DPTR FM NORMAL   224    LOWEST  SLP 29.57 ON 20

[REMARKS]
