000
CXUS53 KDTX 300800
CF6MBS
PRELIMINARY LOCAL CLIMATOLOGICAL DATA (WS FORM: F-6)

                                          STATION:   TRI CITIES MI
                                          MONTH:     JANUARY
                                          YEAR:      2015
                                          LATITUDE:   43 31 N
                                          LONGITUDE:  84  5 W

  TEMPERATURE IN F:       :PCPN:    SNOW:  WIND      :SUNSHINE: SKY     :PK WND
================================================================================
1   2   3   4   5  6A  6B    7    8   9   10  11  12  13   14  15   16   17  18
                                     12Z  AVG MX 2MIN
DY MAX MIN AVG DEP HDD CDD  WTR  SNW DPTH SPD SPD DIR MIN PSBL S-S WX    SPD DR
================================================================================

 1  31  22  27   3  38   0    T    T    0 18.7 31 240   M    M  10        40 240
 2  33  20  27   4  38   0    T    T    0  6.5 16 270   M    M   4        20 250
 3  34  22  28   5  37   0 0.36  1.8    1  6.6 13 100   M    M   8 168    16 100
 4  34  14  24   1  41   0 0.23  1.8    T 11.6 23 300   M    M  10 168    29 280
 5  14   1   8 -15  57   0 0.01  0.2    2 13.6 26 280   M    M   3 8      33 290
 6  16   8  12 -11  53   0 0.05  0.6    2 14.0 25 250   M    M   7 8      31 240
 7  13   3   8 -15  57   0 0.01  0.2    2 15.2 23 330   M    M   6 8      27 310
 8  14   3   9 -14  56   0 0.11  1.8    2 17.6 24 250   M    M   9 8      31 250
 9  16   1   9 -13  56   0 0.03  0.5    4 16.5 25 260   M    M   3 8      31 260
10  17   1   9 -13  56   0    T    T    4 13.9 29 220   M    M   5 18     34 220
11  31  17  24   2  41   0    T    T    4 10.0 18 220   M    M   5        22 220
12  30   5  18  -4  47   0    T    T    4 12.5 21  20   M    M   8 8      24  10
13  17   3  10 -12  55   0 0.00  0.0    4  6.8 25  60   M    M   4 8      25  70
14  22  -6   8 -14  57   0 0.00  0.0    4  7.4 13 220   M    M   5 18     16 240
15  34  17  26   4  39   0    T    T    4 14.0 26 220   M    M   9 18     33 220
16  34  13  24   2  41   0    T    T    4  9.1 20 320   M    M   6 8      25 330
17  44  16  30   8  35   0 0.00  0.0    4 14.3 22 180   M    M   4        29 180
18  40  32  36  14  29   0    T    T    3 11.5 21 280   M    M  10 1      27 280
19  33  26  30   8  35   0    T    T    2  4.8 12 360   M    M  10        14 350
20  29  23  26   4  39   0 0.04  1.1    2  6.9 12  50   M    M   9 18     13  50
21  26  19  23   1  42   0 0.14  2.5    3  7.4 14  40   M    M  10 18     15  40
22  31  20  26   4  39   0    T    T    5  6.4 10 230   M    M   8 18     13 220
23  33  19  26   4  39   0 0.00  0.0    5 17.6 29 230   M    M   6        35 220
24  38  30  34  12  31   0    T  0.0    5 10.4 20 230   M    M  10 18     26 230
25  34  15  25   3  40   0    T    T    2 15.5 22  50   M    M   8        26  40
26  24   7  16  -6  49   0    T    T    2  5.9 10  40   M    M   2        13 120
27  25  11  18  -4  47   0 0.00  0.0    2  6.9 20  40   M    M   2        22  30
28  32   9  21  -1  44   0 0.00  0.0    2  7.1 17 170   M    M   0        22 170
29  34  24  29   7  36   0 0.04  1.4    3 12.6 30 320   M    M  10 18     39 310
================================================================================
SM  813  395      1274   0  1.02    11.9 321.3          M      191
================================================================================
AV 28.0 13.6                              11.1 FASTST   M    M   7    MAX(MPH)
                                 MISC ---->  # 31 240               # 40  240
================================================================================
NOTES:
# LAST OF SEVERAL OCCURRENCES

COLUMN 17 PEAK WIND IN M.P.H.

PRELIMINARY LOCAL CLIMATOLOGICAL DATA (WS FORM: F-6) , PAGE 2

                                          STATION:  TRI CITIES MI
                                          MONTH:    JANUARY
                                          YEAR:     2015
                                          LATITUDE:   43 31 N
                                          LONGITUDE:  84  5 W

[TEMPERATURE DATA]      [PRECIPITATION DATA]       SYMBOLS USED IN COLUMN 16

AVERAGE MONTHLY: 20.8   TOTAL FOR MONTH:   1.02    1 = FOG OR MIST
DPTR FM NORMAL:  -1.5   DPTR FM NORMAL:   -0.59    2 = FOG REDUCING VISIBILITY
HIGHEST:    44 ON 17    GRTST 24HR  0.37 ON  3- 4      TO 1/4 MILE OR LESS
LOWEST:     -6 ON 14                               3 = THUNDER
                        SNOW, ICE PELLETS, HAIL    4 = ICE PELLETS
                        TOTAL MONTH:  11.9 INCHES  5 = HAIL
                        GRTST 24HR   2.5 ON 21-21  6 = FREEZING RAIN OR DRIZZLE
                        GRTST DEPTH:   5 ON 24,23  7 = DUSTSTORM OR SANDSTORM:
                                                       VSBY 1/2 MILE OR LESS
                                                   8 = SMOKE OR HAZE
[NO. OF DAYS WITH]      [WEATHER - DAYS WITH]      9 = BLOWING SNOW
                                                   X = TORNADO
MAX 32 OR BELOW:  17    0.01 INCH OR MORE:  10
MAX 90 OR ABOVE:   0    0.10 INCH OR MORE:   4
MIN 32 OR BELOW:  29    0.50 INCH OR MORE:   0
MIN  0 OR BELOW:   1    1.00 INCH OR MORE:   0

[HDD (BASE 65) ]
TOTAL THIS MO.  1274    CLEAR  (SCALE 0-3)   5
DPTR FM NORMAL    36    PTCLDY (SCALE 4-7)  14
TOTAL FM JUL 1  3783    CLOUDY (SCALE 8-10) 10
DPTR FM NORMAL   -95

[CDD (BASE 65) ]
TOTAL THIS MO.     0
DPTR FM NORMAL     0    [PRESSURE DATA]
TOTAL FM JAN 1     0    HIGHEST SLP M ON M
DPTR FM NORMAL     0    LOWEST  SLP 29.56 ON 24

[REMARKS]
