000
CXAK56 PAFG 231200
CF6MCG
PRELIMINARY LOCAL CLIMATOLOGICAL DATA (WS FORM: F-6)
STATION: MCGRATH AK
MONTH: APRIL
YEAR: 2024
LATITUDE: 62 57 N
LONGITUDE: 155 36 W
TEMPERATURE IN F: :PCPN: SNOW: WIND :SUNSHINE: SKY :PK WND
================================================================================
1 2 3 4 5 6A 6B 7 8 9 10 11 12 13 14 15 16 17 18
12Z AVG MX 2MIN
DY MAX MIN AVG DEP HDD CDD WTR SNW DPTH SPD SPD DIR MIN PSBL S-S WX SPD DR
================================================================================
1 27 1 14 -6 51 0 T M M 10.3 17 280 M M 9 8 29 300
2 15 -14 1 -20 64 0 T M M 1.4 10 290 M M 0 17 290
3 34 7 21 -1 44 0 0.09 M M 3.7 15 210 M M 8 1 22 200
4 39 24 32 9 33 0 0.32 M M 7.2 21 200 M M 9 12 34 180
5 38 20 29 5 36 0 T M M 2.7 10 200 M M 7 14 220
6 38 8 23 -1 42 0 T M M 5.2 16 30 M M 4 21 10
7 38 24 31 6 34 0 T M M 5.6 15 340 M M 8 20 340
8 24 9 17 -9 48 0 T M M 8.7 17 350 M M 2 25 350
9 27 11 19 -8 46 0 0.00 M M 9.1 17 10 M M 5 25 360
10 35 2 19 -9 46 0 0.00 M M 7.7 28 200 M M 1 40 200
11 37 27 32 3 33 0 0.14 M M 16.4 35 200 M M 10 1 56 180
12 33 20 27 -3 38 0 0.02 M M 11.0 20 200 M M 10 1 31 190
13 32 19 26 -5 39 0 0.00 M M 6.1 13 280 M M 5 19 330
14 32 20 26 -5 39 0 0.00 M M 4.3 12 210 M M 10 16 210
15 43 29 36 4 29 0 0.00 M M 7.8 20 210 M M 5 31 180
16 44 30 37 4 28 0 T M M 9.4 25 210 M M 5 1 41 200
17 45 29 37 3 28 0 0.03 M M 8.5 22 110 M M 7 35 110
18 51 41 46 11 19 0 T M M 8.6 15 110 M M 8 23 110
19 54 34 44 8 21 0 0.00 M M 4.1 12 110 M M 4 19 100
20 59 28 44 8 21 0 0.00 M M 2.5 9 100 M M 0 13 100
21 56 24 40 3 25 0 0.00 M M 0.9 6 280 M M 0 7 320
22 46 33 40 2 25 0 0.02 M M 6.8 15 200 M M 8 23 230
================================================================================
SM 847 426 789 0 0.62 M 148.0 M 125
================================================================================
AV 38.5 19.4 6.7 FASTST M M 6 MAX(MPH)
MISC ----> 35 200 56 180
================================================================================
NOTES:
# LAST OF SEVERAL OCCURRENCES
COLUMN 17 PEAK WIND IN M.P.H.
PRELIMINARY LOCAL CLIMATOLOGICAL DATA (WS FORM: F-6) , PAGE 2
STATION: MCGRATH AK
MONTH: APRIL
YEAR: 2024
LATITUDE: 62 57 N
LONGITUDE: 155 36 W
[TEMPERATURE DATA] [PRECIPITATION DATA] SYMBOLS USED IN COLUMN 16
AVERAGE MONTHLY: 28.9 TOTAL FOR MONTH: 0.62 1 = FOG OR MIST
DPTR FM NORMAL: -0.2 DPTR FM NORMAL: 0.07 2 = FOG REDUCING VISIBILITY
HIGHEST: 59 ON 20 GRTST 24HR 0.32 ON 4- 4 TO 1/4 MILE OR LESS
LOWEST: -14 ON 2 3 = THUNDER
SNOW, ICE PELLETS, HAIL 4 = ICE PELLETS
TOTAL MONTH: M 5 = HAIL
GRTST 24HR M ON M 6 = FREEZING RAIN OR DRIZZLE
GRTST DEPTH: M ON M 7 = DUSTSTORM OR SANDSTORM:
VSBY 1/2 MILE OR LESS
8 = SMOKE OR HAZE
[NO. OF DAYS WITH] [WEATHER - DAYS WITH] 9 = BLOWING SNOW
X = TORNADO
MAX 32 OR BELOW: 6 0.01 INCH OR MORE: 6
MAX 90 OR ABOVE: 0 0.10 INCH OR MORE: 2
MIN 32 OR BELOW: 19 0.50 INCH OR MORE: 0
MIN 0 OR BELOW: 1 1.00 INCH OR MORE: 0
[HDD (BASE 65) ]
TOTAL THIS MO. 789 CLEAR (SCALE 0-3) 5
DPTR FM NORMAL 0 PTCLDY (SCALE 4-7) 11
TOTAL FM JUL 1 11951 CLOUDY (SCALE 8-10) 6
DPTR FM NORMAL -302
[CDD (BASE 65) ]
TOTAL THIS MO. 0
DPTR FM NORMAL 0 [PRESSURE DATA]
TOTAL FM JAN 1 0 HIGHEST SLP M ON M
DPTR FM NORMAL 0 LOWEST SLP 29.26 ON 11
[REMARKS]