000
CXAK56 PAMC 301148
CF6MCG

PRELIMINARY LOCAL CLIMATOLOGICAL DATA (WS FORM: F-6)

                                          STATION:   MCGRATH
                                          MONTH:     09
                                          YEAR:      2014
                                          LATITUDE:   62 58 N
                                          LONGITUDE: 155 37 W

  TEMPERATURE IN F:       :PCPN:    SNOW:  WIND      :SUNSHINE: SKY     :PK WND
================================================================================
1   2   3   4   5  6A  6B    7     8   9   10  11  12  13   14  15   16  17  18
                                      12Z  AVG MX 2MIN
DY MAX MIN AVG DEP HDD CDD  WTR   SNW DPTH SPD SPD DIR MIN PSBL S-S WX   SPD DR
================================================================================

 1  53  39  46  -5  19   0  0.17  0.0   0 14.1 32  210   M    M   M 18    46 210
 2  54  36  45  -5  20   0  0.28  0.0   0  4.8 20  210   M    M   M 1     24 210
 3  58  32  45  -5  20   0  0.00  0.0   0  1.9  9   70   M    M   M 1     11  50
 4  55  32  44  -6  21   0  0.00  0.0   0  6.2 15   30   M    M   M       19  10
 5  58  37  48  -1  17   0  0.00  0.0   0  5.6 14   30   M    M   M       19  30
 6  60  33  47  -2  18   0  0.00  0.0   0  3.7 13   20   M    M   M       16  20
 7  60  28  44  -5  21   0  0.00  0.0   0  3.1  9  120   M    M   M       12 110
 8  53  31  42  -6  23   0     T  0.0   0  1.4  7  250   M    M   M        9 250
 9  66  40  53   5  12   0  0.03  0.0   0  0.8  6  210   M    M   M 1      7 210
10  63  48  56   8   9   0  0.07  0.0   0  2.8 15  190   M    M   M 1     19 200
11  61  39  50   3  15   0     T  0.0   0  1.8  9   20   M    M   M 2     13  10
12  66  45  56   9   9   0  0.03  0.0   0  8.1 25  100   M    M   M       32 110
13  65  46  56  10   9   0  0.13  0.0   0  2.8 15  210   M    M   M 1     24 220
14  64  38  51   5  14   0  0.00  0.0   0  4.3 17  110   M    M   M       21 120
15  60  45  53   8  12   0     T  0.0   0  3.2  8  130   M    M   M       10 130
16  59  46  53   8  12   0  0.01  0.0   0  3.3 14  210   M    M   M 1     16 210
17  62  45  54  10  11   0     T  0.0   0  5.9 20  130   M    M   M       24 120
18  54  37  46   2  19   0  0.01  0.0   0  2.6 10  250   M    M   M       12 250
19  57  41  49   6  16   0  0.00  0.0   0  1.2  8  300   M    M   M        9 310
20  49  40  45   2  20   0  0.10  0.0   0  2.7 10  310   M    M   M 1     14 310
21  46  31  39  -3  26   0  0.00  0.0   0  6.6 16  340   M    M   M       23 330
22  51  24  38  -4  27   0  0.00  0.0   0  2.5  8  310   M    M   M        9 320
23  49  31  40  -1  25   0  0.06  0.0   0  2.9 13  250   M    M   M 1     17 260
24  50  42  46   5  19   0     T  0.0   0  3.0 10  330   M    M   M 1     15 320
25  50  31  41   1  24   0  0.00  0.0   0  3.4 10   70   M    M   M       13 360
26  50  25  38  -1  27   0  0.00  0.0   0  2.2 10   20   M    M   M       13  30
27  52  25  39   0  26   0  0.00  0.0   0  6.4 14  350   M    M   M       18 360
28  50  24  37  -1  28   0  0.03  0.0   0  2.4 12  330   M    M   M       13 330
29  45  35  40   2  25   0     T  0.0   0  7.1 16  310   M    M   M       21 320
================================================================================
SM 1620 1046       544   0  0.92 0.0    116.8           M        M
================================================================================
AV 55.9 36.1                              4.0 FASTST  PSBL  %   M    MAX(MPH)
                                 MISC ---->     32  210                 46 210
================================================================================
NOTES:
# LAST OF SEVERAL OCCURRENCES

COLUMN 17 PEAK WIND IN M.P.H.

PRELIMINARY LOCAL CLIMATOLOGICAL DATA (WS FORM: F-6) , PAGE 2

                                          STATION:   MCGRATH
                                          MONTH:     09
                                          YEAR:      2014
                                          LATITUDE:  62 58 N
                                          LONGITUDE: 155 37 W

[TEMPERATURE DATA]      [PRECIPITATION DATA]       SYMBOLS USED IN COLUMN 16

AVERAGE MONTHLY:46.0   TOTAL FOR MONTH: 0.92       1 = FOG
DPTR FM NORMAL:  1.1   DPTR FM NORMAL: -1.50       2 = FOG REDUCING VISIBILITY
HIGHEST:    66 ON 12    GRTST 24HR   0.28 ON  2        TO 1/4 MILE OR LESS
LOWEST:     24 ON 28                               3 = THUNDER
                        SNOW, ICE PELLETS, HAIL    4 = ICE PELLETS
                        TOTAL MONTH: 0.0         5 = HAIL
                        GRTST 24HR   0.0           6 = GLAZE OR RIME
                        GRTST DEPTH:    0          7 = BLOWING DUST OR SAND:
                                                       VSBY 1/2 MILE OR LESS
                                                   8 = SMOKE OR HAZE
[NO. OF DAYS WITH]      [WEATHER - DAYS WITH]      9 = BLOWING SNOW
                                                   X = TORNADO
MAX 32 OR BELOW:   0    0.01 INCH OR MORE:  11
MAX 70 OR ABOVE:   0    0.10 INCH OR MORE:   4
MIN 32 OR BELOW:  11    0.50 INCH OR MORE:   0
MIN  0 OR BELOW:   0    1.00 INCH OR MORE:   0

[HDD (BASE 65) ]
TOTAL THIS MO.   544    CLEAR  (SCALE 0-3)   M
DPTR FM NORMAL   -41    PTCLDY (SCALE 4-7)   M
SEASONAL TOTAL   967    CLOUDY (SCALE 8-10)  M
DPTR FM NORMAL  -115

[CDD (BASE 65) ]
TOTAL THIS MO.     0
DPTR FM NORMAL     0    [PRESSURE DATA]
SEASONAL TOTAL    11    HIGHEST SLP     M
DPTR FM NORMAL    -5    LOWEST  SLP     M

[REMARKS]
