000
CXUS55 KEAX 270736
CF6MCI
PRELIMINARY LOCAL CLIMATOLOGICAL DATA (WS FORM: F-6)

                                          STATION:   Kansas City International MO
                                          MONTH:     DECEMBER
                                          YEAR:      2014
                                          LATITUDE:   39 19 N
                                          LONGITUDE:  94 43 W

  TEMPERATURE IN F:       :PCPN:    SNOW:  WIND      :SUNSHINE: SKY     :PK WND
================================================================================
1   2   3   4   5  6A  6B    7    8   9   10  11  12  13   14  15   16   17  18
                                     12Z  AVG MX 2MIN
DY MAX MIN AVG DEP HDD CDD  WTR  SNW DPTH SPD SPD DIR MIN PSBL S-S WX    SPD DR
================================================================================

 1  27  16  22 -14  43   0 0.00  0.0    0 12.1 22  10   M    M   4        27  10
 2  38  15  27  -9  38   0 0.00  0.0    0 10.6 21 210   M    M   5 8      27 210
 3  44  24  34  -1  31   0 0.00  0.0    0  9.1 16  30   M    M   6        21  40
 4  37  31  34  -1  31   0 0.00  0.0    0  8.9 16 110   M    M  10 128    19 110
 5  44  37  41   7  24   0 0.64  0.0    0  7.8 14 360   M    M  10 12     17 360
 6  40  33  37   3  28   0    T  0.0    0  8.5 14 120   M    M  10 12     17  20
 7  42  33  38   4  27   0 0.03  0.0    0  9.4 15 140   M    M  10 12     19 160
 8  51  34  43  10  22   0    T  0.0    0 10.0 25  10   M    M   3 1      31  10
 9  35  23  29  -4  36   0 0.00  0.0    0  7.7 14 120   M    M   7        18 340
10  33  25  29  -3  36   0    T  0.0    0  8.2 15 140   M    M  10 16     18 140
11  37  33  35   3  30   0    T  0.0    0  5.8  9 110   M    M  10 1      12 100
12  55  37  46  14  19   0 0.00  0.0    0  6.8 13 190   M    M   9 18     16 180
13  56  44  50  18  15   0    T  0.0    0 10.3 20 190   M    M  10 1      25 190
14  62  51  57  26   8   0 0.62  0.0    0 14.2 22 190   M    M  10 1      30 190
15  52  32  42  11  23   0 0.05  0.0    0 16.1 28 310   M    M  10 18     35 290
16  32  26  29  -2  36   0    T  0.0    0 13.2 28 310   M    M  10 16     38 300
17  30  22  26  -5  39   0    T    T    0  5.2 10  70   M    M   9        12 360
18  32  28  30   0  35   0 0.25  2.6    2  6.6 12  80   M    M  10 12     13  90
19  32  30  31   1  34   0    T  0.0    3  3.0  9 160   M    M  10 12     10 160
20  45  32  39   9  26   0    T  0.0    1  9.7 17 180   M    M   8 168    20 180
21  45  34  40  10  25   0    T  0.0    0 13.1 18 170   M    M   9 1      24 160
22  47  38  43  13  22   0 0.14  0.0    0 10.7 18 160   M    M   8 1      23 170
23  40  32  36   6  29   0    T  0.0    0  9.0 16 330   M    M   6 1      21 330
24  37  28  33   3  32   0 0.09    T    0 11.1 16 290   M    M   9 1      24 330
25  53  30  42  13  23   0 0.00  0.0    0 18.7 30 180   M    M   4        36 180
26  49  36  43  14  22   0    T  0.0    0  9.0 18 190   M    M   8        24 190
================================================================================
SM 1095  804       734   0  1.82     2.6 254.8          M      215
================================================================================
AV 42.1 30.9                               9.8 FASTST   M    M   8    MAX(MPH)
                                 MISC ---->  # 30 180               # 38  300
================================================================================
NOTES:
# LAST OF SEVERAL OCCURRENCES

COLUMN 17 PEAK WIND IN M.P.H.

PRELIMINARY LOCAL CLIMATOLOGICAL DATA (WS FORM: F-6) , PAGE 2

                                          STATION:  Kansas City International MO
                                          MONTH:    DECEMBER
                                          YEAR:     2014
                                          LATITUDE:   39 19 N
                                          LONGITUDE:  94 43 W

[TEMPERATURE DATA]      [PRECIPITATION DATA]       SYMBOLS USED IN COLUMN 16

AVERAGE MONTHLY: 36.5   TOTAL FOR MONTH:   1.82    1 = FOG OR MIST
DPTR FM NORMAL:   4.6   DPTR FM NORMAL:    0.47    2 = FOG REDUCING VISIBILITY
HIGHEST:    62 ON 14    GRTST 24HR  0.67 ON 14-15      TO 1/4 MILE OR LESS
LOWEST:     15 ON  2                               3 = THUNDER
                        SNOW, ICE PELLETS, HAIL    4 = ICE PELLETS
                        TOTAL MONTH:   2.6 INCHES  5 = HAIL
                        GRTST 24HR   2.6 ON   M    6 = FREEZING RAIN OR DRIZZLE
                        GRTST DEPTH:   3 ON 19     7 = DUSTSTORM OR SANDSTORM:
                                                       VSBY 1/2 MILE OR LESS
                                                   8 = SMOKE OR HAZE
[NO. OF DAYS WITH]      [WEATHER - DAYS WITH]      9 = BLOWING SNOW
                                                   X = TORNADO
MAX 32 OR BELOW:   5    0.01 INCH OR MORE:   7
MAX 90 OR ABOVE:   0    0.10 INCH OR MORE:   4
MIN 32 OR BELOW:  15    0.50 INCH OR MORE:   2
MIN  0 OR BELOW:   0    1.00 INCH OR MORE:   0

[HDD (BASE 65) ]
TOTAL THIS MO.   734    CLEAR  (SCALE 0-3)   1
DPTR FM NORMAL  -126    PTCLDY (SCALE 4-7)   7
TOTAL FM JUL 1  1855    CLOUDY (SCALE 8-10) 18
DPTR FM NORMAL    -7

[CDD (BASE 65) ]
TOTAL THIS MO.     0
DPTR FM NORMAL     0    [PRESSURE DATA]
TOTAL FM JAN 1  1263    HIGHEST SLP  0.00 ON M
DPTR FM NORMAL   -97    LOWEST  SLP  0.00 ON M

[REMARKS]
