000
CXUS53 KDMX 010920
CF6MCW
PRELIMINARY LOCAL CLIMATOLOGICAL DATA (WS FORM: F-6)

                                          STATION:   MASON CITY IA
                                          MONTH:     APRIL
                                          YEAR:      2016
                                          LATITUDE:   43  9 N
                                          LONGITUDE:  93 20 W

  TEMPERATURE IN F:       :PCPN:    SNOW:  WIND      :SUNSHINE: SKY     :PK WND
================================================================================
1   2   3   4   5  6A  6B    7    8   9   10  11  12  13   14  15   16   17  18
                                     12Z  AVG MX 2MIN
DY MAX MIN AVG DEP HDD CDD  WTR  SNW DPTH SPD SPD DIR MIN PSBL S-S WX    SPD DR
================================================================================

 1  45  28  37  -3  28   0 0.06  0.0    0 18.1 33 310   M    M   6 1      42 310
 2  40  24  32  -9  33   0 0.00  0.0    0 22.5 41 320   M    M   3        54 310
 3  78  26  52  11  13   0 0.00  0.0    0 19.8 33 310   M    M   0        43 300
 4  44  24  34  -8  31   0 0.00  0.0    0  9.7 21 340   M    M   2        35 360
 5  41  27  34  -8  31   0 0.06    T    0 17.9 35 150   M    M   6 16     43 140
 6  55  34  45   3  20   0    T  0.0    0 18.7 32 320   M    M   8 1      43 320
 7  45  34  40  -3  25   0    T  0.0    0 15.0 26 320   M    M  10        33 320
 8  39  19  29 -14  36   0    T    T    0 20.7 40 320   M    M   7 18     52 310
 9  46  14  30 -14  35   0 0.00  0.0    0 14.1 29 150   M    M   0        36 150
10  62  35  49   5  16   0    T  0.0    0 16.0 29 330   M    M   3        35 350
11  45  20  33 -12  32   0 0.00  0.0    0 17.2 31 320   M    M   1        42 300
12  57  17  37  -8  28   0 0.00  0.0    0 10.9 25 170   M    M   3        30 170
13  71  42  57  11   8   0 0.00  0.0    0 16.4 25 180   M    M   3        33 210
14  74  43  59  13   6   0 0.00  0.0    0 15.4 25 160   M    M   2 8      35 160
15  78  42  60  14   5   0 0.00  0.0    0 15.1 29 150   M    M   1        38 160
16  80  52  66  19   0   1 0.00  0.0    0 14.8 31 160   M    M   0        39 170
17  78  50  64  17   1   0 0.00  0.0    0 11.6 26 160   M    M   6 8      33 160
18  80  54  67  19   0   2    T  0.0    0 11.6 25 180   M    M   6        33 140
19  59  52  56   8   9   0    T  0.0    0 10.6 17 100   M    M  10 1      22 130
20  59  42  51   2  14   0 0.40  0.0    0 10.9 20 110   M    M   8 18     27 130
21  69  37  53   4  12   0 0.00  0.0    0  9.7 21 330   M    M   4 12     24 320
22  65  42  54   4  11   0 0.00  0.0    0  9.3 23  20   M    M   4        27  20
23  71  35  53   3  12   0 0.00  0.0    0 11.5 24 170   M    M   3 12     32 170
24  78  54  66  16   0   1 0.03  0.0    0 15.9 26 170   M    M   5 3      33 200
25  67  53  60   9   5   0 0.00  0.0    0 15.3 25 270   M    M   4 1      31 250
26  60  45  53   2  12   0 0.00  0.0    0 14.5 28  70   M    M   9 1      32  70
27  46  41  44  -8  21   0 0.54  0.0    0 20.1 32  80   M    M  10 1      38  80
28  45  39  42 -10  23   0 0.07  0.0    0 12.0 20  70   M    M  10 1      24  60
29  49  39  44  -8  21   0 0.00  0.0    0  9.9 21  40   M    M  10 1      24  40
30  46  41  44  -9  21   0 0.59    M    0 19.5 30  70   M    M   9 1      38  60
================================================================================
SM 1772 1105       509   4  1.75    T    444.7          M      153
================================================================================
AV 59.1 36.8                              14.8 FASTST   M    M   5    MAX(MPH)
                                 MISC ---->  # 41 320               # 54  310
================================================================================
NOTES:
# LAST OF SEVERAL OCCURRENCES

COLUMN 17 PEAK WIND IN M.P.H.

PRELIMINARY LOCAL CLIMATOLOGICAL DATA (WS FORM: F-6) , PAGE 2

                                          STATION:  MASON CITY IA
                                          MONTH:    APRIL
                                          YEAR:     2016
                                          LATITUDE:   43  9 N
                                          LONGITUDE:  93 20 W

[TEMPERATURE DATA]      [PRECIPITATION DATA]       SYMBOLS USED IN COLUMN 16

AVERAGE MONTHLY: 47.9   TOTAL FOR MONTH:   1.75    1 = FOG OR MIST
DPTR FM NORMAL:   1.2   DPTR FM NORMAL:   -2.00    2 = FOG REDUCING VISIBILITY
HIGHEST:    80 ON 18,16 GRTST 24HR  0.59 ON 30-30      TO 1/4 MILE OR LESS
LOWEST:     14 ON  9                               3 = THUNDER
                        SNOW, ICE PELLETS, HAIL    4 = ICE PELLETS
                        TOTAL MONTH:    T          5 = HAIL
                        GRTST 24HR    T  ON  8- 8  6 = FREEZING RAIN OR DRIZZLE
                        GRTST DEPTH:   0           7 = DUSTSTORM OR SANDSTORM:
                                                       VSBY 1/2 MILE OR LESS
                                                   8 = SMOKE OR HAZE
[NO. OF DAYS WITH]      [WEATHER - DAYS WITH]      9 = BLOWING SNOW
                                                   X = TORNADO
MAX 32 OR BELOW:   0    0.01 INCH OR MORE:   7
MAX 90 OR ABOVE:   0    0.10 INCH OR MORE:   3
MIN 32 OR BELOW:   9    0.50 INCH OR MORE:   2
MIN  0 OR BELOW:   0    1.00 INCH OR MORE:   0

[HDD (BASE 65) ]
TOTAL THIS MO.   509    CLEAR  (SCALE 0-3)  11
DPTR FM NORMAL   -46    PTCLDY (SCALE 4-7)  11
TOTAL FM JUL 1  6399    CLOUDY (SCALE 8-10)  8
DPTR FM NORMAL -1001

[CDD (BASE 65) ]
TOTAL THIS MO.     4
DPTR FM NORMAL    -1    [PRESSURE DATA]
TOTAL FM JAN 1     4    HIGHEST SLP 30.40 ON 12
DPTR FM NORMAL    -1    LOWEST  SLP 29.52 ON 25

[REMARKS]
#FINAL-04-16#
