375
CXUS54 KMAF 191100
CF6MDD
PRELIMINARY LOCAL CLIMATOLOGICAL DATA (WS FORM: F-6)

                                          STATION:   Midland Airpark
                                          MONTH:     NOVEMBER
                                          YEAR:      2017
                                          LATITUDE:   32  2 N
                                          LONGITUDE: 102  6 W

  TEMPERATURE IN F:       :PCPN:    SNOW:  WIND      :SUNSHINE: SKY     :PK WND
================================================================================
1   2   3   4   5  6A  6B    7    8   9   10  11  12  13   14  15   16   17  18
                                     12Z  AVG MX 2MIN
DY MAX MIN AVG DEP HDD CDD  WTR  SNW DPTH SPD SPD DIR MIN PSBL S-S WX    SPD DR
================================================================================

 1  83  48  66   M   0   1 0.03    M    0 12.6 23 270   M    M   0        30 260
 2  85  61  73   M   0   8 0.00  0.0    0 10.9 20 260   M    M   0        32 260
 3  84  47  66   M   0   1 0.00  0.0    0  3.5 10 230   M    M   0 8      18 220
 4  89  58  74   M   0   9 0.00  0.0    0  6.2 10 250   M    M   2 12      M  M
 5  89  63  76   M   0  11 0.00  0.0    0  9.6 16 280   M    M   1 18     22 250
 6  90  53  72   M   0   7 0.00  0.0    0  6.0 15 250   M    M   0        21 240
 7  64  49  57   M   8   0 0.00  0.0    0  9.4 18  50   M    M   1 8      23  30
 8  49  36  43   M  22   0 0.05    M    0  6.4 15  50   M    M   7        20  40
 9  60  36  48   M  17   0 0.00  0.0    0  2.8  8 140   M    M   0         M  M
10  58  45  52   M  13   0 0.00  0.0    0  9.3 18 170   M    M   9 1      24 170
11  77  54  66   M   0   1 0.00  0.0    0 10.2 14 180   M    M   5 1      20 180
12  60  50  55   M  10   0 0.00  0.0    0  8.8 13  10   M    M  10 18      M  M
13  65  52  59   M   6   0 0.00  0.0    0  5.8 10 170   M    M  10 12      M  M
14  82  62  72   M   0   7 0.00  0.0    0 10.1 14 190   M    M   4 8      18 220
15  69  51  60   M   5   0 0.00  0.0    0 10.0 20  40   M    M   4 1      30  40
16  74  51  63   M   2   0 0.00  0.0    0  4.1 10 190   M    M   4 8       M  M
17  88  56  72   M   0   7 0.00  0.0    0  9.7 20 250   M    M   0 1      25 250
18  66  40  53   M  12   0 0.00  0.0    0 13.8 29  20   M    M   0        38  20
================================================================================
SM 1332  912        95  52  0.08     0.0 149.2          M       57
================================================================================
AV 74.0 50.7                               8.3 FASTST   M    M   3    MAX(MPH)
                                 MISC ---->  # 29  20               # 38   20
================================================================================
NOTES:
# LAST OF SEVERAL OCCURRENCES

COLUMN 17 PEAK WIND IN M.P.H.

PRELIMINARY LOCAL CLIMATOLOGICAL DATA (WS FORM: F-6) , PAGE 2

                                          STATION:  Midland Airpark
                                          MONTH:    NOVEMBER
                                          YEAR:     2017
                                          LATITUDE:   32  2 N
                                          LONGITUDE: 102  6 W

[TEMPERATURE DATA]      [PRECIPITATION DATA]       SYMBOLS USED IN COLUMN 16

AVERAGE MONTHLY: 62.3   TOTAL FOR MONTH:   0.08    1 = FOG OR MIST
DPTR FM NORMAL:     M   DPTR FM NORMAL:       M    2 = FOG REDUCING VISIBILITY
HIGHEST:    90 ON  6    GRTST 24HR  0.05 ON  8- 8      TO 1/4 MILE OR LESS
LOWEST:     36 ON  9, 8                            3 = THUNDER
                        SNOW, ICE PELLETS, HAIL    4 = ICE PELLETS
                        TOTAL MONTH:   0.0 INCH    5 = HAIL
                        GRTST 24HR     0.0         6 = FREEZING RAIN OR DRIZZLE
                        GRTST DEPTH:   0           7 = DUSTSTORM OR SANDSTORM:
                                                       VSBY 1/2 MILE OR LESS
                                                   8 = SMOKE OR HAZE
[NO. OF DAYS WITH]      [WEATHER - DAYS WITH]      9 = BLOWING SNOW
                                                   X = TORNADO
MAX 32 OR BELOW:   0    0.01 INCH OR MORE:   2
MAX 90 OR ABOVE:   1    0.10 INCH OR MORE:   0
MIN 32 OR BELOW:   0    0.50 INCH OR MORE:   0
MIN  0 OR BELOW:   0    1.00 INCH OR MORE:   0

[HDD (BASE 65) ]
TOTAL THIS MO.    95    CLEAR  (SCALE 0-3)  10
DPTR FM NORMAL     M    PTCLDY (SCALE 4-7)   5
TOTAL FM JUL 1   195    CLOUDY (SCALE 8-10)  3
DPTR FM NORMAL     M

[CDD (BASE 65) ]
TOTAL THIS MO.    52
DPTR FM NORMAL     M    [PRESSURE DATA]
TOTAL FM JAN 1  2940    HIGHEST SLP M ON M
DPTR FM NORMAL     M    LOWEST  SLP M ON M

[REMARKS]
