000
CXUS53 KARX 020421
CF6MDZ
PRELIMINARY LOCAL CLIMATOLOGICAL DATA (WS FORM: F-6)

                                          STATION:   MEDFORD WI
                                          MONTH:     JUNE
                                          YEAR:      2015
                                          LATITUDE:   45  5 N
                                          LONGITUDE:  90 18 W

  TEMPERATURE IN F:       :PCPN:    SNOW:  WIND      :SUNSHINE: SKY     :PK WND
================================================================================
1   2   3   4   5  6A  6B    7    8   9   10  11  12  13   14  15   16   17  18
                                     12Z  AVG MX 2MIN
DY MAX MIN AVG DEP HDD CDD  WTR  SNW DPTH SPD SPD DIR MIN PSBL S-S WX    SPD DR
================================================================================

 1  64  36  50   M  15   0 0.00  0.0    0  5.5  9 130   M    M   0         M  M
 2  69  43  56   M   9   0 0.00  0.0    0  6.4 10 150   M    M   0        17 180
 3  73  49  61   M   4   0 0.38  0.0    0  9.0 15 180   M    M   5        23 160
 4  71  57  64   M   1   0 0.02  0.0    0  5.8  9 290   M    M   8 18     17 130
 5  71  49  60   M   5   0 0.00  0.0    0  7.4 13  20   M    M   4         M  M
 6  71  42  57   M   8   0 0.13  0.0    0  8.4 13 170   M    M   2        20 150
 7  75  57  66   M   0   1 0.84  0.0    0  8.3 16 290   M    M   7 3      23 290
 8  72  55  64   M   1   0 0.66  0.0    0  5.8 21 350   M    M   6 13     28 350
 9  80  53  67   M   0   2 0.00  0.0    0  2.7  8 170   M    M   3 123     M  M
10  74  56  65   M   0   0 0.00  0.0    0  7.6 15 320   M    M   1        22 330
11  58  51  55   M  10   0 0.44  0.0    0  5.6 10  80   M    M   9         M  M
12  74  50  62   M   3   0 0.00  0.0    0  6.8 12  90   M    M   2         M  M
13  61  53  57   M   8   0 0.25  0.0    0  4.4  7 150   M    M   8 12      M  M
14  76  58  67   M   0   2 0.02  0.0    0  2.8  8 270   M    M   7 1       M  M
15  72  55  64   M   1   0 0.03  0.0    0  4.1 13 350   M    M   3 13     13  10
16  67  48  58   M   7   0    T  0.0    0  3.6  8  40   M    M   3         M  M
17  74  56  65   M   0   0    T  0.0    0  7.4 14 160   M    M   8 1      18 170
18  74  48  61   M   4   0 0.01  0.0    0  7.5 14 320   M    M   4        21 340
19  69  46  58   M   7   0 0.00  0.0    0  6.0 10 160   M    M   2         M  M
20  70  53  62   M   3   0 0.18  0.0    0  6.0 17 130   M    M   7 12     24 130
21  76  55  66   M   0   1    T  0.0    0  4.5 13 300   M    M   6 12     18 270
22  77  56  67   M   0   2 0.77  0.0    0  9.6 24 190   M    M   4 3      29 190
23  74  52  63   M   2   0 0.00  0.0    0  7.4 13 330   M    M   2        16 290
24  76  54  65   M   0   0 0.00  0.0    0  4.7 10 230   M    M   1         M  M
25  76  54  65   M   0   0 0.00  0.0    0  4.2  9  20   M    M   5 1       M  M
26  74  53  64   M   1   0 0.00  0.0    0  4.0  9  90   M    M   1 1       M  M
27  76  51  64   M   1   0    T  0.0    0  2.9  7 170   M    M   4 1       M  M
28  71  54  63   M   2   0 0.00  0.0    0  4.7 12 170   M    M   5         M  M
29  77  52  65   M   0   0 0.16  0.0    0  2.3 12 290   M    M   7 123    16 290
30  67  45  56   M   9   0 0.00  0.0    0  7.9 14 360   M    M   7 1      17  20
================================================================================
SM 2159 1541       101   8  3.89     0.0 173.3          M      131
================================================================================
AV 72.0 51.4                               5.8 FASTST   M    M   4    MAX(MPH)
                                 MISC ---->    24   M                 29    M
================================================================================
NOTES:
# LAST OF SEVERAL OCCURRENCES

COLUMN 17 PEAK WIND IN M.P.H.

PRELIMINARY LOCAL CLIMATOLOGICAL DATA (WS FORM: F-6) , PAGE 2

                                          STATION:  MEDFORD WI
                                          MONTH:    JUNE
                                          YEAR:     2015
                                          LATITUDE:   45  5 N
                                          LONGITUDE:  90 18 W

[TEMPERATURE DATA]      [PRECIPITATION DATA]       SYMBOLS USED IN COLUMN 16

AVERAGE MONTHLY: 61.7   TOTAL FOR MONTH:   3.89    1 = FOG OR MIST
DPTR FM NORMAL:     M   DPTR FM NORMAL:       M    2 = FOG REDUCING VISIBILITY
HIGHEST:    80 ON  9    GRTST 24HR  0.84 ON  7- 7      TO 1/4 MILE OR LESS
LOWEST:     36 ON  1                               3 = THUNDER
                        SNOW, ICE PELLETS, HAIL    4 = ICE PELLETS
                        TOTAL MONTH:   0.0 INCH    5 = HAIL
                        GRTST 24HR     0.0         6 = FREEZING RAIN OR DRIZZLE
                        GRTST DEPTH:   0           7 = DUSTSTORM OR SANDSTORM:
                                                       VSBY 1/2 MILE OR LESS
                                                   8 = SMOKE OR HAZE
[NO. OF DAYS WITH]      [WEATHER - DAYS WITH]      9 = BLOWING SNOW
                                                   X = TORNADO
MAX 32 OR BELOW:   0    0.01 INCH OR MORE:  13
MAX 90 OR ABOVE:   0    0.10 INCH OR MORE:   9
MIN 32 OR BELOW:   0    0.50 INCH OR MORE:   3
MIN  0 OR BELOW:   0    1.00 INCH OR MORE:   0

[HDD (BASE 65) ]
TOTAL THIS MO.   101    CLEAR  (SCALE 0-3)  11
DPTR FM NORMAL     M    PTCLDY (SCALE 4-7)  17
TOTAL FM JUL 1  8959    CLOUDY (SCALE 8-10)  2
DPTR FM NORMAL     M

[CDD (BASE 65) ]
TOTAL THIS MO.     8
DPTR FM NORMAL     M    [PRESSURE DATA]
TOTAL FM JAN 1    16    HIGHEST SLP M ON M
DPTR FM NORMAL     M    LOWEST  SLP M ON M

[REMARKS]
#FINAL-06-15#
