000
CXUS54 KMEG 010735
CF6MEG
PRELIMINARY LOCAL CLIMATOLOGICAL DATA (WS FORM: F-6)

                                          STATION:   MEMPHIS/GERMANTOWN WFO
                                          MONTH:     FEBRUARY
                                          YEAR:      2015
                                          LATITUDE:   35  7 N
                                          LONGITUDE:  89 48 W

  TEMPERATURE IN F:       :PCPN:    SNOW:  WIND      :SUNSHINE: SKY     :PK WND
================================================================================
1   2   3   4   5  6A  6B    7    8   9   10  11  12  13   14  15   16   17  18
                                     12Z  AVG MX 2MIN
DY MAX MIN AVG DEP HDD CDD  WTR  SNW DPTH SPD SPD DIR MIN PSBL S-S WX    SPD DR
================================================================================

 1  58  30  44   4  21   0 0.76  0.0    0   M   M   M   M    M   M         M  M
 2  36  23  30 -10  35   0    T    T    0   M   M   M   M    M   M         M  M
 3  50  22  36  -4  29   0 0.00  0.0    0   M   M   M   M    M   M         M  M
 4  55  32  44   3  21   0 0.01  0.0    0   M   M   M   M    M   M         M  M
 5  38  24  31 -10  34   0    T    T    0   M   M   M   M    M   M         M  M
 6  52  20  36  -5  29   0 0.00  0.0    0   M   M   M   M    M   M         M  M
 7  64  37  51  10  14   0 0.00  0.0    0   M   M   M   M    M   M         M  M
 8  61  52  57  16   8   0 0.00  0.0    0   M   M   M   M    M   M         M  M
 9  57  35  46   4  19   0 0.00  0.0    0   M   M   M   M    M   M         M  M
10  49  30  40  -2  25   0 0.00  0.0    0   M   M   M   M    M   M         M  M
11  58  27  43   1  22   0 0.00  0.0    0   M   M   M   M    M   M         M  M
12  40  24  32 -10  33   0 0.00  0.0    0   M   M   M   M    M   M         M  M
13  43  23  33  -9  32   0 0.00  0.0    0   M   M   M   M    M   M         M  M
14  65  26  46   3  19   0 0.00  0.0    0   M   M   M   M    M   M         M  M
15  32  20  26 -17  39   0 0.00  0.0    0   M   M   M   M    M   M         M  M
16  32  19  26 -17  39   0 0.97  1.1    T   M   M   M   M    M   M 46      M  M
17  34  14  24 -19  41   0 0.00  0.0    1   M   M   M   M    M   M         M  M
18  32  21  27 -17  38   0 0.01  0.2    1   M   M   M   M    M   M         M  M
19  29  10  20 -24  45   0 0.00  0.0    T   M   M   M   M    M   M         M  M
20  35  21  28 -16  37   0 0.68    T    T   M   M   M   M    M   M 6       M  M
21  58  34  46   2  19   0 1.97  0.0    0   M   M   M   M    M   M         M  M
22  43  28  36  -9  29   0 0.29    T    0   M   M   M   M    M   M 46      M  M
23  28  21  25 -20  40   0    T    T    T   M   M   M   M    M   M         M  M
24  38  22  30 -15  35   0 0.00  0.0    T   M   M   M   M    M   M         M  M
25  34  25  30 -16  35   0 0.05  0.6    0   M   M   M   M    M   M         M  M
26  43  23  33 -13  32   0 0.00  0.0    1   M   M   M   M    M   M         M  M
27  34  20  27 -19  38   0 0.00  0.0    0   M   M   M   M    M   M         M  M
28  49  27  38  -8  27   0 0.00  0.0    0   M   M   M   M    M   M         M  M
================================================================================
SM 1247  710       835   0  4.74     1.9     M          M        M
================================================================================
AV 44.5 25.4                                 M FASTST   M    M   5    MAX(MPH)
                                 MISC ---->     M   M                  M    M
================================================================================
NOTES:
# LAST OF SEVERAL OCCURRENCES

COLUMN 17 PEAK WIND IN M.P.H.

PRELIMINARY LOCAL CLIMATOLOGICAL DATA (WS FORM: F-6) , PAGE 2

                                          STATION:  MEMPHIS/GERMANTOWN WFO
                                          MONTH:    FEBRUARY
                                          YEAR:     2015
                                          LATITUDE:   35  7 N
                                          LONGITUDE:  89 48 W

[TEMPERATURE DATA]      [PRECIPITATION DATA]       SYMBOLS USED IN COLUMN 16

AVERAGE MONTHLY: 34.9   TOTAL FOR MONTH:   4.74    1 = FOG OR MIST
DPTR FM NORMAL:  -8.1   DPTR FM NORMAL:    0.07    2 = FOG REDUCING VISIBILITY
HIGHEST:    65 ON 14    GRTST 24HR  1.97 ON 21-21      TO 1/4 MILE OR LESS
LOWEST:     10 ON 19                               3 = THUNDER
                        SNOW, ICE PELLETS, HAIL    4 = ICE PELLETS
                        TOTAL MONTH:   1.9 INCHES  5 = HAIL
                        GRTST 24HR   1.1 ON   M    6 = FREEZING RAIN OR DRIZZLE
                        GRTST DEPTH:   1 ON 26,18  7 = DUSTSTORM OR SANDSTORM:
                                                       VSBY 1/2 MILE OR LESS
                                                   8 = SMOKE OR HAZE
[NO. OF DAYS WITH]      [WEATHER - DAYS WITH]      9 = BLOWING SNOW
                                                   X = TORNADO
MAX 32 OR BELOW:   5    0.01 INCH OR MORE:   8
MAX 90 OR ABOVE:   0    0.10 INCH OR MORE:   5
MIN 32 OR BELOW:  24    0.50 INCH OR MORE:   4
MIN  0 OR BELOW:   0    1.00 INCH OR MORE:   1

[HDD (BASE 65) ]
TOTAL THIS MO.   835    CLEAR  (SCALE 0-3)   0
DPTR FM NORMAL   218    PTCLDY (SCALE 4-7)   0
TOTAL FM JUL 1  2908    CLOUDY (SCALE 8-10)  0
DPTR FM NORMAL   162

[CDD (BASE 65) ]
TOTAL THIS MO.     0
DPTR FM NORMAL    -1    [PRESSURE DATA]
TOTAL FM JAN 1     0    HIGHEST SLP M ON M
DPTR FM NORMAL    -1    LOWEST  SLP M ON M

[REMARKS]
#FINAL-02-15#
