000
CXUS56 KPDT 241832
CF6MEH
PRELIMINARY LOCAL CLIMATOLOGICAL DATA (WS FORM: F-6)

                                          STATION:   MEACHAM OR
                                          MONTH:     APRIL
                                          YEAR:      2014
                                          LATITUDE:   45 30 N
                                          LONGITUDE: 118 24 W

  TEMPERATURE IN F:       :PCPN:    SNOW:  WIND      :SUNSHINE: SKY     :PK WND
================================================================================
1   2   3   4   5  6A  6B    7    8   9   10  11  12  13   14  15   16   17  18
                                     12Z  AVG MX 2MIN
DY MAX MIN AVG DEP HDD CDD  WTR  SNW DPTH SPD SPD DIR MIN PSBL S-S WX    SPD DR
================================================================================

 1  42  28  35  -3  30   0 0.02    M    0  1.2  7 260   M    M   8 1      13 310
 2  48  28  38   0  27   0 0.00  0.0    0  1.5  9 260   M    M   6 1      15 290
 3  55  24  40   1  25   0 0.03  0.0    0  1.0  8 280   M    M   5 1      16 330
 4  45  32  39   0  26   0 0.25    M    0  0.6  7 280   M    M  10 1      11 310
 5  47  30  39   0  26   0 0.55    M    0  0.5  8 230   M    M   9 1      13 220
 6  54  33  44   5  21   0 0.37  0.0    0  2.9 10 290   M    M   7 1      23 290
 7  67  29  48   9  17   0 0.00  0.0    0  1.4  7 280   M    M   0 1      11 150
 8  68  31  50  11  15   0 0.00  0.0    0  1.1  8 310   M    M   0        13 350
 9  53  30  42   2  23   0 0.08  0.0    0  1.9  9 280   M    M   3 1      17 260
10  56  28  42   2  23   0 0.00  0.0    0  1.1  9 270   M    M   0        15 270
11  60  27  44   4  21   0 0.00  0.0    0  1.7  9 320   M    M   0        16 320
12  51  27  39  -1  26   0    T  0.0    0  1.6  9  20   M    M   5        15  30
13  51  24  38  -2  27   0 0.00  0.0    0  1.7 10  10   M    M   0        16  20
14  66  21  44   4  21   0 0.00  0.0    0  1.0  8  90   M    M   2        13 100
15  51  33  42   2  23   0 0.00  0.0    0  4.3 12 290   M    M   4        23 290
16  54  27  41   0  24   0    T    M    0  1.0  7 290   M    M   6        12 320
17  49  37  43   2  22   0 0.34  0.0    0  0.4  6 280   M    M   9 1      10 260
18  51  28  40  -1  25   0    T  0.0    0  3.4 10 280   M    M   2        21 260
19  65  27  46   5  19   0    T  0.0    0  2.0 10 310   M    M   5        24 310
20  60  32  46   5  19   0 0.00  0.0    0  0.7  7 260   M    M   3        13 220
21  65  37  51   9  14   0    T  0.0    0  0.6  7 280   M    M   5        11 180
22  47  28  38  -4  27   0 0.27    M    M  2.8 13 270   M    M   6 1      23 290
23  46  28  37  -5  28   0 0.51    M    M  0.9  9 270   M    M  10 12     14 230
================================================================================
SM 1251  669       529   0  2.42     0.0  35.3          M      105
================================================================================
AV 54.4 29.1                               1.5 FASTST   M    M   5    MAX(MPH)
                                 MISC ---->  # 13 270               # 24  310
================================================================================
NOTES:
# LAST OF SEVERAL OCCURRENCES

COLUMN 17 PEAK WIND IN M.P.H.

PRELIMINARY LOCAL CLIMATOLOGICAL DATA (WS FORM: F-6) , PAGE 2

                                          STATION:  MEACHAM OR
                                          MONTH:    APRIL
                                          YEAR:     2014
                                          LATITUDE:   45 30 N
                                          LONGITUDE: 118 24 W

[TEMPERATURE DATA]      [PRECIPITATION DATA]       SYMBOLS USED IN COLUMN 16

AVERAGE MONTHLY: 41.7   TOTAL FOR MONTH:   2.42    1 = FOG OR MIST
DPTR FM NORMAL:   1.7   DPTR FM NORMAL:   -0.06    2 = FOG REDUCING VISIBILITY
HIGHEST:    68 ON  8    GRTST 24HR  0.89 ON  5- 6      TO 1/4 MILE OR LESS
LOWEST:     21 ON 14                               3 = THUNDER
                        SNOW, ICE PELLETS, HAIL    4 = ICE PELLETS
                        TOTAL MONTH:   0.0 INCH    5 = HAIL
                        GRTST 24HR     0.0         6 = FREEZING RAIN OR DRIZZLE
                        GRTST DEPTH:   0           7 = DUSTSTORM OR SANDSTORM:
                                                       VSBY 1/2 MILE OR LESS
                                                   8 = SMOKE OR HAZE
[NO. OF DAYS WITH]      [WEATHER - DAYS WITH]      9 = BLOWING SNOW
                                                   X = TORNADO
MAX 32 OR BELOW:   0    0.01 INCH OR MORE:   9
MAX 90 OR ABOVE:   0    0.10 INCH OR MORE:   6
MIN 32 OR BELOW:  19    0.50 INCH OR MORE:   2
MIN  0 OR BELOW:   0    1.00 INCH OR MORE:   0

[HDD (BASE 65) ]
TOTAL THIS MO.   529    CLEAR  (SCALE 0-3)   7
DPTR FM NORMAL   -46    PTCLDY (SCALE 4-7)  11
TOTAL FM JUL 1  6756    CLOUDY (SCALE 8-10)  5
DPTR FM NORMAL  -491

[CDD (BASE 65) ]
TOTAL THIS MO.     0
DPTR FM NORMAL     0    [PRESSURE DATA]
TOTAL FM JAN 1     0    HIGHEST SLP M ON M
DPTR FM NORMAL     0    LOWEST  SLP 29.69 ON  1

[REMARKS]
