000
CXUS56 KPDT 261832
CF6MEH
PRELIMINARY LOCAL CLIMATOLOGICAL DATA (WS FORM: F-6)

                                          STATION:   MEACHAM OR
                                          MONTH:     MARCH
                                          YEAR:      2017
                                          LATITUDE:   45 30 N
                                          LONGITUDE: 118 24 W

  TEMPERATURE IN F:       :PCPN:    SNOW:  WIND      :SUNSHINE: SKY     :PK WND
================================================================================
1   2   3   4   5  6A  6B    7    8   9   10  11  12  13   14  15   16   17  18
                                     12Z  AVG MX 2MIN
DY MAX MIN AVG DEP HDD CDD  WTR  SNW DPTH SPD SPD DIR MIN PSBL S-S WX    SPD DR
================================================================================

 1  41  27  34   2  31   0 0.00  0.0   33  0.8  8 280   M    M   3        14 190
 2  49  21  35   3  30   0 0.00  0.0    M  0.3  6 250   M    M   2        16 200
 3  51  24  38   6  27   0 0.01  0.0    M  0.9  8 190   M    M   6        16 230
 4  41  28  35   2  30   0 0.54  7.8    M  0.7  8 280   M    M   8 128    14 310
 5  36  18  27  -6  38   0 0.04  0.8    M  0.6 12 270   M    M   5 1      21 250
 6  33  20  27  -6  38   0 0.07  1.0    M  1.7  8 270   M    M   9 8      17 230
 7  39  27  33   0  32   0 0.50  6.0    M  0.4  6 210   M    M  10 12     12 240
 8  40  33  37   3  28   0 0.71    M    M  0.0  5 320   M    M  10 1       9 240
 9  45  35  40   6  25   0 0.55  0.0    M  0.3  6 190   M    M  10 1      11 180
10  53  29  41   7  24   0    T  0.0    M  0.6  9 270   M    M   1 1      16 270
11  46  26  36   2  29   0 0.11  0.0    M  0.3  8  90   M    M   5 1      13 230
12  49  29  39   5  26   0 0.00  0.0    M  0.5  7 260   M    M   3 18     11 300
13  54  29  42   7  23   0 0.22  0.0    M  0.0  5 180   M    M   7 1      11 210
14  53  35  44   9  21   0 0.15  0.0    M  0.2  6 190   M    M   8 1      13 210
15  51  37  44   9  21   0 0.57  0.0    M  0.2  7 230   M    M  10 12     14 240
16  47  28  38   3  27   0 0.21    M    M  0.8  8 290   M    M   6 18     16 310
17  50  27  39   3  26   0 0.07  0.0    M  0.2  6 200   M    M   6 1      10 210
18  56  34  45   9  20   0 0.30  0.0    0  1.0  8 230   M    M  10 1      18 210
19  44  29  37   1  28   0 0.00  0.0    0  0.9  7  10   M    M   5        11 350
20  54  30  42   6  23   0 0.01  0.0    0  0.7  6 340   M    M   9 16     12 280
21  55  32  44   8  21   0 0.07  0.0    0  0.2 10 250   M    M   8 12     23 300
22  48  32  40   3  25   0 0.15  0.0    0  0.6  7 290   M    M   7 1      16 280
23  49  30  40   3  25   0 0.00  0.0    0  0.8  6 250   M    M   4        10  70
24  43  30  37   0  28   0 0.21  0.0    0  0.0  5 220   M    M   8 1      10 190
25  45  30  38   1  27   0 0.08    M    0  0.3  8 260   M    M   8 16     16 270
================================================================================
SM 1172  720       673   0  4.57    15.6  13.0          M      168
================================================================================
AV 46.9 28.8                               0.5 FASTST   M    M   7    MAX(MPH)
                                 MISC ---->  # 12 270               # 23  300
================================================================================
NOTES:
# LAST OF SEVERAL OCCURRENCES

COLUMN 17 PEAK WIND IN M.P.H.

PRELIMINARY LOCAL CLIMATOLOGICAL DATA (WS FORM: F-6) , PAGE 2

                                          STATION:  MEACHAM OR
                                          MONTH:    MARCH
                                          YEAR:     2017
                                          LATITUDE:   45 30 N
                                          LONGITUDE: 118 24 W

[TEMPERATURE DATA]      [PRECIPITATION DATA]       SYMBOLS USED IN COLUMN 16

AVERAGE MONTHLY: 37.8   TOTAL FOR MONTH:   4.57    1 = FOG OR MIST
DPTR FM NORMAL:   3.2   DPTR FM NORMAL:    1.12    2 = FOG REDUCING VISIBILITY
HIGHEST:    56 ON 18    GRTST 24HR  0.71 ON  8- 8      TO 1/4 MILE OR LESS
LOWEST:     18 ON  5                               3 = THUNDER
                        SNOW, ICE PELLETS, HAIL    4 = ICE PELLETS
                        TOTAL MONTH:  15.6 INCHES  5 = HAIL
                        GRTST 24HR   7.8 ON   M    6 = FREEZING RAIN OR DRIZZLE
                        GRTST DEPTH:  33 ON  1     7 = DUSTSTORM OR SANDSTORM:
                                                       VSBY 1/2 MILE OR LESS
                                                   8 = SMOKE OR HAZE
[NO. OF DAYS WITH]      [WEATHER - DAYS WITH]      9 = BLOWING SNOW
                                                   X = TORNADO
MAX 32 OR BELOW:   0    0.01 INCH OR MORE:  19
MAX 90 OR ABOVE:   0    0.10 INCH OR MORE:  12
MIN 32 OR BELOW:  20    0.50 INCH OR MORE:   5
MIN  0 OR BELOW:   0    1.00 INCH OR MORE:   0

[HDD (BASE 65) ]
TOTAL THIS MO.   673    CLEAR  (SCALE 0-3)   2
DPTR FM NORMAL   -86    PTCLDY (SCALE 4-7)  13
TOTAL FM JUL 1  6369    CLOUDY (SCALE 8-10) 10
DPTR FM NORMAL  -140

[CDD (BASE 65) ]
TOTAL THIS MO.     0
DPTR FM NORMAL     0    [PRESSURE DATA]
TOTAL FM JAN 1     0    HIGHEST SLP M ON M
DPTR FM NORMAL     0    LOWEST  SLP 29.47 ON  5

[REMARKS]
