000
CXUS54 KMEG 280636
CF6MEM
PRELIMINARY LOCAL CLIMATOLOGICAL DATA (WS FORM: F-6)

                                          STATION:   MEMPHIS
                                          MONTH:     JULY
                                          YEAR:      2016
                                          LATITUDE:   35  3 N
                                          LONGITUDE:  89 59 W

  TEMPERATURE IN F:       :PCPN:    SNOW:  WIND      :SUNSHINE: SKY     :PK WND
================================================================================
1   2   3   4   5  6A  6B    7    8   9   10  11  12  13   14  15   16   17  18
                                     12Z  AVG MX 2MIN
DY MAX MIN AVG DEP HDD CDD  WTR  SNW DPTH SPD SPD DIR MIN PSBL S-S WX    SPD DR
================================================================================

 1  94  75  85   3   0  20 0.00  0.0    0  7.0 14 310   M    M   7        21 330
 2  96  77  87   5   0  22 0.00  0.0    0  6.1 10 270   M    M   6         M  M
 3  95  78  87   5   0  22 0.00  0.0    0  9.8 20 190   M    M   6        29 230
 4  95  76  86   4   0  21 1.93  0.0    0 11.4 26 350   M    M   8 138    36 350
 5  90  78  84   2   0  19 0.00  0.0    0 10.8 20 240   M    M   7        25 260
 6  93  80  87   4   0  22 0.00  0.0    0 11.9 21 200   M    M   5        31 230
 7  94  80  87   4   0  22 0.00  0.0    0 11.6 22 230   M    M   5        35 200
 8  95  81  88   5   0  23 0.00  0.0    0  9.2 23 360   M    M   7 3      28 350
 9  92  74  83   0   0  18 0.48  0.0    0  6.0 20 180   M    M   9 13     26 340
10  91  73  82  -1   0  17    T  0.0    0  4.8 16 210   M    M   8        21 190
11  89  72  81  -2   0  16 0.00  0.0    0  7.3 15 170   M    M   6        18 150
12  93  76  85   2   0  20 0.00  0.0    0 10.3 21 190   M    M   2        28 200
13  94  77  86   3   0  21 0.00  0.0    0 10.4 20 200   M    M   2        25 200
14  90  73  82  -1   0  17 0.36  0.0    0  8.2 26 320   M    M   7 13     41 320
15  95  74  85   2   0  20 0.00  0.0    0  3.9 24 360   M    M   5 3      32 350
16  95  73  84   1   0  19 0.00  0.0    0  3.6 13 100   M    M   6 3      14 100
17  97  76  87   4   0  22 0.00  0.0    0  6.3 17  90   M    M   2 8      22  90
18  96  78  87   4   0  22 0.15  0.0    0  2.2 15 270   M    M   3 8      20 280
19  96  79  88   5   0  23 0.06  0.0    0  2.1 25  90   M    M   4 3      31  80
20  97  76  87   4   0  22 0.95  0.0    0  2.0 40 130   M    M   6 1238   66 110
21  97  76  87   4   0  22 0.02  0.0    0  1.6 12 210   M    M   4 3      20 250
22 100  80  90   7   0  25 0.00  0.0    0  4.8 22  40   M    M   4        28  30
23  88  77  83   0   0  18 0.14  0.0    0  6.4 17 100   M    M   9 3      24 100
24  92  76  84   1   0  19 1.05  0.0    0  5.9 17 160   M    M   7 13     21 170
25  96  79  88   5   0  23    T  0.0    0  4.8 17 280   M    M   4 3      23 290
26  97  80  89   6   0  24    T  0.0    0  4.9 14 140   M    M   3        17 120
27  94  77  86   3   0  21 0.53  0.0    0  5.6 18 150   M    M   6 138    23 160
================================================================================
SM 2541 2071         0 560  5.67     0.0 178.9          M      148
================================================================================
AV 94.1 76.7                               6.6 FASTST   M    M   5    MAX(MPH)
                                 MISC ---->  # 40 130               # 66  110
================================================================================
NOTES:
# LAST OF SEVERAL OCCURRENCES

COLUMN 17 PEAK WIND IN M.P.H.

PRELIMINARY LOCAL CLIMATOLOGICAL DATA (WS FORM: F-6) , PAGE 2

                                          STATION:  MEMPHIS
                                          MONTH:    JULY
                                          YEAR:     2016
                                          LATITUDE:   35  3 N
                                          LONGITUDE:  89 59 W

[TEMPERATURE DATA]      [PRECIPITATION DATA]       SYMBOLS USED IN COLUMN 16

AVERAGE MONTHLY: 85.4   TOTAL FOR MONTH:   5.67    1 = FOG OR MIST
DPTR FM NORMAL:   2.6   DPTR FM NORMAL:    1.63    2 = FOG REDUCING VISIBILITY
HIGHEST:   100 ON 22    GRTST 24HR  1.93 ON  4- 4      TO 1/4 MILE OR LESS
LOWEST:     72 ON 11                               3 = THUNDER
                        SNOW, ICE PELLETS, HAIL    4 = ICE PELLETS
                        TOTAL MONTH:   0.0 INCH    5 = HAIL
                        GRTST 24HR     0.0         6 = FREEZING RAIN OR DRIZZLE
                        GRTST DEPTH:   0           7 = DUSTSTORM OR SANDSTORM:
                                                       VSBY 1/2 MILE OR LESS
                                                   8 = SMOKE OR HAZE
[NO. OF DAYS WITH]      [WEATHER - DAYS WITH]      9 = BLOWING SNOW
                                                   X = TORNADO
MAX 32 OR BELOW:   0    0.01 INCH OR MORE:  10
MAX 90 OR ABOVE:  25    0.10 INCH OR MORE:   8
MIN 32 OR BELOW:   0    0.50 INCH OR MORE:   4
MIN  0 OR BELOW:   0    1.00 INCH OR MORE:   2

[HDD (BASE 65) ]
TOTAL THIS MO.     0    CLEAR  (SCALE 0-3)   3
DPTR FM NORMAL     0    PTCLDY (SCALE 4-7)  22
TOTAL FM JUL 1     0    CLOUDY (SCALE 8-10)  2
DPTR FM NORMAL     0

[CDD (BASE 65) ]
TOTAL THIS MO.   560
DPTR FM NORMAL    78    [PRESSURE DATA]
TOTAL FM JAN 1  1417    HIGHEST SLP M ON M
DPTR FM NORMAL   176    LOWEST  SLP 29.86 ON  4

[REMARKS]
