000
CXUS54 KLZK 111010
CF6MEZ
PRELIMINARY LOCAL CLIMATOLOGICAL DATA (WS FORM: F-6)

                                          STATION:   Mena Airport
                                          MONTH:     SEPTEMBER
                                          YEAR:      2014
                                          LATITUDE:   34  9 N
                                          LONGITUDE:  94 15 W

  TEMPERATURE IN F:       :PCPN:    SNOW:  WIND      :SUNSHINE: SKY     :PK WND
================================================================================
1   2   3   4   5  6A  6B    7    8   9   10  11  12  13   14  15   16   17  18
                                     12Z  AVG MX 2MIN
DY MAX MIN AVG DEP HDD CDD  WTR  SNW DPTH SPD SPD DIR MIN PSBL S-S WX    SPD DR
================================================================================

 1  91  77  84   8   0  19 0.00    M    M  2.2  9 190   M    M   4        16 140
 2  86  70  78   2   0  13 0.84    M    M  1.3 12  10   M    M   4 3      24  10
 3  91  68  80   5   0  15 0.00    M    M  0.3  5 200   M    M   5         M  M
 4  93  73  83   8   0  18 0.00    M    M  1.2  8 250   M    M   1         M  M
 5  95  73  84   9   0  19 0.00    M    M  0.2  6 270   M    M   1         M  M
 6  86  72  79   5   0  14 0.00    M    M  0.8  9  10   M    M   5         M  M
 7  82  68  75   1   0  10 0.11    M    M  0.1  4  70   M    M   7         M  M
 8  90  66  78   4   0  13 0.00    M    M  0.0  M   M   M    M   6         M  M
 9  91  70  81   8   0  16 0.00    M    M  0.3  7 190   M    M   1         M  M
10  93  77  85  12   0  20 0.01    M    M  2.8  9 220   M    M   4 3      25 230
11  77  72  75   2   0  10 1.16    M    M  0.5  8  70   M    M   9 3       M  M
12  72  61  67  -5   0   2 0.21    M    M  2.4 10  80   M    M  10 3       M  M
13  64  55  60 -12   5   0 0.06    M    M  1.0 10  70   M    M  10         M  M
14  79  57  68  -4   0   3 0.00    M    M  0.0  M   M   M    M   3         M  M
15  79  64  72   1   0   7 0.03    M    M  0.0  M   M   M    M   7         M  M
16  88  70  79   8   0  14 0.00    M    M  0.0  M   M   M    M   3         M  M
17  88  70  79   9   0  14 0.11    M    M  0.0  M   M   M    M   3         M  M
18  88  68  78   8   0  13 0.09    M    M  1.0 13 220   M    M   2        23 220
19  86  68  77   7   0  12 0.02    M    M  0.2  5  20   M    M   7         M  M
20  90  66  78   9   0  13 0.00    M    M  0.0  M   M   M    M   1         M  M
21  88  64  76   7   0  11 0.00    M    M  1.1  9 300   M    M   2         M  M
22  79  54  67  -1   0   2 0.00    M    M  0.8  9  70   M    M   0         M  M
23  79  48  64  -4   1   0 0.00    M    M  0.0  M   M   M    M   0         M  M
24  82  45  64  -4   1   0 0.00    M    M  0.0  M   M   M    M   3         M  M
25  81  54  68   1   0   3 0.00    M    M  0.2  6  90   M    M   5         M  M
26  82  54  68   1   0   3 0.00    M    M  0.1  4 100   M    M   3         M  M
27  82  55  69   2   0   4 0.00    M    M  0.3  7  80   M    M   0         M  M
28  84  59  72   6   0   7 0.00    M    M  0.0  M   M   M    M   1         M  M
29  86  55  71   5   0   6 0.00    M    M  0.0  M   M   M    M   2         M  M
30  82  57  70   4   0   5 0.00    M    M  0.0  M   M   M    M   2         M  M
================================================================================
SM 2534 1910         7 286  2.64    M     16.8          M      111
================================================================================
AV 84.5 63.7                               0.6 FASTST   M    M   4    MAX(MPH)
                                 MISC ---->    13   M                 25    M
================================================================================
NOTES:
# LAST OF SEVERAL OCCURRENCES

COLUMN 17 PEAK WIND IN M.P.H.

PRELIMINARY LOCAL CLIMATOLOGICAL DATA (WS FORM: F-6) , PAGE 2

                                          STATION:  Mena Airport
                                          MONTH:    SEPTEMBER
                                          YEAR:     2014
                                          LATITUDE:   34  9 N
                                          LONGITUDE:  94 15 W

[TEMPERATURE DATA]      [PRECIPITATION DATA]       SYMBOLS USED IN COLUMN 16

AVERAGE MONTHLY: 74.1   TOTAL FOR MONTH:   2.64    1 = FOG OR MIST
DPTR FM NORMAL:   3.2   DPTR FM NORMAL:   -2.15    2 = FOG REDUCING VISIBILITY
HIGHEST:    95 ON  5    GRTST 24HR  1.16 ON 11-11      TO 1/4 MILE OR LESS
LOWEST:     45 ON 24                               3 = THUNDER
                        SNOW, ICE PELLETS, HAIL    4 = ICE PELLETS
                        TOTAL MONTH:    M          5 = HAIL
                        GRTST 24HR    M  ON   M    6 = FREEZING RAIN OR DRIZZLE
                        GRTST DEPTH:  M  ON   M    7 = DUSTSTORM OR SANDSTORM:
                                                       VSBY 1/2 MILE OR LESS
                                                   8 = SMOKE OR HAZE
[NO. OF DAYS WITH]      [WEATHER - DAYS WITH]      9 = BLOWING SNOW
                                                   X = TORNADO
MAX 32 OR BELOW:   0    0.01 INCH OR MORE:  10
MAX 90 OR ABOVE:   8    0.10 INCH OR MORE:   5
MIN 32 OR BELOW:   0    0.50 INCH OR MORE:   2
MIN  0 OR BELOW:   0    1.00 INCH OR MORE:   1

[HDD (BASE 65) ]
TOTAL THIS MO.     7    CLEAR  (SCALE 0-3)  15
DPTR FM NORMAL   -23    PTCLDY (SCALE 4-7)  12
TOTAL FM JUL 1     7    CLOUDY (SCALE 8-10)  3
DPTR FM NORMAL   -24

[CDD (BASE 65) ]
TOTAL THIS MO.   286
DPTR FM NORMAL    79    [PRESSURE DATA]
TOTAL FM JAN 1  1556    HIGHEST SLP M ON M
DPTR FM NORMAL    88    LOWEST  SLP M ON M

[REMARKS]
#FINAL-09-14#
