000
CXUS54 KLZK 120947
CF6MEZ
PRELIMINARY LOCAL CLIMATOLOGICAL DATA (WS FORM: F-6)

                                          STATION:   Mena Airport
                                          MONTH:     APRIL
                                          YEAR:      2015
                                          LATITUDE:   34  9 N
                                          LONGITUDE:  94 15 W

  TEMPERATURE IN F:       :PCPN:    SNOW:  WIND      :SUNSHINE: SKY     :PK WND
================================================================================
1   2   3   4   5  6A  6B    7    8   9   10  11  12  13   14  15   16   17  18
                                     12Z  AVG MX 2MIN
DY MAX MIN AVG DEP HDD CDD  WTR  SNW DPTH SPD SPD DIR MIN PSBL S-S WX    SPD DR
================================================================================

 1  79  63  71  17   0   6 0.00    M    M  3.0  8 190   M    M   5 3      17 180
 2  79  68  74  19   0   9 0.00    M    M  7.8 13 210   M    M   8        24 200
 3  73  54  64   9   1   0 0.00    M    M 10.1 15 340   M    M   6        24 210
 4  66  41  54  -1  11   0 0.00    M    M  5.1  8  50   M    M   0         M  M
 5  57  37  47  -9  18   0 0.00    M    M  2.9  9 150   M    M   9         M  M
 6  73  59  66  10   0   1 0.00    M    M  6.0 10 190   M    M   8        21 190
 7  82  68  75  19   0  10 0.00    M    M  5.8  9 190   M    M   6 3      21 210
 8  81  70  76  20   0  11 0.00    M    M  8.1 13 220   M    M   3        25 220
 9  82  61  72  15   0   7 0.00    M    M  7.7 15 300   M    M   5 3      29 300
10  72  45  59   2   6   0 0.00    M    M  4.6 12 330   M    M   0        18 350
11  77  41  59   2   6   0 0.00    M    M  2.8  9  70   M    M   0         M  M
12  79  45  62   4   3   0 0.00    M    M  2.4  8 140   M    M   6         M  M
13  72  61  67   9   0   2 0.00    M    M  4.9 12  30   M    M  10 3      21  30
14  66  55  61   3   4   0 0.00    M    M  6.7 12  80   M    M  10         M  M
15  70  55  63   5   2   0 0.00    M    M  1.8  6  90   M    M   8         M  M
16  81  48  65   6   0   0 0.00    M    M  0.9  9  90   M    M   5         M  M
17  82  64  73  14   0   8 0.04    M    M  1.6  8  80   M    M   4         M  M
18  75  59  67   8   0   2 0.03    M    M  2.5  8  90   M    M   6 3       M  M
19  79  57  68   9   0   3 0.02    M    M  6.5 14 250   M    M   6 3      22 290
20  68  43  56  -4   9   0 0.00    M    M  9.4 18 290   M    M   1        27 320
21  72  39  56  -4   9   0 0.00    M    M  2.9  7 230   M    M   3        17 230
22  73  50  62   2   3   0 0.00    M    M  2.1  8  40   M    M   4 3       M  M
23  61  52  57  -3   8   0 0.00    M    M  7.3 12  60   M    M   8        16  60
24  63  52  58  -3   7   0 2.00    M    M  1.9  6 100   M    M   9 3       M  M
25  84  61  73  12   0   8 0.00    M    M  6.7 14 260   M    M   3        20 250
26  84  50  67   6   0   2 0.00    M    M  5.1 13  70   M    M   1 3      20  80
27  68  54  61  -1   4   0 0.26    M    M 13.0 23  70   M    M   7        31  80
28  55  52  54  -8  11   0 0.33    M    M  3.8  9 350   M    M   9         9  50
29  75  43  59  -3   6   0 0.00    M    M  4.6 10 310   M    M   1         M  M
30  79  45  62   0   3   0 0.00    M    M  3.5 10 260   M    M   0        16 300
================================================================================
SM 2207 1592       111  69  2.68    M    151.5          M      151
================================================================================
AV 73.6 53.1                               5.1 FASTST   M    M   5    MAX(MPH)
                                 MISC ---->  # 23  70                 31    M
================================================================================
NOTES:
# LAST OF SEVERAL OCCURRENCES

COLUMN 17 PEAK WIND IN M.P.H.

PRELIMINARY LOCAL CLIMATOLOGICAL DATA (WS FORM: F-6) , PAGE 2

                                          STATION:  Mena Airport
                                          MONTH:    APRIL
                                          YEAR:     2015
                                          LATITUDE:   34  9 N
                                          LONGITUDE:  94 15 W

[TEMPERATURE DATA]      [PRECIPITATION DATA]       SYMBOLS USED IN COLUMN 16

AVERAGE MONTHLY: 63.3   TOTAL FOR MONTH:   2.68    1 = FOG OR MIST
DPTR FM NORMAL:   4.8   DPTR FM NORMAL:   -2.75    2 = FOG REDUCING VISIBILITY
HIGHEST:    84 ON 26,25 GRTST 24HR  2.00 ON 24-24      TO 1/4 MILE OR LESS
LOWEST:     37 ON  5                               3 = THUNDER
                        SNOW, ICE PELLETS, HAIL    4 = ICE PELLETS
                        TOTAL MONTH:    M          5 = HAIL
                        GRTST 24HR    M  ON   M    6 = FREEZING RAIN OR DRIZZLE
                        GRTST DEPTH:  M  ON   M    7 = DUSTSTORM OR SANDSTORM:
                                                       VSBY 1/2 MILE OR LESS
                                                   8 = SMOKE OR HAZE
[NO. OF DAYS WITH]      [WEATHER - DAYS WITH]      9 = BLOWING SNOW
                                                   X = TORNADO
MAX 32 OR BELOW:   0    0.01 INCH OR MORE:   6
MAX 90 OR ABOVE:   0    0.10 INCH OR MORE:   3
MIN 32 OR BELOW:   0    0.50 INCH OR MORE:   1
MIN  0 OR BELOW:   0    1.00 INCH OR MORE:   1

[HDD (BASE 65) ]
TOTAL THIS MO.   111    CLEAR  (SCALE 0-3)   9
DPTR FM NORMAL  -111    PTCLDY (SCALE 4-7)  15
TOTAL FM JUL 1  3020    CLOUDY (SCALE 8-10)  6
DPTR FM NORMAL  -553

[CDD (BASE 65) ]
TOTAL THIS MO.    69
DPTR FM NORMAL    43    [PRESSURE DATA]
TOTAL FM JAN 1    92    HIGHEST SLP M ON M
DPTR FM NORMAL    60    LOWEST  SLP M ON M

[REMARKS]
#FINAL-04-15#
