000
CXUS53 KGRB 310812
CF6MFI
PRELIMINARY LOCAL CLIMATOLOGICAL DATA (WS FORM: F-6)

                                          STATION:   MARSHFIELD WI
                                          MONTH:     JULY
                                          YEAR:      2015
                                          LATITUDE:   44 37 N
                                          LONGITUDE:  90 11 W

  TEMPERATURE IN F:       :PCPN:    SNOW:  WIND      :SUNSHINE: SKY     :PK WND
================================================================================
1   2   3   4   5  6A  6B    7    8   9   10  11  12  13   14  15   16   17  18
                                     12Z  AVG MX 2MIN
DY MAX MIN AVG DEP HDD CDD  WTR  SNW DPTH SPD SPD DIR MIN PSBL S-S WX    SPD DR
================================================================================

 1  73  45  59  -9   6   0 0.00  0.0    0  3.8 13  40   M    M   0        25  10
 2  74  52  63  -5   2   0 0.00  0.0    0  5.1 12 120   M    M   1 18     15 120
 3  76  52  64  -4   1   0 0.00  0.0    0  4.7 13 250   M    M   1        17 250
 4  83  58  71   2   0   6 0.00  0.0    0  2.9  8 240   M    M   3 18     11 180
 5  83  60  72   3   0   7 0.00  0.0    0  9.0 18 180   M    M   1 18     23 180
 6  76  57  67  -2   0   2 0.83  0.0    0 10.1 18 360   M    M   5 18     27 360
 7  72  52  62  -7   3   0 0.00  0.0    0  7.2 16  50   M    M   3 18     24  30
 8  73  50  62  -7   3   0 0.00  0.0    0  4.6 13 180   M    M   2        18 170
 9  78  52  65  -4   0   0 0.00  0.0    0  3.1 10 220   M    M   0 18     14 260
10  83  56  70   1   0   5 0.00  0.0    0  4.6 10 180   M    M   1 18     14 210
11  79  61  70   1   0   5 0.00  0.0    0  4.5 14 170   M    M   3 18     20 160
12  85  62  74   5   0   9 0.00  0.0    0  6.9 14 180   M    M   4 128    19 180
13  84  63  74   5   0   9 1.14  0.0    0  8.2 40 320   M    M   4 13     53 310
14  79  55  67  -2   0   2 0.00  0.0    0  9.7 18  20   M    M   4        25  30
15  76  49  63  -6   2   0 0.00  0.0    0  5.0  9 150   M    M   0        12 140
16  75  58  67  -2   0   2 0.13  0.0    0  9.2 18 160   M    M   5 18     24 170
17  85  68  77   8   0  12 0.01  0.0    0  6.4 14 280   M    M   5 12     17 290
18  87  66  77   8   0  12 0.44  0.0    0  9.3 26 300   M    M   2 13     36 310
19  80  59  70   1   0   5 0.00  0.0    0  9.1 18 260   M    M   1        24 250
20  81  59  70   1   0   5 0.00  0.0    0 10.1 23 320   M    M   1        29 310
21  78  54  66  -3   0   1 0.00  0.0    0  9.1 18 310   M    M   1 8      25 320
22  81  58  70   1   0   5 0.00  0.0    0  5.8 14 290   M    M   2        19 290
23  83  57  70   1   0   5 0.00  0.0    0  4.5 10 240   M    M   0 1      13 230
24  82  61  72   3   0   7    T  0.0    0  8.4 26 160   M    M   4 8      34 170
25  87  65  76   7   0  11 0.00  0.0    0  5.7 13 340   M    M   1 1      18  10
26  85  62  74   5   0   9 0.00  0.0    0  3.9 12 170   M    M   0        14 160
27  86  58  72   3   0   7 0.00  0.0    0  5.4 14 140   M    M   0        17 150
28  83  67  75   6   0  10    T  0.0    0  9.3 21 150   M    M   3        28 150
29  82  63  73   4   0   8 0.00  0.0    0 13.5 29 280   M    M   1        40 280
30  84  60  72   3   0   7 0.00  0.0    0 10.0 22 280   M    M   1        30 260
================================================================================
SM 2413 1739        17 151  2.55     0.0 209.1          M       59
================================================================================
AV 80.4 58.0                               7.0 FASTST   M    M   2    MAX(MPH)
                                 MISC ---->  # 40 320               # 53  310
================================================================================
NOTES:
# LAST OF SEVERAL OCCURRENCES

COLUMN 17 PEAK WIND IN M.P.H.

PRELIMINARY LOCAL CLIMATOLOGICAL DATA (WS FORM: F-6) , PAGE 2

                                          STATION:  MARSHFIELD WI
                                          MONTH:    JULY
                                          YEAR:     2015
                                          LATITUDE:   44 37 N
                                          LONGITUDE:  90 11 W

[TEMPERATURE DATA]      [PRECIPITATION DATA]       SYMBOLS USED IN COLUMN 16

AVERAGE MONTHLY: 69.2   TOTAL FOR MONTH:   2.55    1 = FOG OR MIST
DPTR FM NORMAL:   0.3   DPTR FM NORMAL:   -1.01    2 = FOG REDUCING VISIBILITY
HIGHEST:    87 ON 25,18 GRTST 24HR  1.14 ON 13-13      TO 1/4 MILE OR LESS
LOWEST:     45 ON  1                               3 = THUNDER
                        SNOW, ICE PELLETS, HAIL    4 = ICE PELLETS
                        TOTAL MONTH:   0.0 INCH    5 = HAIL
                        GRTST 24HR     0.0         6 = FREEZING RAIN OR DRIZZLE
                        GRTST DEPTH:   0           7 = DUSTSTORM OR SANDSTORM:
                                                       VSBY 1/2 MILE OR LESS
                                                   8 = SMOKE OR HAZE
[NO. OF DAYS WITH]      [WEATHER - DAYS WITH]      9 = BLOWING SNOW
                                                   X = TORNADO
MAX 32 OR BELOW:   0    0.01 INCH OR MORE:   5
MAX 90 OR ABOVE:   0    0.10 INCH OR MORE:   4
MIN 32 OR BELOW:   0    0.50 INCH OR MORE:   2
MIN  0 OR BELOW:   0    1.00 INCH OR MORE:   1

[HDD (BASE 65) ]
TOTAL THIS MO.    17    CLEAR  (SCALE 0-3)  22
DPTR FM NORMAL   -13    PTCLDY (SCALE 4-7)   8
TOTAL FM JUL 1    17    CLOUDY (SCALE 8-10)  0
DPTR FM NORMAL   -13

[CDD (BASE 65) ]
TOTAL THIS MO.   151
DPTR FM NORMAL     7    [PRESSURE DATA]
TOTAL FM JAN 1   243    HIGHEST SLP M ON M
DPTR FM NORMAL     9    LOWEST  SLP 29.48 ON 13

[REMARKS]
