000
CXUS54 KBMX 281216
CF6MGM
PRELIMINARY LOCAL CLIMATOLOGICAL DATA (WS FORM: F-6)

                                          STATION:   MONTGOMERY
                                          MONTH:     FEBRUARY
                                          YEAR:      2015
                                          LATITUDE:   32 17 N
                                          LONGITUDE:  86 24 W

  TEMPERATURE IN F:       :PCPN:    SNOW:  WIND      :SUNSHINE: SKY     :PK WND
================================================================================
1   2   3   4   5  6A  6B    7    8   9   10  11  12  13   14  15   16   17  18
                                     12Z  AVG MX 2MIN
DY MAX MIN AVG DEP HDD CDD  WTR  SNW DPTH SPD SPD DIR MIN PSBL S-S WX    SPD DR
================================================================================

 1  65  36  51   3  14   0 1.06  0.0    0  6.3 23 250   M    M   6 13     32 260
 2  61  30  46  -2  19   0 0.10  0.0    0 13.3 28 300   M    M   4 1      35 300
 3  49  28  39  -9  26   0 0.00  0.0    0  1.6  7  10   M    M   0        10  10
 4  51  37  44  -4  21   0 0.01  0.0    0  3.0  8 300   M    M   6        10 110
 5  57  32  45  -3  20   0 0.01  0.0    0  8.3 20 320   M    M   3        24 340
 6  57  25  41  -8  24   0 0.00  0.0    0  1.3 10 100   M    M   0        13 100
 7  69  30  50   1  15   0 0.00  0.0    0  3.9 14 170   M    M   0        18 170
 8  73  38  56   7   9   0 0.00  0.0    0  4.1 14 200   M    M   5 12     20 240
 9  72  48  60  11   5   0 0.14  0.0    0  9.5 22 330   M    M   6 13     29 320
10  55  35  45  -4  20   0 0.00  0.0    0  9.7 22 340   M    M   5        29 330
11  65  28  47  -3  18   0 0.00  0.0    0  3.5 10 290   M    M   0 1      15 300
12  58  32  45  -5  20   0 0.00  0.0    0 11.7 22 330   M    M   0        28 320
13  51  28  40 -10  25   0 0.00  0.0    0  5.1 14  10   M    M   0        20 350
14  67  25  46  -4  19   0 0.00  0.0    0  6.9 20 260   M    M   0        24 260
15  52  36  44  -6  21   0 0.00  0.0    0  6.8 14  20   M    M   0        18  10
16  67  39  53   2  12   0 0.55  0.0    0 11.7 28 300   M    M   9 1      36 300
17  40  32  36 -15  29   0    T  0.0    0 11.0 21 320   M    M   4        28 320
18  48  25  37 -14  28   0 0.00  0.0    0 13.1 31 290   M    M   2        38 270
19  39  20  30 -21  35   0 0.00  0.0    0  7.5 18 300   M    M   0        24 300
20  47  20  34 -18  31   0 0.00  0.0    0  7.8 14 120   M    M   5        22 110
21  67  34  51  -1  14   0 0.00  0.0    0 11.9 21 180   M    M   7        28 180
22  70  52  61   9   4   0 0.92  0.0    0  6.0 12 330   M    M  10 1      16 180
23  52  40  46  -6  19   0 0.54  0.0    0  9.8 21 330   M    M   7 1      26 320
24  49  36  43 -10  22   0 0.23  0.0    0  5.7 13 280   M    M   7 1      15 290
25  44  38  41 -12  24   0 1.28  0.0    0  6.6 18  50   M    M   7 1      22  60
26  43  31  37 -16  28   0 0.00  0.0    0  7.8 17 340   M    M   8 1      23 330
27  52  30  41 -13  24   0 0.00  0.0    0  8.4 15  10   M    M   0        20 360
================================================================================
SM 1520  885       546   0  4.84     0.0 202.3          M      101
================================================================================
AV 56.3 32.8                               7.5 FASTST   M    M   4    MAX(MPH)
                                 MISC ---->  # 31 290               # 38  270
================================================================================
NOTES:
# LAST OF SEVERAL OCCURRENCES

COLUMN 17 PEAK WIND IN M.P.H.

PRELIMINARY LOCAL CLIMATOLOGICAL DATA (WS FORM: F-6) , PAGE 2

                                          STATION:  MONTGOMERY
                                          MONTH:    FEBRUARY
                                          YEAR:     2015
                                          LATITUDE:   32 17 N
                                          LONGITUDE:  86 24 W

[TEMPERATURE DATA]      [PRECIPITATION DATA]       SYMBOLS USED IN COLUMN 16

AVERAGE MONTHLY: 44.5   TOTAL FOR MONTH:   4.84    1 = FOG OR MIST
DPTR FM NORMAL:  -5.8   DPTR FM NORMAL:   -0.25    2 = FOG REDUCING VISIBILITY
HIGHEST:    73 ON  8    GRTST 24HR  1.28 ON 25-25      TO 1/4 MILE OR LESS
LOWEST:     20 ON 20,19                            3 = THUNDER
                        SNOW, ICE PELLETS, HAIL    4 = ICE PELLETS
                        TOTAL MONTH:   0.0 INCH    5 = HAIL
                        GRTST 24HR     0.0         6 = FREEZING RAIN OR DRIZZLE
                        GRTST DEPTH:   0           7 = DUSTSTORM OR SANDSTORM:
                                                       VSBY 1/2 MILE OR LESS
                                                   8 = SMOKE OR HAZE
[NO. OF DAYS WITH]      [WEATHER - DAYS WITH]      9 = BLOWING SNOW
                                                   X = TORNADO
MAX 32 OR BELOW:   0    0.01 INCH OR MORE:  10
MAX 90 OR ABOVE:   0    0.10 INCH OR MORE:   8
MIN 32 OR BELOW:  15    0.50 INCH OR MORE:   5
MIN  0 OR BELOW:   0    1.00 INCH OR MORE:   2

[HDD (BASE 65) ]
TOTAL THIS MO.   546    CLEAR  (SCALE 0-3)  12
DPTR FM NORMAL   148    PTCLDY (SCALE 4-7)  13
TOTAL FM JUL 1  1954    CLOUDY (SCALE 8-10)  2
DPTR FM NORMAL    94

[CDD (BASE 65) ]
TOTAL THIS MO.     0
DPTR FM NORMAL     0    [PRESSURE DATA]
TOTAL FM JAN 1     0    HIGHEST SLP M ON M
DPTR FM NORMAL    -2    LOWEST  SLP 29.68 ON 16

[REMARKS]
