000
CXUS53 KMPX 291000
CF6MIC
PRELIMINARY LOCAL CLIMATOLOGICAL DATA (WS FORM: F-6)

                                          STATION:   MINNEAPOLIS CRYSTAL MN
                                          MONTH:     JUNE
                                          YEAR:      2017
                                          LATITUDE:   45  4 N
                                          LONGITUDE:  93 21 W

  TEMPERATURE IN F:       :PCPN:    SNOW:  WIND      :SUNSHINE: SKY     :PK WND
================================================================================
1   2   3   4   5  6A  6B    7    8   9   10  11  12  13   14  15   16   17  18
                                     12Z  AVG MX 2MIN
DY MAX MIN AVG DEP HDD CDD  WTR  SNW DPTH SPD SPD DIR MIN PSBL S-S WX    SPD DR
================================================================================

 1  79  42  61  -3   4   0 0.00    M    M  1.5 13 190   M    M   0        16 210
 2  89  48  69   5   0   4 0.00    M    M  5.6 16 170   M    M   1 3      22 150
 3  87  66  77  13   0  12 0.00    M    M  8.6 16 290   M    M   1        21 230
 4  89  54  72   7   0   7 0.00    M    M  9.1 23 310   M    M   0        31 290
 5  81  57  69   4   0   4 0.00    M    M  7.2 17  40   M    M   0        23  40
 6  82  49  66   1   0   1 0.00    M    M  3.7 10 130   M    M   0        15 100
 7  88  52  70   4   0   5 0.08    M    M  8.6 18 150   M    M   2 3      23 160
 8  83  64  74   8   0   9 0.00    M    M  7.5 17 270   M    M   2        24 300
 9  85  57  71   5   0   6 0.00    M    M  6.9 16 130   M    M   1        23 160
10  95  72  84  17   0  19 0.00    M    M 15.1 31 180   M    M   2        43 190
11  75  56  66  -1   0   1 0.64    M    M  6.3 44 240   M    M   6 138    63 240
12  83  66  75   8   0  10 0.13    M    M  3.4 16 210   M    M   3 123    23 230
13  89  64  77   9   0  12 0.49    M    M 11.1 39 260   M    M   5 13     48 270
14  84  64  74   6   0   9 0.08    M    M  8.9 18 210   M    M   2 13     25 210
15  85  63  74   6   0   9 0.00    M    M  9.4 22 260   M    M   0        30 280
16  84  62  73   4   0   8    T    M    M  6.1 16 250   M    M   5        20 230
17  83  59  71   2   0   6 0.16    M    M  6.1 22 310   M    M   2 1      28 320
18  73  59  66  -3   0   1 0.28    M    M 11.5 22 330   M    M   6 1      28 300
19  73  56  65  -4   0   0 0.00    M    M 10.5 21 300   M    M   5        28 280
20  76  56  66  -4   0   1 0.13    M    M  6.6 17 310   M    M   3        23 280
21  81  53  67  -3   0   2    T    M    M  7.4 20 160   M    M   0        24 160
22  71  56  64  -6   1   0 0.27    M    M  5.3 12 350   M    M   3 13     15  50
23  73  55  64  -6   1   0    T    M    M 12.3 23 300   M    M   4        30 310
24  67  52  60 -11   5   0 0.10    M    M 10.9 28 300   M    M   4 3      34 300
25  69  53  61 -10   4   0 0.00    M    M 12.5 22 300   M    M   7 18     29 290
26  72  48  60 -11   5   0 0.00    M    M  6.9 16 330   M    M   3        27  30
27  76  46  61 -10   4   0 0.00    M    M  8.8 21 160   M    M   0        28 150
28  81  62  72   1   0   7 0.56    M    M 12.4 26 230   M    M   7 13     35 230
================================================================================
SM 2253 1591        24 133  2.92    M    230.2          M       74
================================================================================
AV 80.5 56.8                               8.2 FASTST   M    M   3    MAX(MPH)
                                 MISC ---->  # 44 240               # 63  240
================================================================================
NOTES:
# LAST OF SEVERAL OCCURRENCES

COLUMN 17 PEAK WIND IN M.P.H.

PRELIMINARY LOCAL CLIMATOLOGICAL DATA (WS FORM: F-6) , PAGE 2

                                          STATION:  MINNEAPOLIS CRYSTAL MN
                                          MONTH:    JUNE
                                          YEAR:     2017
                                          LATITUDE:   45  4 N
                                          LONGITUDE:  93 21 W

[TEMPERATURE DATA]      [PRECIPITATION DATA]       SYMBOLS USED IN COLUMN 16

AVERAGE MONTHLY: 68.6   TOTAL FOR MONTH:   2.92    1 = FOG OR MIST
DPTR FM NORMAL:   0.8   DPTR FM NORMAL:   -1.30    2 = FOG REDUCING VISIBILITY
HIGHEST:    95 ON 10    GRTST 24HR  0.64 ON 11-11      TO 1/4 MILE OR LESS
LOWEST:     42 ON  1                               3 = THUNDER
                        SNOW, ICE PELLETS, HAIL    4 = ICE PELLETS
                        TOTAL MONTH:    M          5 = HAIL
                        GRTST 24HR    M  ON   M    6 = FREEZING RAIN OR DRIZZLE
                        GRTST DEPTH:  M  ON   M    7 = DUSTSTORM OR SANDSTORM:
                                                       VSBY 1/2 MILE OR LESS
                                                   8 = SMOKE OR HAZE
[NO. OF DAYS WITH]      [WEATHER - DAYS WITH]      9 = BLOWING SNOW
                                                   X = TORNADO
MAX 32 OR BELOW:   0    0.01 INCH OR MORE:  11
MAX 90 OR ABOVE:   1    0.10 INCH OR MORE:   9
MIN 32 OR BELOW:   0    0.50 INCH OR MORE:   2
MIN  0 OR BELOW:   0    1.00 INCH OR MORE:   0

[HDD (BASE 65) ]
TOTAL THIS MO.    24    CLEAR  (SCALE 0-3)  16
DPTR FM NORMAL   -22    PTCLDY (SCALE 4-7)  12
TOTAL FM JUL 1  6622    CLOUDY (SCALE 8-10)  0
DPTR FM NORMAL -1099

[CDD (BASE 65) ]
TOTAL THIS MO.   133
DPTR FM NORMAL     7    [PRESSURE DATA]
TOTAL FM JAN 1   149    HIGHEST SLP M ON M
DPTR FM NORMAL   -15    LOWEST  SLP 29.38 ON 10

[REMARKS]
