000
CXUS53 KIND 010730
CF6MIE
PRELIMINARY LOCAL CLIMATOLOGICAL DATA (WS FORM: F-6)

                                          STATION:   MUNCIE IN
                                          MONTH:     JUNE
                                          YEAR:      2015
                                          LATITUDE:   40 13 N
                                          LONGITUDE:  85 23 W

  TEMPERATURE IN F:       :PCPN:    SNOW:  WIND      :SUNSHINE: SKY     :PK WND
================================================================================
1   2   3   4   5  6A  6B    7    8   9   10  11  12  13   14  15   16   17  18
                                     12Z  AVG MX 2MIN
DY MAX MIN AVG DEP HDD CDD  WTR  SNW DPTH SPD SPD DIR MIN PSBL S-S WX    SPD DR
================================================================================

 1  58  50  54 -13  11   0    T    M    M 10.2 15  60   M    M   9 18     19  50
 2  66  46  56 -11   9   0 0.00    M    M  7.4 16 120   M    M   5 18     20 100
 3  71  47  59  -9   6   0 0.00    M    M  2.7 12 120   M    M   5 18     16 160
 4  80  55  68   0   0   3 0.00    M    M  2.2 10 290   M    M   4 18     15 320
 5  86  60  73   5   0   8 0.00    M    M  8.1 21 320   M    M   1 18     26 340
 6  75  63  69   0   0   4 0.00    M    M  9.7 16  50   M    M   7 8      20  50
 7  85  59  72   3   0   7 0.86    M    M 10.3 31 320   M    M   2 138    39 320
 8  77  60  69   0   0   4 0.95    M    M 10.1 33 320   M    M   6 13     44 330
 9  78  58  68  -2   0   3 0.00    M    M  6.3 16 280   M    M   0 18     20 290
10  90  67  79   9   0  14 0.00    M    M 11.0 22 270   M    M   1 8      28 260
11  90  69  80  10   0  15 0.00    M    M  6.9 15 240   M    M   1        20 240
12  85  71  78   7   0  13 0.90    M    M  8.6 28 310   M    M   2 13     39 310
13  87  71  79   8   0  14 0.01    M    M  8.3 18 220   M    M   3 3      26 220
14  86  73  80   9   0  15 0.57    M    M  9.3 24 240   M    M   5 138    40 240
15  86  72  79   7   0  14 0.53    M    M  9.3 21 290   M    M   6 13     28 280
16  82  71  77   5   0  12 0.22    M    M  7.1 13 260   M    M   5 13     20 260
17  82  70  76   4   0  11 0.22    M    M  6.2 15 280   M    M   8 13     23 280
18  85  71  78   6   0  13 0.02    M    M  8.6 28 250   M    M   6 3      39 260
19  75  67  71  -2   0   6 2.29    M    M  6.4 17 100   M    M  10 1      23 100
20  78  68  73   0   0   8 0.01    M    M  7.8 13 270   M    M   9 1      17 300
21  82  66  74   1   0   9 0.11    M    M  7.9 18 260   M    M   3 13     27 290
22  86  67  77   4   0  12 0.00    M    M  9.8 23 210   M    M   3        34 200
23  81  64  73  -1   0   8 0.00    M    M 10.9 23 240   M    M   3        30 240
24  77  60  69  -5   0   4    T    M    M  3.0 12 340   M    M   2        13  70
25  81  66  74   0   0   9 0.45    M    M  6.1 22 260   M    M   6 13     29 260
26  74  63  69  -5   0   4    M    M    M  8.1 21  60   M    M   7 1238   26  70
27  66  59  63 -11   2   0    M    M    M 15.8 29 350   M    M   7 1      36 340
28  77  55  66  -8   0   1 0.00    M    M  6.9 13 330   M    M   2        17 340
29  74  62  68  -6   0   3 0.53    M    M  6.5 15 180   M    M   9 1      19 190
30  79  63  71  -3   0   6 0.02    M    M  6.8 20 270   M    M   5 1      23 280
================================================================================
SM 2379 1893        28 220  7.69    M    238.3          M      142
================================================================================
AV 79.3 63.1                               7.9 FASTST   M    M   5    MAX(MPH)
                                 MISC ---->  # 33 320               # 44  330
================================================================================
NOTES:
# LAST OF SEVERAL OCCURRENCES

COLUMN 17 PEAK WIND IN M.P.H.

PRELIMINARY LOCAL CLIMATOLOGICAL DATA (WS FORM: F-6) , PAGE 2

                                          STATION:  MUNCIE IN
                                          MONTH:    JUNE
                                          YEAR:     2015
                                          LATITUDE:   40 13 N
                                          LONGITUDE:  85 23 W

[TEMPERATURE DATA]      [PRECIPITATION DATA]       SYMBOLS USED IN COLUMN 16

AVERAGE MONTHLY: 71.2   TOTAL FOR MONTH:   7.69    1 = FOG OR MIST
DPTR FM NORMAL:  -0.2   DPTR FM NORMAL:    3.03    2 = FOG REDUCING VISIBILITY
HIGHEST:    90 ON 11,10 GRTST 24HR  2.29 ON 19-19      TO 1/4 MILE OR LESS
LOWEST:     46 ON  2                               3 = THUNDER
                        SNOW, ICE PELLETS, HAIL    4 = ICE PELLETS
                        TOTAL MONTH:    M          5 = HAIL
                        GRTST 24HR    M  ON   M    6 = FREEZING RAIN OR DRIZZLE
                        GRTST DEPTH:  M  ON   M    7 = DUSTSTORM OR SANDSTORM:
                                                       VSBY 1/2 MILE OR LESS
                                                   8 = SMOKE OR HAZE
[NO. OF DAYS WITH]      [WEATHER - DAYS WITH]      9 = BLOWING SNOW
                                                   X = TORNADO
MAX 32 OR BELOW:   0    0.01 INCH OR MORE:  15
MAX 90 OR ABOVE:   2    0.10 INCH OR MORE:  11
MIN 32 OR BELOW:   0    0.50 INCH OR MORE:   7
MIN  0 OR BELOW:   0    1.00 INCH OR MORE:   1

[HDD (BASE 65) ]
TOTAL THIS MO.    28    CLEAR  (SCALE 0-3)  12
DPTR FM NORMAL     4    PTCLDY (SCALE 4-7)  14
TOTAL FM JUL 1  6219    CLOUDY (SCALE 8-10)  4
DPTR FM NORMAL   436

[CDD (BASE 65) ]
TOTAL THIS MO.   220
DPTR FM NORMAL     4    [PRESSURE DATA]
TOTAL FM JAN 1   364    HIGHEST SLP 30.19 ON 24
DPTR FM NORMAL    65    LOWEST  SLP 29.68 ON  8

[REMARKS]
#FINAL-06-15#
