000
CXUS53 KMKX 200800
CF6MKE
PRELIMINARY LOCAL CLIMATOLOGICAL DATA (WS FORM: F-6)

                                          STATION:   MILWAUKEE  WI
                                          MONTH:     AUGUST
                                          YEAR:      2017
                                          LATITUDE:   42 57 N
                                          LONGITUDE:  87 54 W

  TEMPERATURE IN F:       :PCPN:    SNOW:  WIND      :SUNSHINE: SKY     :PK WND
================================================================================
1   2   3   4   5  6A  6B    7    8   9   10  11  12  13   14  15   16   17  18
                                     12Z  AVG MX 2MIN
DY MAX MIN AVG DEP HDD CDD  WTR  SNW DPTH SPD SPD DIR MIN PSBL S-S WX    SPD DR
================================================================================

 1  86  66  76   4   0  11 0.00  0.0    0  7.7 16 230   M    M   5        22 260
 2  82  68  75   3   0  10 0.00  0.0    0  9.0 17  40   M    M   6        20  40
 3  79  62  71  -1   0   6 0.17  0.0    0  9.2 31 140   M    M   9 13     44 130
 4  68  56  62 -10   3   0    T  0.0    0 13.2 24 310   M    M   7        36 310
 5  81  60  71  -1   0   6 0.00  0.0    0  6.0 14 250   M    M   4        22 280
 6  76  63  70  -2   0   5 0.12  0.0    0  4.4 16 160   M    M   9        21 160
 7  74  63  69  -3   0   4 0.03  0.0    0  6.7 18  40   M    M   5        22  30
 8  83  64  74   2   0   9 0.00  0.0    0  8.2 15 260   M    M   3        21 290
 9  82  66  74   2   0   9 0.00  0.0    0  8.3 15 160   M    M   7        21 210
10  84  66  75   4   0  10 0.13  0.0    0  9.0 17 210   M    M   7 1      23 210
11  77  65  71   0   0   6 0.00  0.0    0  8.9 15 340   M    M   7        20 310
12  75  59  67  -4   0   2 0.00  0.0    0  5.8 14  30   M    M   3        17  30
13  77  57  67  -4   0   2 0.00  0.0    0  5.3 13 140   M    M   6        15 140
14  77  62  70  -1   0   5 0.00  0.0    0  5.2 14 110   M    M   6        16 110
15  76  65  71   0   0   6 0.00  0.0    0  7.7 17  50   M    M   5 8      23  20
16  78  62  70  -1   0   5 0.09  0.0    0  6.5 13 140   M    M   5 1      16  50
17  82  69  76   5   0  11 0.23  0.0    0 14.0 26 240   M    M   8 138    35 240
18  80  69  75   4   0  10 0.00  0.0    0 10.8 21 300   M    M   7        29 280
19  83  65  74   3   0   9 0.00  0.0    0  5.7 12 280   M    M   2        16 290
================================================================================
SM 1500 1207         3 126  0.77     0.0 151.6          M      111
================================================================================
AV 79.0 63.5                               8.0 FASTST   M    M   6    MAX(MPH)
                                 MISC ---->  # 31 140               # 44  130
================================================================================
NOTES:
# LAST OF SEVERAL OCCURRENCES

COLUMN 17 PEAK WIND IN M.P.H.

PRELIMINARY LOCAL CLIMATOLOGICAL DATA (WS FORM: F-6) , PAGE 2

                                          STATION:  MILWAUKEE  WI
                                          MONTH:    AUGUST
                                          YEAR:     2017
                                          LATITUDE:   42 57 N
                                          LONGITUDE:  87 54 W

[TEMPERATURE DATA]      [PRECIPITATION DATA]       SYMBOLS USED IN COLUMN 16

AVERAGE MONTHLY: 71.2   TOTAL FOR MONTH:   0.77    1 = FOG OR MIST
DPTR FM NORMAL:  -0.2   DPTR FM NORMAL:   -1.78    2 = FOG REDUCING VISIBILITY
HIGHEST:    86 ON  1    GRTST 24HR  0.23 ON 17-17      TO 1/4 MILE OR LESS
LOWEST:     56 ON  4                               3 = THUNDER
                        SNOW, ICE PELLETS, HAIL    4 = ICE PELLETS
                        TOTAL MONTH:   0.0 INCH    5 = HAIL
                        GRTST 24HR     0.0         6 = FREEZING RAIN OR DRIZZLE
                        GRTST DEPTH:   0           7 = DUSTSTORM OR SANDSTORM:
                                                       VSBY 1/2 MILE OR LESS
                                                   8 = SMOKE OR HAZE
[NO. OF DAYS WITH]      [WEATHER - DAYS WITH]      9 = BLOWING SNOW
                                                   X = TORNADO
MAX 32 OR BELOW:   0    0.01 INCH OR MORE:   6
MAX 90 OR ABOVE:   0    0.10 INCH OR MORE:   4
MIN 32 OR BELOW:   0    0.50 INCH OR MORE:   0
MIN  0 OR BELOW:   0    1.00 INCH OR MORE:   0

[HDD (BASE 65) ]
TOTAL THIS MO.     3    CLEAR  (SCALE 0-3)   2
DPTR FM NORMAL     3    PTCLDY (SCALE 4-7)  15
TOTAL FM JUL 1     4    CLOUDY (SCALE 8-10)  2
DPTR FM NORMAL    -7

[CDD (BASE 65) ]
TOTAL THIS MO.   126
DPTR FM NORMAL    -2    [PRESSURE DATA]
TOTAL FM JAN 1   559    HIGHEST SLP M ON M
DPTR FM NORMAL    59    LOWEST  SLP 29.64 ON 17

[REMARKS]
