000
CXUS53 KMKX 010800
CF6MKE
PRELIMINARY LOCAL CLIMATOLOGICAL DATA (WS FORM: F-6)

                                          STATION:   MILWAUKEE WI
                                          MONTH:     AUGUST
                                          YEAR:      2014
                                          LATITUDE:   42 57 N
                                          LONGITUDE:  87 54 W

  TEMPERATURE IN F:       :PCPN:    SNOW:  WIND      :SUNSHINE: SKY     :PK WND
================================================================================
1   2   3   4   5  6A  6B    7    8   9   10  11  12  13   14  15   16   17  18
                                     12Z  AVG MX 2MIN
DY MAX MIN AVG DEP HDD CDD  WTR  SNW DPTH SPD SPD DIR MIN PSBL S-S WX    SPD DR
================================================================================

 1  83  59  71  -1   0   6 0.83  0.0    0  7.1 26  90   M    M   5 3      36  80
 2  79  56  68  -4   0   3 0.00  0.0    0  4.9 10 130   M    M   3         M  M
 3  85  62  74   2   0   9    T  0.0    0  6.3 16 280   M    M   6 138    22 280
 4  72  64  68  -4   0   3 0.05  0.0    0  4.1 13  30   M    M   8 13     15  30
 5  74  61  68  -4   0   3 0.00  0.0    0  6.0 17  40   M    M   5        20  40
 6  75  58  67  -5   0   2 0.00  0.0    0  4.3 13  50   M    M   5        16  50
 7  75  59  67  -5   0   2 0.00  0.0    0  5.3 13  60   M    M   5 1      16  60
 8  77  62  70  -2   0   5 0.00  0.0    0  6.9 13 100   M    M   5        16  80
 9  75  65  70  -2   0   5 0.00  0.0    0  7.2 14  30   M    M   4        18  80
10  75  63  69  -2   0   4 0.77  0.0    0  6.9 13  50   M    M   8 13     17  50
11  78  64  71   0   0   6 0.29  0.0    0  4.5 13 130   M    M   8 13     15 120
12  69  59  64  -7   1   0 0.16  0.0    0 10.7 20 330   M    M   8 18     28 340
13  76  58  67  -4   0   2 0.00  0.0    0  6.8 15  40   M    M   3        19 320
14  68  56  62  -9   3   0 0.00  0.0    0  7.6 15  50   M    M   4        19  40
15  79  56  68  -3   0   3 0.00  0.0    0  8.0 15 240   M    M   3        19 240
16  85  62  74   3   0   9    T  0.0    0  9.8 18  10   M    M   5 1      26 280
17  67  61  64  -7   1   0 0.03  0.0    0 11.0 18  20   M    M   9 1      23 360
18  79  60  70  -1   0   5 0.00  0.0    0  6.0 17  10   M    M   8        25  10
19  83  65  74   3   0   9 1.01  0.0    0  8.1 23 290   M    M   6 13     30 310
20  81  66  74   3   0   9 0.00  0.0    0  6.9 16 130   M    M   4        18 130
21  77  65  71   1   0   6 0.44  0.0    0  4.9 15 100   M    M   8 123    16 100
22  83  69  76   6   0  11 0.00  0.0    0  4.9 13  50   M    M   9 128    14  50
23  75  68  72   2   0   7 1.26  0.0    0  5.9 26  70   M    M  10 128    32  70
24  77  70  74   4   0   9 0.01  0.0    0  9.7 17 130   M    M   6 1      21 120
25  81  71  76   6   0  11 0.14  0.0    0  5.9 22 310   M    M   8 138    32 290
26  79  66  73   3   0   8 0.02  0.0    0  6.1 16  90   M    M   6 3      19  90
27  73  62  68  -2   0   3 0.00  0.0    0  6.4 15  50   M    M   6        20  50
28  71  60  66  -3   0   1 0.00  0.0    0  9.0 16 140   M    M   5        21 110
29  82  68  75   6   0  10 0.13  0.0    0 11.1 18 180   M    M   6 13     24 160
30  79  69  74   5   0   9 0.55  0.0    0 10.7 22 240   M    M   6 1      29 240
31  78  64  71   2   0   6 0.00  0.0    0  6.3 15 130   M    M   5 128    19 140
================================================================================
SM 2390 1948         5 166  5.69     0.0 219.3          M      187
================================================================================
AV 77.1 62.8                               7.1 FASTST   M    M   6    MAX(MPH)
                                 MISC ---->  # 26  90               # 36   80
================================================================================
NOTES:
# LAST OF SEVERAL OCCURRENCES

COLUMN 17 PEAK WIND IN M.P.H.

PRELIMINARY LOCAL CLIMATOLOGICAL DATA (WS FORM: F-6) , PAGE 2

                                          STATION:  MILWAUKEE WI
                                          MONTH:    AUGUST
                                          YEAR:     2014
                                          LATITUDE:   42 57 N
                                          LONGITUDE:  87 54 W

[TEMPERATURE DATA]      [PRECIPITATION DATA]       SYMBOLS USED IN COLUMN 16

AVERAGE MONTHLY: 70.0   TOTAL FOR MONTH:   5.69    1 = FOG OR MIST
DPTR FM NORMAL:  -0.7   DPTR FM NORMAL:    1.72    2 = FOG REDUCING VISIBILITY
HIGHEST:    85 ON 16, 3 GRTST 24HR  1.27 ON 23-24      TO 1/4 MILE OR LESS
LOWEST:     56 ON 15,14                            3 = THUNDER
                        SNOW, ICE PELLETS, HAIL    4 = ICE PELLETS
                        TOTAL MONTH:   0.0 INCH    5 = HAIL
                        GRTST 24HR     0.0         6 = FREEZING RAIN OR DRIZZLE
                        GRTST DEPTH:   0           7 = DUSTSTORM OR SANDSTORM:
                                                       VSBY 1/2 MILE OR LESS
                                                   8 = SMOKE OR HAZE
[NO. OF DAYS WITH]      [WEATHER - DAYS WITH]      9 = BLOWING SNOW
                                                   X = TORNADO
MAX 32 OR BELOW:   0    0.01 INCH OR MORE:  14
MAX 90 OR ABOVE:   0    0.10 INCH OR MORE:  10
MIN 32 OR BELOW:   0    0.50 INCH OR MORE:   5
MIN  0 OR BELOW:   0    1.00 INCH OR MORE:   2

[HDD (BASE 65) ]
TOTAL THIS MO.     5    CLEAR  (SCALE 0-3)   2
DPTR FM NORMAL   -10    PTCLDY (SCALE 4-7)  25
TOTAL FM JUL 1    26    CLOUDY (SCALE 8-10)  4
DPTR FM NORMAL     0

[CDD (BASE 65) ]
TOTAL THIS MO.   166
DPTR FM NORMAL   -27    [PRESSURE DATA]
TOTAL FM JAN 1   401    HIGHEST SLP M ON M
DPTR FM NORMAL  -164    LOWEST  SLP 29.63 ON 19

[REMARKS]
#FINAL-08-14#
