000
CXUS53 KMPX 271000
CF6MKT
PRELIMINARY LOCAL CLIMATOLOGICAL DATA (WS FORM: F-6)

                                          STATION:   MANKATO MN
                                          MONTH:     NOVEMBER
                                          YEAR:      2014
                                          LATITUDE:   44 13 N
                                          LONGITUDE:  93 55 W

  TEMPERATURE IN F:       :PCPN:    SNOW:  WIND      :SUNSHINE: SKY     :PK WND
================================================================================
1   2   3   4   5  6A  6B    7    8   9   10  11  12  13   14  15   16   17  18
                                     12Z  AVG MX 2MIN
DY MAX MIN AVG DEP HDD CDD  WTR  SNW DPTH SPD SPD DIR MIN PSBL S-S WX    SPD DR
================================================================================

 1  45  21  33  -8  32   0    M    M    M 13.0 21 160   M    M   0        28 160
 2  59  36  48   7  17   0    M    M    M 14.6 21 180   M    M   0        30 190
 3  55  43  49   9  16   0    M    M    M 10.3 18 300   M    M   6        29 300
 4  55  34  45   5  20   0    M    M    M 12.1 25 280   M    M   2        32 280
 5  48  32  40   1  25   0    M    M    M  8.3 21 300   M    M   8        28 300
 6  39  30  35  -4  30   0    M    M    M 12.9 21 350   M    M   8        25 350
 7  52  30  41   3  24   0    M    M    M 14.8 30 330   M    M   7        40 330
 8  43  32  38   0  27   0    M    M    M 16.6 25 320   M    M   6        41 330
 9  41  34  38   1  27   0    M    M    M  7.5 14 330   M    M   8         M  M
10  34  25  30  -7  35   0    M    M    M 18.6 23  20   M    M  10        31  10
11  25  19  22 -14  43   0    M    M    M 18.4 22 330   M    M  10        29 350
12  23  16  20 -16  45   0    M    M    M 12.7 15 280   M    M  10        21 300
13  21  14  18 -17  47   0    M    M    M 15.2 21 310   M    M   9        27 310
14  21   3  12 -22  53   0    M    M    M  6.1 13 310   M    M   2         M  M
15  23   7  15 -19  50   0    M    M    M  5.4  9 200   M    M   9         M  M
16  23   1  12 -21  53   0    M    M    M 11.4 16 220   M    M   4        18 290
17  12   7  10 -23  55   0    M    M    M 19.1 25 300   M    M   5        33 300
18  19   7  13 -19  52   0    M    M    M 10.1 15 280   M    M   8         M  M
19  25  16  21 -11  44   0    M    M    M 18.0 27 300   M    M   6        35 300
20  18   3  11 -20  54   0    M    M    M  8.8 14 310   M    M   0         M  M
21  36   3  20 -10  45   0    M    M    M 14.5 22 180   M    M   1        28 180
22  48  36  42  12  23   0    M    M    M 12.2 15 190   M    M  10        23 190
23  52  30  41  12  24   0    M    M    M 13.4 24 310   M    M  10        31 310
24  30  12  21  -8  44   0    M    M    M 21.7 30 300   M    M   8        39 310
25  27   9  18 -10  47   0    M    M    M  8.7 14 300   M    M   4        20 310
26  27   9  18 -10  47   0    M    M    M 13.2 16 310   M    M  10        21 310
================================================================================
SM  901  509       979   0    M     M    337.6          M      161
================================================================================
AV 34.7 19.6                              13.0 FASTST   M    M   6    MAX(MPH)
                                 MISC ---->    30   M                 41    M
================================================================================
NOTES:
# LAST OF SEVERAL OCCURRENCES

COLUMN 17 PEAK WIND IN M.P.H.

PRELIMINARY LOCAL CLIMATOLOGICAL DATA (WS FORM: F-6) , PAGE 2

                                          STATION:  MANKATO MN
                                          MONTH:    NOVEMBER
                                          YEAR:     2014
                                          LATITUDE:   44 13 N
                                          LONGITUDE:  93 55 W

[TEMPERATURE DATA]      [PRECIPITATION DATA]       SYMBOLS USED IN COLUMN 16

AVERAGE MONTHLY: 27.1   TOTAL FOR MONTH:      M    1 = FOG OR MIST
DPTR FM NORMAL:  -7.5   DPTR FM NORMAL:       M    2 = FOG REDUCING VISIBILITY
HIGHEST:    59 ON  2    GRTST 24HR    M  ON   M        TO 1/4 MILE OR LESS
LOWEST:      1 ON 16                               3 = THUNDER
                        SNOW, ICE PELLETS, HAIL    4 = ICE PELLETS
                        TOTAL MONTH:    M          5 = HAIL
                        GRTST 24HR    M  ON   M    6 = FREEZING RAIN OR DRIZZLE
                        GRTST DEPTH:  M  ON   M    7 = DUSTSTORM OR SANDSTORM:
                                                       VSBY 1/2 MILE OR LESS
                                                   8 = SMOKE OR HAZE
[NO. OF DAYS WITH]      [WEATHER - DAYS WITH]      9 = BLOWING SNOW
                                                   X = TORNADO
MAX 32 OR BELOW:  13    0.01 INCH OR MORE:   0
MAX 90 OR ABOVE:   0    0.10 INCH OR MORE:   0
MIN 32 OR BELOW:  21    0.50 INCH OR MORE:   0
MIN  0 OR BELOW:   0    1.00 INCH OR MORE:   0

[HDD (BASE 65) ]
TOTAL THIS MO.   979    CLEAR  (SCALE 0-3)   6
DPTR FM NORMAL   189    PTCLDY (SCALE 4-7)  11
TOTAL FM JUL 1  1624    CLOUDY (SCALE 8-10)  9
DPTR FM NORMAL   106

[CDD (BASE 65) ]
TOTAL THIS MO.     0
DPTR FM NORMAL     0    [PRESSURE DATA]
TOTAL FM JAN 1   599    HIGHEST SLP M ON M
DPTR FM NORMAL   -55    LOWEST  SLP M ON M

[REMARKS]
