000
CXUS54 KTSA 280840
CF6MLC
PRELIMINARY LOCAL CLIMATOLOGICAL DATA (WS FORM: F-6)

                                          STATION:   MCALESTER OKLAHOMA
                                          MONTH:     AUGUST
                                          YEAR:      2015
                                          LATITUDE:   34 52 N
                                          LONGITUDE:  95 47 W

  TEMPERATURE IN F:       :PCPN:    SNOW:  WIND      :SUNSHINE: SKY     :PK WND
================================================================================
1   2   3   4   5  6A  6B    7    8   9   10  11  12  13   14  15   16   17  18
                                     12Z  AVG MX 2MIN
DY MAX MIN AVG DEP HDD CDD  WTR  SNW DPTH SPD SPD DIR MIN PSBL S-S WX    SPD DR
================================================================================

 1  95  69  82  -1   0  17 0.00  0.0    0  2.1 12 230   M    M   3        16 220
 2  95  69  82  -1   0  17 0.00  0.0    0  3.8 16 220   M    M   3        20 200
 3  96  71  84   1   0  19 0.00  0.0    0  3.5 12 230   M    M   3        15 230
 4  92  76  84   1   0  19    T  0.0    0  4.1 13 210   M    M   4 8      16 220
 5 100  74  87   4   0  22 0.00  0.0    0  7.0 21 210   M    M   2        29 250
 6 104  74  89   6   0  24 0.00  0.0    0  7.2 17 220   M    M   2        23 210
 7 105  81  93  10   0  28 0.00  0.0    0  8.1 16 220   M    M   1        21 230
 8 103  76  90   7   0  25 0.00  0.0    0  6.6 17 220   M    M   1        23 210
 9 104  77  91   8   0  26 0.00  0.0    0  6.9 16 210   M    M   1        21 220
10 101  70  86   3   0  21 0.00  0.0    0  5.9 22  10   M    M   1        30  10
11  96  77  87   4   0  22 0.00  0.0    0  8.5 17 360   M    M   1        22 360
12  92  70  81  -2   0  16 0.00  0.0    0  5.8 16  20   M    M   1        20  20
13  96  64  80  -3   0  15 0.00  0.0    0  4.3 10  40   M    M   1        17  10
14  95  66  81  -2   0  16 0.00  0.0    0  3.9 14  20   M    M   2        19  40
15  94  69  82  -1   0  17 0.00  0.0    0  5.2 18  20   M    M   2        24  10
16  98  66  82   0   0  17 0.00  0.0    0  3.5 13 220   M    M   3        17 270
17  98  74  86   4   0  21 0.00  0.0    0  5.1 15 240   M    M   3        20 270
18  96  77  87   5   0  22    T  0.0    0  8.3 20 220   M    M   1        24 220
19  85  61  73  -9   0   8 2.22  0.0    0  9.0 25  10   M    M   7 13     36  10
20  83  55  69 -13   0   4 0.00  0.0    0  3.4 10 170   M    M   2        15 140
21  90  71  81  -1   0  16    T  0.0    0  6.2 14 200   M    M   6        21 210
22  89  68  79  -3   0  14 1.00  0.0    0  5.9 26 360   M    M   4 13     33  10
23  87  69  78  -4   0  13 0.92  0.0    0  7.0 22 360   M    M   3 13     31  40
24  85  71  78  -3   0  13 0.00  0.0    0  5.8 13  20   M    M   4        16  10
25  88  66  77  -4   0  12 0.00  0.0    0  3.2  9  80   M    M   4        13  90
26  91  62  77  -4   0  12 0.00  0.0    0  1.5  8 210   M    M   2        11 240
27  83  67  75  -6   0  10 0.00  0.0    0  2.7 10  50   M    M   2        17  40
================================================================================
SM 2541 1890         0 466  4.14     0.0 144.5          M       69
================================================================================
AV 94.1 70.0                               5.4 FASTST   M    M   3    MAX(MPH)
                                 MISC ---->  # 26 360               # 36   10
================================================================================
NOTES:
# LAST OF SEVERAL OCCURRENCES

COLUMN 17 PEAK WIND IN M.P.H.

PRELIMINARY LOCAL CLIMATOLOGICAL DATA (WS FORM: F-6) , PAGE 2

                                          STATION:  MCALESTER OKLAHOMA
                                          MONTH:    AUGUST
                                          YEAR:     2015
                                          LATITUDE:   34 52 N
                                          LONGITUDE:  95 47 W

[TEMPERATURE DATA]      [PRECIPITATION DATA]       SYMBOLS USED IN COLUMN 16

AVERAGE MONTHLY: 82.1   TOTAL FOR MONTH:   4.14    1 = FOG OR MIST
DPTR FM NORMAL:  -0.4   DPTR FM NORMAL:    1.90    2 = FOG REDUCING VISIBILITY
HIGHEST:   105 ON  7    GRTST 24HR  2.22 ON 19-19      TO 1/4 MILE OR LESS
LOWEST:     55 ON 20                               3 = THUNDER
                        SNOW, ICE PELLETS, HAIL    4 = ICE PELLETS
                        TOTAL MONTH:   0.0 INCH    5 = HAIL
                        GRTST 24HR     0.0         6 = FREEZING RAIN OR DRIZZLE
                        GRTST DEPTH:   0           7 = DUSTSTORM OR SANDSTORM:
                                                       VSBY 1/2 MILE OR LESS
                                                   8 = SMOKE OR HAZE
[NO. OF DAYS WITH]      [WEATHER - DAYS WITH]      9 = BLOWING SNOW
                                                   X = TORNADO
MAX 32 OR BELOW:   0    0.01 INCH OR MORE:   3
MAX 90 OR ABOVE:  20    0.10 INCH OR MORE:   3
MIN 32 OR BELOW:   0    0.50 INCH OR MORE:   3
MIN  0 OR BELOW:   0    1.00 INCH OR MORE:   2

[HDD (BASE 65) ]
TOTAL THIS MO.     0    CLEAR  (SCALE 0-3)  19
DPTR FM NORMAL     0    PTCLDY (SCALE 4-7)   8
TOTAL FM JUL 1     0    CLOUDY (SCALE 8-10)  0
DPTR FM NORMAL     0

[CDD (BASE 65) ]
TOTAL THIS MO.   466
DPTR FM NORMAL    -3    [PRESSURE DATA]
TOTAL FM JAN 1  1749    HIGHEST SLP M ON M
DPTR FM NORMAL   133    LOWEST  SLP 29.59 ON 18

[REMARKS]
