896
CXUS56 KPQR 201200
CF6MMV
PRELIMINARY LOCAL CLIMATOLOGICAL DATA (WS FORM: F-6)

                                          STATION:   MCMINNVILLE OR
                                          MONTH:     FEBRUARY
                                          YEAR:      2018
                                          LATITUDE:   45 11 N
                                          LONGITUDE: 123  8 W

  TEMPERATURE IN F:       :PCPN:    SNOW:  WIND      :SUNSHINE: SKY     :PK WND
================================================================================
1   2   3   4   5  6A  6B    7    8   9   10  11  12  13   14  15   16   17  18
                                     12Z  AVG MX 2MIN
DY MAX MIN AVG DEP HDD CDD  WTR  SNW DPTH SPD SPD DIR MIN PSBL S-S WX    SPD DR
================================================================================

 1  50  41  46   4  19   0 0.11    M    0  2.7 13 200   M    M  10 1      17 190
 2  58  47  53  11  12   0 0.01    M    0  6.6 18 230   M    M   6 1      24 240
 3  58  47  53  11  12   0 0.02    M    0  8.0 14 220   M    M   6 1      17 210
 4  61  48  55  13  10   0 0.00  0.0    0  6.7 17 250   M    M   7        22 260
 5  59  41  50   8  15   0 0.00  0.0    0  5.5 16 250   M    M   1        19 250
 6  54  35  45   3  20   0 0.00  0.0    0  1.2  6 360   M    M   7 12      7  50
 7  53  36  45   3  20   0 0.00  0.0    0  0.8  6 340   M    M   6 12      6 180
 8  55  38  47   5  18   0 0.00  0.0    0  3.4 12 240   M    M   7 12     15 240
 9  52  39  46   4  19   0 0.00  0.0    0  2.3  8 340   M    M   8 1      10 330
10  50  31  41  -1  24   0 0.00  0.0    0  3.1 12 330   M    M   3 1      14 330
11  47  33  40  -2  25   0 0.00  0.0    0  2.6 10 350   M    M   7        14 340
12  49  28  39  -3  26   0 0.00  0.0    0  8.7 15  30   M    M   2        20  60
13  49  24  37  -5  28   0 0.00  0.0    0  2.5 10 250   M    M   1        26 310
14  50  36  43   1  22   0 0.22    M    0  6.9 15 290   M    M   8 1      19 290
15  50  35  43   0  22   0    T    M    0  5.1 14 270   M    M   9        18 270
16  52  42  47   4  18   0 0.12    M    0  9.4 17 200   M    M  10 1      20 190
17  52  39  46   3  19   0 0.14    M    0 15.3 24 240   M    M   9 1      34 240
18  44  32  38  -5  27   0 0.21    M    0 10.2 23 250   M    M   4 1      33 250
19  41  30  36  -7  29   0 0.00    M    M  5.9 14  20   M    M   8        17  20
================================================================================
SM  984  702       385   0  0.83     0.0 106.9          M      119
================================================================================
AV 51.8 37.0                               5.6 FASTST   M    M   6    MAX(MPH)
                                 MISC ---->  # 24 240               # 34  240
================================================================================
NOTES:
# LAST OF SEVERAL OCCURRENCES

COLUMN 17 PEAK WIND IN M.P.H.

PRELIMINARY LOCAL CLIMATOLOGICAL DATA (WS FORM: F-6) , PAGE 2

                                          STATION:  MCMINNVILLE OR
                                          MONTH:    FEBRUARY
                                          YEAR:     2018
                                          LATITUDE:   45 11 N
                                          LONGITUDE: 123  8 W

[TEMPERATURE DATA]      [PRECIPITATION DATA]       SYMBOLS USED IN COLUMN 16

AVERAGE MONTHLY: 44.4   TOTAL FOR MONTH:   0.83    1 = FOG OR MIST
DPTR FM NORMAL:   2.1   DPTR FM NORMAL:   -2.27    2 = FOG REDUCING VISIBILITY
HIGHEST:    61 ON  4    GRTST 24HR  0.22 ON 14-14      TO 1/4 MILE OR LESS
LOWEST:     24 ON 13                               3 = THUNDER
                        SNOW, ICE PELLETS, HAIL    4 = ICE PELLETS
                        TOTAL MONTH:   0.0 INCH    5 = HAIL
                        GRTST 24HR     0.0         6 = FREEZING RAIN OR DRIZZLE
                        GRTST DEPTH:   0           7 = DUSTSTORM OR SANDSTORM:
                                                       VSBY 1/2 MILE OR LESS
                                                   8 = SMOKE OR HAZE
[NO. OF DAYS WITH]      [WEATHER - DAYS WITH]      9 = BLOWING SNOW
                                                   X = TORNADO
MAX 32 OR BELOW:   0    0.01 INCH OR MORE:   7
MAX 90 OR ABOVE:   0    0.10 INCH OR MORE:   5
MIN 32 OR BELOW:   5    0.50 INCH OR MORE:   0
MIN  0 OR BELOW:   0    1.00 INCH OR MORE:   0

[HDD (BASE 65) ]
TOTAL THIS MO.   385    CLEAR  (SCALE 0-3)   4
DPTR FM NORMAL   -47    PTCLDY (SCALE 4-7)   9
TOTAL FM JUL 1  2713    CLOUDY (SCALE 8-10)  6
DPTR FM NORMAL  -474

[CDD (BASE 65) ]
TOTAL THIS MO.     0
DPTR FM NORMAL     0    [PRESSURE DATA]
TOTAL FM JAN 1     0    HIGHEST SLP M ON M
DPTR FM NORMAL     0    LOWEST  SLP 29.70 ON 18

[REMARKS]
