000
CXUS56 KPQR 261330
CF6MMV
PRELIMINARY LOCAL CLIMATOLOGICAL DATA (WS FORM: F-6)

                                          STATION:   MCMINNVILLE OR
                                          MONTH:     FEBRUARY
                                          YEAR:      2015
                                          LATITUDE:   45 11 N
                                          LONGITUDE: 123  8 W

  TEMPERATURE IN F:       :PCPN:    SNOW:  WIND      :SUNSHINE: SKY     :PK WND
================================================================================
1   2   3   4   5  6A  6B    7    8   9   10  11  12  13   14  15   16   17  18
                                     12Z  AVG MX 2MIN
DY MAX MIN AVG DEP HDD CDD  WTR  SNW DPTH SPD SPD DIR MIN PSBL S-S WX    SPD DR
================================================================================

 1  47  37  42   0  23   0 0.26    M    0  1.9  7 350   M    M   8 12      8 340
 2  58  40  49   7  16   0 0.43    M    0  5.8 20 230   M    M   6 1      24 230
 3  52  40  46   4  19   0 0.08    M    0  2.0  8 360   M    M   6 1      11 310
 4  53  46  50   8  15   0 0.14    M    0  4.2  9 340   M    M   7 12     11 350
 5  59  47  53  11  12   0 0.77    M    0  7.9 26 190   M    M  10 128    35 180
 6  57  52  55  13  10   0 0.93  0.0    0 10.4 30 180   M    M   9 1      38 180
 7  58  49  54  12  11   0 0.89    M    0 12.0 26 200   M    M   9 1      35 190
 8  55  47  51   9  14   0 0.23    M    0  7.0 23 210   M    M   7 13     29 210
 9  54  48  51   9  14   0 1.16    M    0 14.3 33 170   M    M   8 1      43 160
10  54  46  50   8  15   0 0.01    M    0  6.5 16 220   M    M   6 1      19 210
11  53  38  46   4  19   0 0.00  0.0    0  1.2  9  90   M    M   5 12     10  90
12  50  41  46   4  19   0 0.00  0.0    0  1.8  7 330   M    M   9 12     10  10
13  50  39  45   3  20   0 0.00  0.0    0  1.7  7 290   M    M   8 12      8 150
14  61  41  51   9  14   0 0.00  0.0    0  3.7 13  40   M    M   5 12     17  50
15  64  36  50   7  15   0 0.00  0.0    0  7.4 16  10   M    M   1 12     20  20
16  63  46  55  12  10   0 0.00  0.0    0 11.9 22  30   M    M   0        27  30
17  66  38  52   9  13   0 0.00  0.0    0  5.7 14 350   M    M   0        17 350
18  59  35  47   4  18   0 0.00  0.0    0  2.9  9 210   M    M   7        14 220
19  61  45  53  10  12   0 0.00  0.0    0  4.1 12 320   M    M   8        13 310
20  59  36  48   5  17   0 0.00  0.0    0  2.7 12  10   M    M   5 12     14 360
21  60  42  51   8  14   0 0.00  0.0    0  9.3 21  60   M    M   4        27  60
22  57  37  47   4  18   0 0.00  0.0    0 11.4 20  10   M    M   0        26  20
23  60  32  46   3  19   0 0.00  0.0    0  8.2 15  10   M    M   0        18  10
24  59  28  44   0  21   0 0.00  0.0    0  2.2  9 310   M    M   0        12 310
25  53  36  45   1  20   0    T    M    0  4.3 12 220   M    M   8 1      14 230
================================================================================
SM 1422 1022       398   0  4.90     0.0 150.5          M      136
================================================================================
AV 56.9 40.9                               6.0 FASTST   M    M   5    MAX(MPH)
                                 MISC ---->  # 33 170               # 43  160
================================================================================
NOTES:
# LAST OF SEVERAL OCCURRENCES

COLUMN 17 PEAK WIND IN M.P.H.

PRELIMINARY LOCAL CLIMATOLOGICAL DATA (WS FORM: F-6) , PAGE 2

                                          STATION:  MCMINNVILLE OR
                                          MONTH:    FEBRUARY
                                          YEAR:     2015
                                          LATITUDE:   45 11 N
                                          LONGITUDE: 123  8 W

[TEMPERATURE DATA]      [PRECIPITATION DATA]       SYMBOLS USED IN COLUMN 16

AVERAGE MONTHLY: 48.9   TOTAL FOR MONTH:   4.90    1 = FOG OR MIST
DPTR FM NORMAL:   6.4   DPTR FM NORMAL:    0.96    2 = FOG REDUCING VISIBILITY
HIGHEST:    66 ON 17    GRTST 24HR  1.24 ON  5- 6      TO 1/4 MILE OR LESS
LOWEST:     28 ON 24                               3 = THUNDER
                        SNOW, ICE PELLETS, HAIL    4 = ICE PELLETS
                        TOTAL MONTH:   0.0 INCH    5 = HAIL
                        GRTST 24HR     0.0         6 = FREEZING RAIN OR DRIZZLE
                        GRTST DEPTH:   0           7 = DUSTSTORM OR SANDSTORM:
                                                       VSBY 1/2 MILE OR LESS
                                                   8 = SMOKE OR HAZE
[NO. OF DAYS WITH]      [WEATHER - DAYS WITH]      9 = BLOWING SNOW
                                                   X = TORNADO
MAX 32 OR BELOW:   0    0.01 INCH OR MORE:  10
MAX 90 OR ABOVE:   0    0.10 INCH OR MORE:   8
MIN 32 OR BELOW:   2    0.50 INCH OR MORE:   4
MIN  0 OR BELOW:   0    1.00 INCH OR MORE:   1

[HDD (BASE 65) ]
TOTAL THIS MO.   398    CLEAR  (SCALE 0-3)   6
DPTR FM NORMAL  -164    PTCLDY (SCALE 4-7)  14
TOTAL FM JUL 1  2431    CLOUDY (SCALE 8-10)  5
DPTR FM NORMAL  -886

[CDD (BASE 65) ]
TOTAL THIS MO.     0
DPTR FM NORMAL     0    [PRESSURE DATA]
TOTAL FM JAN 1     0    HIGHEST SLP M ON M
DPTR FM NORMAL     0    LOWEST  SLP 29.40 ON  7

[REMARKS]
