000
CXUS51 KBTV 230700
CF6MPV
PRELIMINARY LOCAL CLIMATOLOGICAL DATA (WS FORM: F-6)

                                          STATION:   MONTPELIER VT
                                          MONTH:     APRIL
                                          YEAR:      2017
                                          LATITUDE:   44 12 N
                                          LONGITUDE:  72 34 W

  TEMPERATURE IN F:       :PCPN:    SNOW:  WIND      :SUNSHINE: SKY     :PK WND
================================================================================
1   2   3   4   5  6A  6B    7    8   9   10  11  12  13   14  15   16   17  18
                                     12Z  AVG MX 2MIN
DY MAX MIN AVG DEP HDD CDD  WTR  SNW DPTH SPD SPD DIR MIN PSBL S-S WX    SPD DR
================================================================================

 1  34  29  32  -4  33   0 0.30    M    0  2.2 10 300   M    M  10 1      14 310
 2  47  30  39   3  26   0 0.00  0.0    0  6.1 21 310   M    M   6        28 310
 3  52  22  37   0  28   0 0.00  0.0    0  2.1  9 320   M    M   0        13 360
 4  45  34  40   3  25   0 0.44    M    0 10.5 33 170   M    M  10 1      40 160
 5  44  34  39   1  26   0    T    M    0  4.0 10 170   M    M  10 1      16 190
 6  39  34  37  -1  28   0 0.87    M    0  5.4 17 230   M    M  10 12     22 170
 7   M   M   M   M   M   M 0.10    M    0  7.2 15 300   M    M   9 1      31 300
 8  37  27  32  -7  33   0    T    M    0 11.5 18 300   M    M   9 16     36 300
 9  59  24  42   2  23   0 0.00  0.0    0  3.4 14 300   M    M   0        18 350
10  77  33  55  15  10   0 0.00  0.0    0  7.1 20 210   M    M   1        28 200
11  77  40  59  19   6   0 0.05    M    0  4.3 17 250   M    M   3 12     26 200
12  56  42  49   8  16   0 0.01    M    0  4.7 17 300   M    M   8 12     25 310
13  52  32  42   1  23   0    T    M    0  8.1 22 310   M    M   7        29 340
14  56  25  41  -1  24   0 0.00  0.0    0  2.1 14 310   M    M   0        19 280
15  68  25  47   5  18   0 0.32    M    0  5.4 18 210   M    M   3 1      27 210
16  79  52  66  23   0   1 0.02  0.0    0  9.3 26 260   M    M   7 1      39 250
17  55  37  46   3  19   0    T    M    0  8.9 23 310   M    M   9        34 340
18  50  35  43  -1  22   0 0.00  0.0    0  7.4 17 170   M    M   4        25 160
19  48  35  42  -2  23   0 0.34    M    0 13.1 24 180   M    M   7 1      35 170
20  48  41  45   1  20   0 0.01    M    0  3.8 10 300   M    M  10 1      15 310
21  46  39  43  -2  22   0 0.43    M    0 10.1 21 160   M    M  10 1      27 170
22  44  38  41  -4  24   0 0.02    M    0  5.3 13 170   M    M  10 1      17 180
================================================================================
SM 1113  708       449   1  2.91     0.0 142.0          M      143
================================================================================
AV 53.0 33.7                               6.5 FASTST   M    M   7    MAX(MPH)
                                 MISC ---->  # 33 170               # 40  160
================================================================================
NOTES:
# LAST OF SEVERAL OCCURRENCES

COLUMN 17 PEAK WIND IN M.P.H.

PRELIMINARY LOCAL CLIMATOLOGICAL DATA (WS FORM: F-6) , PAGE 2

                                          STATION:  MONTPELIER VT
                                          MONTH:    APRIL
                                          YEAR:     2017
                                          LATITUDE:   44 12 N
                                          LONGITUDE:  72 34 W

[TEMPERATURE DATA]      [PRECIPITATION DATA]       SYMBOLS USED IN COLUMN 16

AVERAGE MONTHLY: 43.4   TOTAL FOR MONTH:   2.91    1 = FOG OR MIST
DPTR FM NORMAL:   2.7   DPTR FM NORMAL:    0.99    2 = FOG REDUCING VISIBILITY
HIGHEST:    79 ON 16    GRTST 24HR  0.92 ON  6- 7      TO 1/4 MILE OR LESS
LOWEST:     22 ON  3                               3 = THUNDER
                        SNOW, ICE PELLETS, HAIL    4 = ICE PELLETS
                        TOTAL MONTH:   0.0 INCH    5 = HAIL
                        GRTST 24HR     0.0         6 = FREEZING RAIN OR DRIZZLE
                        GRTST DEPTH:   0           7 = DUSTSTORM OR SANDSTORM:
                                                       VSBY 1/2 MILE OR LESS
                                                   8 = SMOKE OR HAZE
[NO. OF DAYS WITH]      [WEATHER - DAYS WITH]      9 = BLOWING SNOW
                                                   X = TORNADO
MAX 32 OR BELOW:   0    0.01 INCH OR MORE:  12
MAX 90 OR ABOVE:   0    0.10 INCH OR MORE:   7
MIN 32 OR BELOW:   8    0.50 INCH OR MORE:   1
MIN  0 OR BELOW:   0    1.00 INCH OR MORE:   0

[HDD (BASE 65) ]
TOTAL THIS MO.   449    CLEAR  (SCALE 0-3)   4
DPTR FM NORMAL   -86    PTCLDY (SCALE 4-7)   8
TOTAL FM JUL 1  6951    CLOUDY (SCALE 8-10) 10
DPTR FM NORMAL  -609

[CDD (BASE 65) ]
TOTAL THIS MO.     1
DPTR FM NORMAL     1    [PRESSURE DATA]
TOTAL FM JAN 1     1    HIGHEST SLP M ON M
DPTR FM NORMAL     1    LOWEST  SLP 29.21 ON  6

[REMARKS]
