000
CXUS51 KLWX 250620
CF6MRB
PRELIMINARY LOCAL CLIMATOLOGICAL DATA (WS FORM: F-6)

                                          STATION:   MARTINSBURG WV
                                          MONTH:     MAY
                                          YEAR:      2015
                                          LATITUDE:   39 24 N
                                          LONGITUDE:  77 59 W

  TEMPERATURE IN F:       :PCPN:    SNOW:  WIND      :SUNSHINE: SKY     :PK WND
================================================================================
1   2   3   4   5  6A  6B    7    8   9   10  11  12  13   14  15   16   17  18
                                     12Z  AVG MX 2MIN
DY MAX MIN AVG DEP HDD CDD  WTR  SNW DPTH SPD SPD DIR MIN PSBL S-S WX    SPD DR
================================================================================

 1  67  50  59   2   6   0    T    M    M  4.0 10  80   M    M   8 1      15 350
 2  74  47  61   4   4   0 0.00    M    M  3.9 15  20   M    M   5 12     19  10
 3  79  42  61   3   4   0 0.00    M    M  3.2 13 270   M    M   2        15 320
 4  85  47  66   8   0   1 0.00    M    M  4.9 16 190   M    M   1        22 160
 5  81  58  70  12   0   5    T    M    M  3.8 16 200   M    M   5        23 190
 6  82  55  69  11   0   4 0.30    M    M  3.9 16  20   M    M   3 18     20 120
 7  79  57  68   9   0   3 0.00    M    M  2.7  8 140   M    M   4 18     13 160
 8  82  57  70  11   0   5 0.00    M    M  3.3 13 160   M    M   1 18     16 170
 9  80  54  67   8   0   2 0.00    M    M  4.3 15 150   M    M   2 1      19 100
10  84  55  70  11   0   5 0.00    M    M  5.0 16 150   M    M   2 1      20 140
11  84  60  72  12   0   7 0.09    M    M  4.8 13 150   M    M   1 1      17 150
12  85  64  75  15   0  10    T    M    M 12.5 30 250   M    M   1        41 290
13  64  54  59  -1   6   0 0.00    M    M 11.8 22 310   M    M   9        28 310
14  68  43  56  -4   9   0 0.00    M    M  3.5 13 330   M    M   1        16 320
15  76  49  63   2   2   0    T    M    M  4.1 13 120   M    M   2        17 150
16  87  60  74  13   0   9 0.43    M    M  4.5 33 260   M    M   3 18     40 250
17  82  64  73  12   0   8 0.01    M    M  3.7 13 250   M    M   6 12     20 200
18  88  66  77  15   0  12 1.05    M    M  3.2 18 240   M    M   4 1      23 250
19  86  66  76  14   0  11    T    M    M  8.3 24 270   M    M   4 1      31 270
20  68  52  60  -2   5   0 0.00    M    M  9.6 20 330   M    M   2        26 350
21  55  52  54  -8  11   0 0.07    M    M  3.5 17 320   M    M   9 18     23 300
22  74  43  59  -4   6   0    T    M    M 10.8 28 280   M    M   1 8      33 290
23  72  38  55  -8  10   0 0.00    M    M  3.6 12 330   M    M   0        15 140
24  81  45  63   0   2   0 0.00    M    M  1.6  9 140   M    M   0 1      13 150
================================================================================
SM 1863 1278        65  82  1.95    M    124.5          M       76
================================================================================
AV 77.6 53.2                               5.2 FASTST   M    M   3    MAX(MPH)
                                 MISC ---->  # 33 260               # 41  290
================================================================================
NOTES:
# LAST OF SEVERAL OCCURRENCES

COLUMN 17 PEAK WIND IN M.P.H.

PRELIMINARY LOCAL CLIMATOLOGICAL DATA (WS FORM: F-6) , PAGE 2

                                          STATION:  MARTINSBURG WV
                                          MONTH:    MAY
                                          YEAR:     2015
                                          LATITUDE:   39 24 N
                                          LONGITUDE:  77 59 W

[TEMPERATURE DATA]      [PRECIPITATION DATA]       SYMBOLS USED IN COLUMN 16

AVERAGE MONTHLY: 65.4   TOTAL FOR MONTH:   1.95    1 = FOG OR MIST
DPTR FM NORMAL:   5.4   DPTR FM NORMAL:   -1.23    2 = FOG REDUCING VISIBILITY
HIGHEST:    88 ON 18    GRTST 24HR  1.05 ON 18-18      TO 1/4 MILE OR LESS
LOWEST:     38 ON 23                               3 = THUNDER
                        SNOW, ICE PELLETS, HAIL    4 = ICE PELLETS
                        TOTAL MONTH:    M          5 = HAIL
                        GRTST 24HR    M  ON   M    6 = FREEZING RAIN OR DRIZZLE
                        GRTST DEPTH:  M  ON   M    7 = DUSTSTORM OR SANDSTORM:
                                                       VSBY 1/2 MILE OR LESS
                                                   8 = SMOKE OR HAZE
[NO. OF DAYS WITH]      [WEATHER - DAYS WITH]      9 = BLOWING SNOW
                                                   X = TORNADO
MAX 32 OR BELOW:   0    0.01 INCH OR MORE:   6
MAX 90 OR ABOVE:   0    0.10 INCH OR MORE:   3
MIN 32 OR BELOW:   0    0.50 INCH OR MORE:   1
MIN  0 OR BELOW:   0    1.00 INCH OR MORE:   1

[HDD (BASE 65) ]
TOTAL THIS MO.    65    CLEAR  (SCALE 0-3)  15
DPTR FM NORMAL   -82    PTCLDY (SCALE 4-7)   7
TOTAL FM JUL 1  5015    CLOUDY (SCALE 8-10)  2
DPTR FM NORMAL  -189

[CDD (BASE 65) ]
TOTAL THIS MO.    82
DPTR FM NORMAL    50    [PRESSURE DATA]
TOTAL FM JAN 1    83    HIGHEST SLP M ON M
DPTR FM NORMAL    42    LOWEST  SLP 29.83 ON M

[REMARKS]
