000
CXUS54 KMAF 301100
CF6MRF
PRELIMINARY LOCAL CLIMATOLOGICAL DATA (WS FORM: F-6)

                                          STATION:   Marfa
                                          MONTH:     MAY
                                          YEAR:      2015
                                          LATITUDE:   30 22 N
                                          LONGITUDE: 104  1 W

  TEMPERATURE IN F:       :PCPN:    SNOW:  WIND      :SUNSHINE: SKY     :PK WND
================================================================================
1   2   3   4   5  6A  6B    7    8   9   10  11  12  13   14  15   16   17  18
                                     12Z  AVG MX 2MIN
DY MAX MIN AVG DEP HDD CDD  WTR  SNW DPTH SPD SPD DIR MIN PSBL S-S WX    SPD DR
================================================================================

 1  81  36  59   M   6   0 0.00  0.0    0  6.6 13 180   M    M   0        17  90
 2  82  39  61   M   4   0 0.00  0.0    0  6.1 17 100   M    M   0        16 160
 3  84  54  69   M   0   4 0.01  0.0    0  7.2 15 140   M    M   4 3      20 140
 4  82  50  66   M   0   1 0.00  0.0    0 11.2 21 130   M    M   4        31 180
 5  79  46  63   M   2   0 0.00  0.0    0  8.2 22 230   M    M   1        25 230
 6  82  39  61   M   4   0 0.00  0.0    0  7.0 15 190   M    M   1        24 190
 7  82  46  64   M   1   0 0.00  0.0    0  8.4 15 220   M    M   0        25 230
 8  86  43  65   M   0   0 0.00  0.0    0  8.7 23 200   M    M   0        35 190
 9  81  45  63   M   2   0 0.00  0.0    0  9.0 20 220   M    M   0        27 220
10  81  46  64   M   1   0 0.00  0.0    0  8.3 20 250   M    M   0        24 260
11  75  45  60   M   5   0 0.00  0.0    0 13.2 23  50   M    M   2        28  50
12  73  55  64   M   1   0 0.10  0.0    0 11.6 17 100   M    M   7        23 100
13  75  55  65   M   0   0 0.17  0.0    0  9.4 21 250   M    M   4        25 250
14  79  48  64   M   1   0 0.00  0.0    0  7.5 14 260   M    M   2        22 260
15  84  48  66   M   0   1 0.04    M    0 11.3 22 220   M    M   3 3      32 220
16  84  50  67   M   0   2 0.00  0.0    0 12.9 29 220   M    M   1        39 240
17  79  43  61   M   4   0 0.00  0.0    0  7.3 16 200   M    M   0        22 200
18  86  45  66   M   0   1 0.00  0.0    0 10.4 24 110   M    M   2 3      33 110
19  88  54  71   M   0   6 0.00  0.0    0  6.1 14  60   M    M   1        17 240
20  82  54  68   M   0   3 0.18  0.0    0 10.6 21  60   M    M   3 3      29  20
21  68  54  61   M   4   0 0.39  0.0    0 12.7 21  40   M    M   7 3      27  40
22  88  55  72   M   0   7 0.00  0.0    0 10.1 23 110   M    M   5        30 180
23  81  54  68   M   0   3 0.46  0.0    0 12.5 28 180   M    M   4 3      37 180
24  79  43  61   M   4   0 0.00  0.0    0  8.5 16 280   M    M   0        21 220
25  79  48  64   M   1   0 0.00  0.0    0 11.7 22 240   M    M   0        30 240
26  84  43  64   M   1   0 0.00  0.0    0  5.7 12 340   M    M   0         M  M
27  90  48  69   M   0   4 0.00  0.0    0  9.0 20 120   M    M   0        25 120
28  90  54  72   M   0   7 0.00  0.0    0  9.4 20 260   M    M   1        30 250
29  91  48  70   M   0   5 0.00  0.0    0  7.8 18  70   M    M   0        23  70
================================================================================
SM 2375 1388        41  44  1.35     0.0 268.4          M       52
================================================================================
AV 81.9 47.9                               9.3 FASTST   M    M   2    MAX(MPH)
                                 MISC ---->    29   M                 39    M
================================================================================
NOTES:
# LAST OF SEVERAL OCCURRENCES

COLUMN 17 PEAK WIND IN M.P.H.

PRELIMINARY LOCAL CLIMATOLOGICAL DATA (WS FORM: F-6) , PAGE 2

                                          STATION:  Marfa
                                          MONTH:    MAY
                                          YEAR:     2015
                                          LATITUDE:   30 22 N
                                          LONGITUDE: 104  1 W

[TEMPERATURE DATA]      [PRECIPITATION DATA]       SYMBOLS USED IN COLUMN 16

AVERAGE MONTHLY: 64.9   TOTAL FOR MONTH:   1.35    1 = FOG OR MIST
DPTR FM NORMAL:     M   DPTR FM NORMAL:       M    2 = FOG REDUCING VISIBILITY
HIGHEST:    91 ON 29    GRTST 24HR  0.46 ON 23-23      TO 1/4 MILE OR LESS
LOWEST:     36 ON  1                               3 = THUNDER
                        SNOW, ICE PELLETS, HAIL    4 = ICE PELLETS
                        TOTAL MONTH:   0.0 INCH    5 = HAIL
                        GRTST 24HR     0.0         6 = FREEZING RAIN OR DRIZZLE
                        GRTST DEPTH:   0           7 = DUSTSTORM OR SANDSTORM:
                                                       VSBY 1/2 MILE OR LESS
                                                   8 = SMOKE OR HAZE
[NO. OF DAYS WITH]      [WEATHER - DAYS WITH]      9 = BLOWING SNOW
                                                   X = TORNADO
MAX 32 OR BELOW:   0    0.01 INCH OR MORE:   7
MAX 90 OR ABOVE:   3    0.10 INCH OR MORE:   5
MIN 32 OR BELOW:   0    0.50 INCH OR MORE:   0
MIN  0 OR BELOW:   0    1.00 INCH OR MORE:   0

[HDD (BASE 65) ]
TOTAL THIS MO.    41    CLEAR  (SCALE 0-3)  22
DPTR FM NORMAL     M    PTCLDY (SCALE 4-7)   7
TOTAL FM JUL 1  3213    CLOUDY (SCALE 8-10)  0
DPTR FM NORMAL     M

[CDD (BASE 65) ]
TOTAL THIS MO.    44
DPTR FM NORMAL     M    [PRESSURE DATA]
TOTAL FM JAN 1    47    HIGHEST SLP M ON M
DPTR FM NORMAL     M    LOWEST  SLP M ON M

[REMARKS]
