000
CXUS54 KMAF 241100
CF6MRF
PRELIMINARY LOCAL CLIMATOLOGICAL DATA (WS FORM: F-6)

                                          STATION:   Marfa
                                          MONTH:     APRIL
                                          YEAR:      2017
                                          LATITUDE:   30 22 N
                                          LONGITUDE: 104  1 W

  TEMPERATURE IN F:       :PCPN:    SNOW:  WIND      :SUNSHINE: SKY     :PK WND
================================================================================
1   2   3   4   5  6A  6B    7    8   9   10  11  12  13   14  15   16   17  18
                                     12Z  AVG MX 2MIN
DY MAX MIN AVG DEP HDD CDD  WTR  SNW DPTH SPD SPD DIR MIN PSBL S-S WX    SPD DR
================================================================================

 1  74  36  55   M  10   0    T    M    0 11.5 21  40   M    M   5 8      35  30
 2  58  37  48   M  17   0 0.49    M    0 14.2 29  30   M    M   7 1      39  40
 3  72  34  53   M  12   0 0.00  0.0    0  6.6 18 270   M    M   0        25 260
 4  75  39  57   M   8   0 0.00  0.0    0 17.3 37 240   M    M   0        50 260
 5  66  37  52   M  13   0 0.00  0.0    0 11.9 22  10   M    M   0        28  10
 6  72  31  52   M  13   0 0.00  0.0    0  7.4 17 180   M    M   0        22 180
 7  83  35  59   M   6   0 0.00  0.0    0  7.3 15 200   M    M   0        22 200
 8  86  39  63   M   2   0 0.00  0.0    0  8.8 21 240   M    M   0        31 230
 9  86  39  63   M   2   0 0.00  0.0    0  9.6 24 250   M    M   0        33 240
10  82  45  64   M   1   0 0.00  0.0    0  9.5 21  20   M    M   0        17 280
11  80  51  66   M   0   1 0.00  0.0    0 10.6 18  70   M    M   2        30  70
12  81  57  69   M   0   4 0.06  0.0    0 11.1 20  40   M    M   4 3      30 150
13  77  50  64   M   1   0 0.31  0.0    0  9.7 17  70   M    M   3 3      23 130
14  81  49  65   M   0   0 0.00  0.0    0  8.9 18 180   M    M   1        22 170
15  83  50  67   M   0   2 0.00  0.0    0  4.1 10 200   M    M   0         M  M
16  47  46  47   M  18   0    M    M    M   M   M   M   M    M   M         M  M
17  83  43  63   M   2   0 0.00  0.0    0  5.6 13 130   M    M   0 3       M  M
18  87  42  65   M   0   0 0.00  0.0    0  6.6 13 270   M    M   0        22 300
19  88  46  67   M   0   2 0.00  0.0    0  5.7 12 280   M    M   0        21 260
20  89  47  68   M   0   3 0.00  0.0    0  7.5 16  50   M    M   0        23  40
21  88  47  68   M   0   3 0.00  0.0    0  8.8 18 230   M    M   0        30 270
22  63  46  55   M  10   0 0.00  0.0    0 18.1 25  20   M    M   2        37  20
23  74  37  56   M   9   0 0.00  0.0    0  7.5 13  50   M    M   0        17 150
================================================================================
SM 1775  983       124  15  0.86     0.0 208.3          M       24
================================================================================
AV 77.2 42.7                               9.5 FASTST   M    M   1    MAX(MPH)
                                 MISC ---->  # 37 240               # 50  260
================================================================================
NOTES:
# LAST OF SEVERAL OCCURRENCES

COLUMN 17 PEAK WIND IN M.P.H.

PRELIMINARY LOCAL CLIMATOLOGICAL DATA (WS FORM: F-6) , PAGE 2

                                          STATION:  Marfa
                                          MONTH:    APRIL
                                          YEAR:     2017
                                          LATITUDE:   30 22 N
                                          LONGITUDE: 104  1 W

[TEMPERATURE DATA]      [PRECIPITATION DATA]       SYMBOLS USED IN COLUMN 16

AVERAGE MONTHLY: 60.0   TOTAL FOR MONTH:   0.86    1 = FOG OR MIST
DPTR FM NORMAL:     M   DPTR FM NORMAL:       M    2 = FOG REDUCING VISIBILITY
HIGHEST:    89 ON 20    GRTST 24HR  0.49 ON  2- 2      TO 1/4 MILE OR LESS
LOWEST:     31 ON  6                               3 = THUNDER
                        SNOW, ICE PELLETS, HAIL    4 = ICE PELLETS
                        TOTAL MONTH:   0.0 INCH    5 = HAIL
                        GRTST 24HR     0.0         6 = FREEZING RAIN OR DRIZZLE
                        GRTST DEPTH:   0           7 = DUSTSTORM OR SANDSTORM:
                                                       VSBY 1/2 MILE OR LESS
                                                   8 = SMOKE OR HAZE
[NO. OF DAYS WITH]      [WEATHER - DAYS WITH]      9 = BLOWING SNOW
                                                   X = TORNADO
MAX 32 OR BELOW:   0    0.01 INCH OR MORE:   3
MAX 90 OR ABOVE:   0    0.10 INCH OR MORE:   2
MIN 32 OR BELOW:   1    0.50 INCH OR MORE:   0
MIN  0 OR BELOW:   0    1.00 INCH OR MORE:   0

[HDD (BASE 65) ]
TOTAL THIS MO.   124    CLEAR  (SCALE 0-3)  19
DPTR FM NORMAL     M    PTCLDY (SCALE 4-7)   3
TOTAL FM JUL 1  2384    CLOUDY (SCALE 8-10)  0
DPTR FM NORMAL     M

[CDD (BASE 65) ]
TOTAL THIS MO.    15
DPTR FM NORMAL     M    [PRESSURE DATA]
TOTAL FM JAN 1    21    HIGHEST SLP M ON M
DPTR FM NORMAL     M    LOWEST  SLP M ON M

[REMARKS]
