000
CXUS52 KMHX 220806
CF6MRH
PRELIMINARY LOCAL CLIMATOLOGICAL DATA (WS FORM: F-6)

                                          STATION:   BEAUFORT/SMITH FIELD NC
                                          MONTH:     OCTOBER
                                          YEAR:      2014
                                          LATITUDE:   34 43 N
                                          LONGITUDE:  76 39 W

  TEMPERATURE IN F:       :PCPN:    SNOW:  WIND      :SUNSHINE: SKY     :PK WND
================================================================================
1   2   3   4   5  6A  6B    7    8   9   10  11  12  13   14  15   16   17  18
                                     12Z  AVG MX 2MIN
DY MAX MIN AVG DEP HDD CDD  WTR  SNW DPTH SPD SPD DIR MIN PSBL S-S WX    SPD DR
================================================================================

 1  81  63  72   2   0   7 0.00  0.0    0  6.2 14  20   M    M   1 1      19  20
 2  80  62  71   1   0   6 0.00  0.0    0  3.9 13 110   M    M   3 1      16 150
 3  78  66  72   2   0   7 0.04  0.0    0  6.5 16 200   M    M   6 1      21 190
 4  80  57  69   0   0   4 0.09  0.0    0 15.3 30 220   M    M   2 1      40 230
 5  66  50  58 -11   7   0 0.00  0.0    0  6.4 16 350   M    M   0        24 350
 6  71  47  59  -9   6   0 0.00  0.0    0  5.7 15 200   M    M   0        20 200
 7  78  65  72   4   0   7 0.00  0.0    0  7.3 16 200   M    M   0        20 200
 8  80  73  77   9   0  12 0.00  0.0    0 12.9 22 220   M    M   0        26 210
 9  77  57  67  -1   0   2 0.00  0.0    0  6.2 17 330   M    M   0        22 350
10  78  56  67   0   0   2 0.00  0.0    0  4.2 10 180   M    M   0        13 200
11  80  66  73   6   0   8 0.18  0.0    0 11.2 18 210   M    M   2 1      22 210
12  75  65  70   3   0   5 0.01  0.0    0  9.1 16  40   M    M   8 1      23  40
13  81  66  74   8   0   9 0.00  0.0    0  6.6 13 130   M    M   2 12     20 130
14  82  75  79  13   0  14    T  0.0    0 12.4 23 170   M    M   2        33 150
15  80  63  72   6   0   7 1.61  0.0    0 11.4 29 200   M    M   7 1      36 200
16  73  59  66   1   0   1    T  0.0    0  8.2 18 210   M    M   2        21 210
17  71  57  64  -1   1   0 0.00  0.0    0  9.8 15 230   M    M   0        20 220
18  76  62  69   4   0   4 0.00  0.0    0 10.2 20 330   M    M   2        23 340
19  67  50  59  -5   6   0 0.00  0.0    0 11.6 20 330   M    M   2        25 340
20  71  44  58  -6   7   0    T  0.0    0  4.2 17 190   M    M   2        23 190
21  75  58  67   3   0   2 0.01  0.0    0  7.3 21 300   M    M   2 1      24 290
================================================================================
SM 1600 1261        27  97  1.94     0.0 176.6          M       43
================================================================================
AV 76.2 60.0                               8.4 FASTST   M    M   2    MAX(MPH)
                                 MISC ---->  # 30 220               # 40  230
================================================================================
NOTES:
# LAST OF SEVERAL OCCURRENCES

COLUMN 17 PEAK WIND IN M.P.H.

PRELIMINARY LOCAL CLIMATOLOGICAL DATA (WS FORM: F-6) , PAGE 2

                                          STATION:  BEAUFORT/SMITH FIELD NC
                                          MONTH:    OCTOBER
                                          YEAR:     2014
                                          LATITUDE:   34 43 N
                                          LONGITUDE:  76 39 W

[TEMPERATURE DATA]      [PRECIPITATION DATA]       SYMBOLS USED IN COLUMN 16

AVERAGE MONTHLY: 68.1   TOTAL FOR MONTH:   1.94    1 = FOG OR MIST
DPTR FM NORMAL:   1.2   DPTR FM NORMAL:   -0.94    2 = FOG REDUCING VISIBILITY
HIGHEST:    82 ON 14    GRTST 24HR  1.61 ON 14-15      TO 1/4 MILE OR LESS
LOWEST:     44 ON 20                               3 = THUNDER
                        SNOW, ICE PELLETS, HAIL    4 = ICE PELLETS
                        TOTAL MONTH:   0.0 INCH    5 = HAIL
                        GRTST 24HR     0.0         6 = FREEZING RAIN OR DRIZZLE
                        GRTST DEPTH:   0           7 = DUSTSTORM OR SANDSTORM:
                                                       VSBY 1/2 MILE OR LESS
                                                   8 = SMOKE OR HAZE
[NO. OF DAYS WITH]      [WEATHER - DAYS WITH]      9 = BLOWING SNOW
                                                   X = TORNADO
MAX 32 OR BELOW:   0    0.01 INCH OR MORE:   6
MAX 90 OR ABOVE:   0    0.10 INCH OR MORE:   2
MIN 32 OR BELOW:   0    0.50 INCH OR MORE:   1
MIN  0 OR BELOW:   0    1.00 INCH OR MORE:   1

[HDD (BASE 65) ]
TOTAL THIS MO.    27    CLEAR  (SCALE 0-3)  18
DPTR FM NORMAL   -12    PTCLDY (SCALE 4-7)   3
TOTAL FM JUL 1    27    CLOUDY (SCALE 8-10)  0
DPTR FM NORMAL   -15

[CDD (BASE 65) ]
TOTAL THIS MO.    97
DPTR FM NORMAL    18    [PRESSURE DATA]
TOTAL FM JAN 1  1910    HIGHEST SLP M ON M
DPTR FM NORMAL   147    LOWEST  SLP 29.62 ON  4

[REMARKS]
