000
CXUS53 KMKX 200900
CF6MSN
PRELIMINARY LOCAL CLIMATOLOGICAL DATA (WS FORM: F-6)

                                          STATION:   MADISON WI
                                          MONTH:     JANUARY
                                          YEAR:      2017
                                          LATITUDE:   43  7 N
                                          LONGITUDE:  89 20 W

  TEMPERATURE IN F:       :PCPN:    SNOW:  WIND      :SUNSHINE: SKY     :PK WND
================================================================================
1   2   3   4   5  6A  6B    7    8   9   10  11  12  13   14  15   16   17  18
                                     12Z  AVG MX 2MIN
DY MAX MIN AVG DEP HDD CDD  WTR  SNW DPTH SPD SPD DIR MIN PSBL S-S WX    SPD DR
================================================================================

 1  36  17  27   8  38   0 0.00  0.0    3  5.3 14 190   M    M   4        17 210
 2  38  23  31  12  34   0    T  0.0    3  5.8 16 100   M    M   8 128    19 100
 3  34  10  22   3  43   0 0.03  0.0    2  9.5 20 300   M    M   9 12     31 310
 4  11   2   7 -12  58   0 0.00  0.0    2 11.5 17 320   M    M   3        28 320
 5   7  -2   3 -16  62   0    T  0.1    2  8.3 16 310   M    M   6        23 310
 6   4  -5   0 -19  65   0 0.00  0.0    2  5.6 14 320   M    M   1        18 330
 7  13  -3   5 -14  60   0 0.00  0.0    2  6.5 18 310   M    M   1        25 300
 8  17  -3   7 -12  58   0 0.00  0.0    2  8.1 22 170   M    M   5        28 170
 9  29  17  23   4  42   0 0.03  0.9    2  8.8 21 160   M    M  10 18     26 170
10  43  16  30  11  35   0 0.58    T    2 13.1 22 280   M    M   8 1      36 290
11  32  16  24   6  41   0 0.08  0.4    2  9.7 20  10   M    M   9 146    23  20
12  21  13  17  -1  48   0 0.03  0.7    2  7.8 16  10   M    M   9 1      22 310
13  13   4   9  -9  56   0    T    T    2  6.9 13  20   M    M   7        18  10
14  27  10  19   1  46   0 0.00  0.0    1  2.3  9 320   M    M   4 1      12 260
15  33   6  20   2  45   0 0.00  0.0    1  1.6  7 170   M    M   6 1       9 170
16  34  20  27   9  38   0 0.61    T    1  5.6 13  80   M    M   8 1468   17  80
17  35  33  34  16  31   0 0.06  0.0    1  4.8  9 360   M    M  10 1      20 220
18  35  31  33  15  32   0 0.00  0.0    1  7.6 16 210   M    M   8 1      24 210
19  36  32  34  16  31   0 0.31  0.0    1  5.2 13  70   M    M  10 12     15  70
================================================================================
SM  498  237       863   0  1.73     2.1 134.0          M      126
================================================================================
AV 26.2 12.5                               7.1 FASTST   M    M   7    MAX(MPH)
                                 MISC ---->  # 22 170               # 36  290
================================================================================
NOTES:
# LAST OF SEVERAL OCCURRENCES

COLUMN 17 PEAK WIND IN M.P.H.

PRELIMINARY LOCAL CLIMATOLOGICAL DATA (WS FORM: F-6) , PAGE 2

                                          STATION:  MADISON WI
                                          MONTH:    JANUARY
                                          YEAR:     2017
                                          LATITUDE:   43  7 N
                                          LONGITUDE:  89 20 W

[TEMPERATURE DATA]      [PRECIPITATION DATA]       SYMBOLS USED IN COLUMN 16

AVERAGE MONTHLY: 19.3   TOTAL FOR MONTH:   1.73    1 = FOG OR MIST
DPTR FM NORMAL:   0.8   DPTR FM NORMAL:    0.97    2 = FOG REDUCING VISIBILITY
HIGHEST:    43 ON 10    GRTST 24HR  0.67 ON 16-17      TO 1/4 MILE OR LESS
LOWEST:     -5 ON  6                               3 = THUNDER
                        SNOW, ICE PELLETS, HAIL    4 = ICE PELLETS
                        TOTAL MONTH:   2.1 INCHES  5 = HAIL
                        GRTST 24HR   0.9 ON   M    6 = FREEZING RAIN OR DRIZZLE
                        GRTST DEPTH:   3 ON  2, 1  7 = DUSTSTORM OR SANDSTORM:
                                                       VSBY 1/2 MILE OR LESS
                                                   8 = SMOKE OR HAZE
[NO. OF DAYS WITH]      [WEATHER - DAYS WITH]      9 = BLOWING SNOW
                                                   X = TORNADO
MAX 32 OR BELOW:  10    0.01 INCH OR MORE:   8
MAX 90 OR ABOVE:   0    0.10 INCH OR MORE:   3
MIN 32 OR BELOW:  18    0.50 INCH OR MORE:   2
MIN  0 OR BELOW:   4    1.00 INCH OR MORE:   0

[HDD (BASE 65) ]
TOTAL THIS MO.   863    CLEAR  (SCALE 0-3)   3
DPTR FM NORMAL   -19    PTCLDY (SCALE 4-7)   7
TOTAL FM JUL 1  3194    CLOUDY (SCALE 8-10)  9
DPTR FM NORMAL  -567

[CDD (BASE 65) ]
TOTAL THIS MO.     0
DPTR FM NORMAL     0    [PRESSURE DATA]
TOTAL FM JAN 1     0    HIGHEST SLP M ON M
DPTR FM NORMAL     0    LOWEST  SLP 29.16 ON 10

[REMARKS]
