000
CXUS53 KILX 220900
CF6MTO
PRELIMINARY LOCAL CLIMATOLOGICAL DATA (WS FORM: F-6)

                                          STATION:   MATTOON IL AIRPORT
                                          MONTH:     JULY
                                          YEAR:      2014
                                          LATITUDE:   39 28 N
                                          LONGITUDE:  88 17 W

  TEMPERATURE IN F:       :PCPN:    SNOW:  WIND      :SUNSHINE: SKY     :PK WND
================================================================================
1   2   3   4   5  6A  6B    7    8   9   10  11  12  13   14  15   16   17  18
                                     12Z  AVG MX 2MIN
DY MAX MIN AVG DEP HDD CDD  WTR  SNW DPTH SPD SPD DIR MIN PSBL S-S WX    SPD DR
================================================================================

 1  85  67  76   1   0  11 0.47    M    M  7.6 18  80   M    M   2 13     25  70
 2  76  61  69  -6   0   4    T    M    M  9.2 18 300   M    M   5        23 310
 3  75  57  66 -10   0   1 0.01    M    M  6.9 15 330   M    M   7 1      19 350
 4  78  57  68  -8   0   3 0.00    M    M  2.8 13  50   M    M   2        18  30
 5  79  54  67  -9   0   2    T    M    M  6.2 17 340   M    M   1        22 340
 6  83  65  74  -2   0   9 0.01    M    M 10.6 17 200   M    M   3        23 200
 7  85  70  78   2   0  13    T    M    M  7.9 14 290   M    M   4 138    19 210
 8  83  67  75  -1   0  10 0.04    M    M 11.7 29 280   M    M   4 3      43 280
 9  84  61  73  -3   0   8 0.00    M    M  7.1 16 320   M    M   1 8      24 330
10  81  56  69  -7   0   4 0.00    M    M  4.7 12  30   M    M   0        15  60
11  85  57  71  -5   0   6 0.01    M    M  5.3 12 160   M    M   0        13 170
12  84  69  77   1   0  12 1.14    M    M  8.5 17 300   M    M   4 13     21 210
13  84  73  79   3   0  14 0.01    M    M  7.9 18 320   M    M   4 1      25 320
14  83  60  72  -4   0   7 0.56    M    M  6.8 22 350   M    M   3 13     29 350
15  72  53  63 -13   2   0 0.00    M    M  9.8 18 310   M    M   3        23 330
16  74  53  64 -12   1   0 0.00    M    M  4.9 13 340   M    M   2        17 310
17  78  52  65 -11   0   0 0.00    M    M  2.3  7 220   M    M   2 8       9 230
18  77  58  68  -8   0   3 0.00    M    M  4.2 13 110   M    M   1        15 110
19  78  54  66 -10   0   1 0.00    M    M  2.8 12  40   M    M   1 1      14  50
20  81  57  69  -7   0   4 0.00    M    M  1.0  8  30   M    M   1 1      11  40
21  83  60  72  -4   0   7 0.00    M    M  1.6  8 130   M    M   1 1      10 160
================================================================================
SM 1688 1261         3 119  2.25    M    129.8          M       51
================================================================================
AV 80.4 60.0                               6.2 FASTST   M    M   2    MAX(MPH)
                                 MISC ---->  # 29 280               # 43  280
================================================================================
NOTES:
# LAST OF SEVERAL OCCURRENCES

COLUMN 17 PEAK WIND IN M.P.H.

PRELIMINARY LOCAL CLIMATOLOGICAL DATA (WS FORM: F-6) , PAGE 2

                                          STATION:  MATTOON IL AIRPORT
                                          MONTH:    JULY
                                          YEAR:     2014
                                          LATITUDE:   39 28 N
                                          LONGITUDE:  88 17 W

[TEMPERATURE DATA]      [PRECIPITATION DATA]       SYMBOLS USED IN COLUMN 16

AVERAGE MONTHLY: 70.2   TOTAL FOR MONTH:   2.25    1 = FOG OR MIST
DPTR FM NORMAL:  -5.7   DPTR FM NORMAL:   -0.81    2 = FOG REDUCING VISIBILITY
HIGHEST:    85 ON 11, 7 GRTST 24HR  1.15 ON 11-12      TO 1/4 MILE OR LESS
LOWEST:     52 ON 17                               3 = THUNDER
                        SNOW, ICE PELLETS, HAIL    4 = ICE PELLETS
                        TOTAL MONTH:    M          5 = HAIL
                        GRTST 24HR    M  ON   M    6 = FREEZING RAIN OR DRIZZLE
                        GRTST DEPTH:  M  ON   M    7 = DUSTSTORM OR SANDSTORM:
                                                       VSBY 1/2 MILE OR LESS
                                                   8 = SMOKE OR HAZE
[NO. OF DAYS WITH]      [WEATHER - DAYS WITH]      9 = BLOWING SNOW
                                                   X = TORNADO
MAX 32 OR BELOW:   0    0.01 INCH OR MORE:   8
MAX 90 OR ABOVE:   0    0.10 INCH OR MORE:   3
MIN 32 OR BELOW:   0    0.50 INCH OR MORE:   2
MIN  0 OR BELOW:   0    1.00 INCH OR MORE:   1

[HDD (BASE 65) ]
TOTAL THIS MO.     3    CLEAR  (SCALE 0-3)  13
DPTR FM NORMAL     3    PTCLDY (SCALE 4-7)   8
TOTAL FM JUL 1     3    CLOUDY (SCALE 8-10)  0
DPTR FM NORMAL     3

[CDD (BASE 65) ]
TOTAL THIS MO.   119
DPTR FM NORMAL  -110    [PRESSURE DATA]
TOTAL FM JAN 1   513    HIGHEST SLP M ON M
DPTR FM NORMAL   -27    LOWEST  SLP 29.72 ON  8

[REMARKS]
