000
CXUS55 KBOI 181002
CF6MUO
PRELIMINARY LOCAL CLIMATOLOGICAL DATA (WS FORM: F-6)

                                          STATION:   MOUNTAIN HOME AFB
                                          MONTH:     AUGUST
                                          YEAR:      2017
                                          LATITUDE:   43  2 N
                                          LONGITUDE: 115 52 W

  TEMPERATURE IN F:       :PCPN:    SNOW:  WIND      :SUNSHINE: SKY     :PK WND
================================================================================
1   2   3   4   5  6A  6B    7    8   9   10  11  12  13   14  15   16   17  18
                                     12Z  AVG MX 2MIN
DY MAX MIN AVG DEP HDD CDD  WTR  SNW DPTH SPD SPD DIR MIN PSBL S-S WX    SPD DR
================================================================================

 1 103  65  84   6   0  19    T    M    M  7.2 14 330   M    M   0        18 330
 2 104  61  83   6   0  18 0.00    M    M  8.3 14 330   M    M   0         M  M
 3 101  63  82   5   0  17 0.00    M    M  8.4 22 330   M    M   0        32 350
 4 100  62  81   4   0  16 0.00    M    M 10.2 23 310   M    M   0        35 320
 5  96  65  81   4   0  16 0.00    M    M 12.9 24 320   M    M   0 8      31 320
 6  91  63  77   0   0  12 0.00    M    M  7.2 14 120   M    M   1 8       M  M
 7  93  73  83   6   0  18 0.00    M    M  7.2 16 120   M    M   4 8       M  M
 8  95  60  78   1   0  13 0.00    M    M  7.7 22 110   M    M   2 8      37 130
 9  92  65  79   2   0  14 0.00    M    M  9.4 20 130   M    M   5 8       M  M
10  94  63  79   3   0  14 0.00    M    M 11.3 23 110   M    M   2 3      32 100
11  97  62  80   4   0  15 0.00    M    M  8.0 15 210   M    M   3 8      36 230
12 100  62  81   5   0  16 0.00    M    M  9.9 24 320   M    M   2 8      32 320
13  89  65  77   1   0  12    T    M    M 13.0 23 330   M    M   4 18     35 330
14  78  60  69  -6   0   4 0.06    M    M  3.0  9 140   M    M   5 1       M  M
15  88  52  70  -5   0   5 0.00    M    M  5.6 13 110   M    M   0         M  M
16  91  55  73  -2   0   8 0.00    M    M  6.1 14 310   M    M   0        21 330
17  91  55  73  -2   0   8 0.00    M    M  9.5 20 310   M    M   0        25 310
================================================================================
SM 1603 1051         0 225  0.06    M    144.9          M       28
================================================================================
AV 94.3 61.8                               8.5 FASTST   M    M   2    MAX(MPH)
                                 MISC ---->  # 24 320               # 37  130
================================================================================
NOTES:
# LAST OF SEVERAL OCCURRENCES

COLUMN 17 PEAK WIND IN M.P.H.

PRELIMINARY LOCAL CLIMATOLOGICAL DATA (WS FORM: F-6) , PAGE 2

                                          STATION:  MOUNTAIN HOME AFB
                                          MONTH:    AUGUST
                                          YEAR:     2017
                                          LATITUDE:   43  2 N
                                          LONGITUDE: 115 52 W

[TEMPERATURE DATA]      [PRECIPITATION DATA]       SYMBOLS USED IN COLUMN 16

AVERAGE MONTHLY: 78.1   TOTAL FOR MONTH:   0.06    1 = FOG OR MIST
DPTR FM NORMAL:   1.8   DPTR FM NORMAL:   -0.01    2 = FOG REDUCING VISIBILITY
HIGHEST:   104 ON  2    GRTST 24HR  0.06 ON 14-14      TO 1/4 MILE OR LESS
LOWEST:     52 ON 15                               3 = THUNDER
                        SNOW, ICE PELLETS, HAIL    4 = ICE PELLETS
                        TOTAL MONTH:    M          5 = HAIL
                        GRTST 24HR    M  ON   M    6 = FREEZING RAIN OR DRIZZLE
                        GRTST DEPTH:  M  ON   M    7 = DUSTSTORM OR SANDSTORM:
                                                       VSBY 1/2 MILE OR LESS
                                                   8 = SMOKE OR HAZE
[NO. OF DAYS WITH]      [WEATHER - DAYS WITH]      9 = BLOWING SNOW
                                                   X = TORNADO
MAX 32 OR BELOW:   0    0.01 INCH OR MORE:   1
MAX 90 OR ABOVE:  14    0.10 INCH OR MORE:   0
MIN 32 OR BELOW:   0    0.50 INCH OR MORE:   0
MIN  0 OR BELOW:   0    1.00 INCH OR MORE:   0

[HDD (BASE 65) ]
TOTAL THIS MO.     0    CLEAR  (SCALE 0-3)  13
DPTR FM NORMAL     0    PTCLDY (SCALE 4-7)   4
TOTAL FM JUL 1     0    CLOUDY (SCALE 8-10)  0
DPTR FM NORMAL    -6

[CDD (BASE 65) ]
TOTAL THIS MO.   225
DPTR FM NORMAL    27    [PRESSURE DATA]
TOTAL FM JAN 1   928    HIGHEST SLP M ON M
DPTR FM NORMAL   219    LOWEST  SLP M ON M

[REMARKS]
