000
CXUS51 KBTV 280700
CF6MVL
PRELIMINARY LOCAL CLIMATOLOGICAL DATA (WS FORM: F-6)

                                          STATION:   MORRISVILLE VT
                                          MONTH:     JULY
                                          YEAR:      2016
                                          LATITUDE:   44 31 N
                                          LONGITUDE:  72 37 W

  TEMPERATURE IN F:       :PCPN:    SNOW:  WIND      :SUNSHINE: SKY     :PK WND
================================================================================
1   2   3   4   5  6A  6B    7    8   9   10  11  12  13   14  15   16   17  18
                                     12Z  AVG MX 2MIN
DY MAX MIN AVG DEP HDD CDD  WTR  SNW DPTH SPD SPD DIR MIN PSBL S-S WX    SPD DR
================================================================================

 1  80  50  65  -1   0   0 0.23  0.0    0  4.5 17 160   M    M   3 13     22 190
 2  67  45  56 -11   9   0    T    M    0  5.8 17 310   M    M   7 1      26 340
 3  77  44  61  -6   4   0 0.00  0.0    0  4.9 15 330   M    M   3        23 310
 4  83  48  66  -1   0   1 0.00  0.0    0  4.5 16 200   M    M   2        24 190
 5  86  50  68   1   0   3 0.00  0.0    0  2.3 13 340   M    M   1 1      18 310
 6  88  55  72   5   0   7 0.00  0.0    0  2.1 14 210   M    M   2 1      17 210
 7  87  60  74   6   0   9 0.03  0.0    0  2.6 17 340   M    M   3 12     24 320
 8  81  60  71   3   0   6 0.00  0.0    0  4.3 12 190   M    M   5 12     17 180
 9  66  58  62  -6   3   0 0.52  0.0    0  3.4 12 200   M    M  10 13     16 180
10  65  57  61  -7   4   0 0.35  0.0    0  3.5 12 350   M    M  10 1      18 340
11  78  50  64  -4   1   0    T  0.0    0  3.5 12  30   M    M   3 12     15  30
12  83  49  66  -2   0   1 0.00  0.0    0  2.5 12 210   M    M   2 12     17 210
13  89  54  72   4   0   7    T  0.0    0  4.4 16 200   M    M   1        23 180
14  86  66  76   8   0  11 0.10  0.0    0  7.0 16 180   M    M   4 13     24 180
15  83  63  73   5   0   8    T  0.0    0  5.3 14 200   M    M   4        20 160
16  75  59  67  -1   0   2    T  0.0    0  2.2 13  20   M    M   8        16  20
17  81  57  69   1   0   4 0.00  0.0    0  2.3 10 210   M    M   5 1      16 190
18  82  57  70   2   0   5 0.87  0.0    0  5.5 20 200   M    M   3 1      25 200
19  71  49  60  -8   5   0    T    M    0  4.9 15 290   M    M   7 1      25 330
20  76  44  60  -8   5   0 0.00  0.0    0  2.9 13 320   M    M   2 1      20 300
21  83  49  66  -2   0   1 0.00  0.0    0  3.8 13 200   M    M   2 12     18 190
22  88  63  76   8   0  11 0.67  0.0    0  5.0 36  20   M    M   3 1      47  20
23  81  60  71   3   0   6 0.37  0.0    0  2.0 21  10   M    M   7 128    26  20
24  76  55  66  -2   0   1 0.00  0.0    0  4.9 17  20   M    M   1 1      22  30
25  82  54  68   0   0   3    T  0.0    0  2.4  9 200   M    M   3        13 190
26  80  58  69   1   0   4 0.00  0.0    0  3.6 13 350   M    M   5        22 300
27  86  57  72   4   0   7 0.00  0.0    0  1.7 10 220   M    M   4 12     14 230
================================================================================
SM 2160 1471        31  97  3.14     0.0 101.8          M      110
================================================================================
AV 80.0 54.5                               3.8 FASTST   M    M   4    MAX(MPH)
                                 MISC ---->  # 36  20               # 47   20
================================================================================
NOTES:
# LAST OF SEVERAL OCCURRENCES

COLUMN 17 PEAK WIND IN M.P.H.

PRELIMINARY LOCAL CLIMATOLOGICAL DATA (WS FORM: F-6) , PAGE 2

                                          STATION:  MORRISVILLE VT
                                          MONTH:    JULY
                                          YEAR:     2016
                                          LATITUDE:   44 31 N
                                          LONGITUDE:  72 37 W

[TEMPERATURE DATA]      [PRECIPITATION DATA]       SYMBOLS USED IN COLUMN 16

AVERAGE MONTHLY: 67.2   TOTAL FOR MONTH:   3.14    1 = FOG OR MIST
DPTR FM NORMAL:  -0.5   DPTR FM NORMAL:   -0.50    2 = FOG REDUCING VISIBILITY
HIGHEST:    89 ON 13    GRTST 24HR  1.04 ON 22-23      TO 1/4 MILE OR LESS
LOWEST:     44 ON 20, 3                            3 = THUNDER
                        SNOW, ICE PELLETS, HAIL    4 = ICE PELLETS
                        TOTAL MONTH:   0.0 INCH    5 = HAIL
                        GRTST 24HR     0.0         6 = FREEZING RAIN OR DRIZZLE
                        GRTST DEPTH:   0           7 = DUSTSTORM OR SANDSTORM:
                                                       VSBY 1/2 MILE OR LESS
                                                   8 = SMOKE OR HAZE
[NO. OF DAYS WITH]      [WEATHER - DAYS WITH]      9 = BLOWING SNOW
                                                   X = TORNADO
MAX 32 OR BELOW:   0    0.01 INCH OR MORE:   8
MAX 90 OR ABOVE:   0    0.10 INCH OR MORE:   7
MIN 32 OR BELOW:   0    0.50 INCH OR MORE:   3
MIN  0 OR BELOW:   0    1.00 INCH OR MORE:   0

[HDD (BASE 65) ]
TOTAL THIS MO.    31    CLEAR  (SCALE 0-3)  12
DPTR FM NORMAL     3    PTCLDY (SCALE 4-7)  13
TOTAL FM JUL 1    31    CLOUDY (SCALE 8-10)  2
DPTR FM NORMAL     3

[CDD (BASE 65) ]
TOTAL THIS MO.    97
DPTR FM NORMAL    -4    [PRESSURE DATA]
TOTAL FM JAN 1   159    HIGHEST SLP M ON M
DPTR FM NORMAL     2    LOWEST  SLP 29.74 ON  7

[REMARKS]
