335
CXUS51 KBTV 290700
CF6MVL
PRELIMINARY LOCAL CLIMATOLOGICAL DATA (WS FORM: F-6)

                                          STATION:   MORRISVILLE VT
                                          MONTH:     APRIL
                                          YEAR:      2016
                                          LATITUDE:   44 31 N
                                          LONGITUDE:  72 37 W

  TEMPERATURE IN F:       :PCPN:    SNOW:  WIND      :SUNSHINE: SKY     :PK WND
================================================================================
1   2   3   4   5  6A  6B    7    8   9   10  11  12  13   14  15   16   17  18
                                     12Z  AVG MX 2MIN
DY MAX MIN AVG DEP HDD CDD  WTR  SNW DPTH SPD SPD DIR MIN PSBL S-S WX    SPD DR
================================================================================

 1  67  42  55  20  10   0 0.38    M    0  8.9 22 200   M    M   8 18     32 190
 2  51  26  39   3  26   0    T    M    0  5.2 17 200   M    M   5        22 210
 3  32  16  24 -12  41   0    T    M    0 12.2 24 330   M    M   7        36 320
 4  27  11  19 -17  46   0    T    M    0  3.1 14 340   M    M   7        19 340
 5  29   7  18 -19  47   0    T    M    0  5.3 20  10   M    M   0        25 340
 6  41  11  26 -12  39   0 0.04    M    0  5.8 20 170   M    M   5 128    27 170
 7  57  29  43   5  22   0 0.44    M    0  6.3 25 160   M    M   7 18     40 200
 8  40  24  32  -6  33   0 0.12    M    0  4.9 18 210   M    M   8 1      24 210
 9  32  22  27 -12  38   0    T    M    0  7.0 21  20   M    M   8        26  20
10  37  18  28 -11  37   0    T    M    0  5.4 16 340   M    M   4        25 340
11  41  29  35  -5  30   0 0.11    M    0  1.3  9 200   M    M  10 1      13 210
12  46  33  40   0  25   0 0.30    M    0  6.0 18 350   M    M   9 12     27 340
13  45  27  36  -5  29   0 0.00  0.0    0  6.2 14 340   M    M   2        20 320
14  53  21  37  -4  28   0 0.00  0.0    0  3.2 14 330   M    M   0        23 350
15  57  21  39  -3  26   0 0.00  0.0    0  4.1 17  10   M    M   0        23  10
16  64  23  44   2  21   0 0.00  0.0    0  3.6 14  10   M    M   0        18  10
17  70  26  48   5  17   0 0.00  0.0    0  3.5 18  10   M    M   0        24  20
18  65  31  48   5  17   0 0.06    M    0  5.3 17  10   M    M   6 1      20  10
19  54  40  47   3  18   0 0.10    M    0  9.8 22 360   M    M   6 1      34 360
20  55  28  42  -2  23   0 0.00  0.0    0  5.7 17  10   M    M   0        23 340
21  74  24  49   4  16   0 0.00  0.0    0  1.9 12  20   M    M   2        15 360
22  74  46  60  15   5   0    T    M    0  5.9 17 330   M    M   9 1      25 320
23  51  25  38  -8  27   0 0.00  0.0    0  9.0 20 340   M    M   5 1      27 340
24  50  22  36 -10  29   0 0.00  0.0    0  3.6 16 360   M    M   0        21 330
25  51  22  37  -9  28   0 0.00  0.0    0  5.2 18  10   M    M   1        24 340
26  38  26  32 -15  33   0 0.14    M    0  3.5  9  10   M    M   8 12     12  20
27  49  21  35 -12  30   0 0.00    M    0  5.0 17 360   M    M   4 128    23 340
28  46  19  33 -15  32   0 0.00    M    0  5.9 17  10   M    M   0        24 310
================================================================================
SM 1396  690       773   0  1.69     0.0 152.8          M      121
================================================================================
AV 49.9 24.6                               5.5 FASTST   M    M   4    MAX(MPH)
                                 MISC ---->  # 25 160               # 40  200
================================================================================
NOTES:
# LAST OF SEVERAL OCCURRENCES

COLUMN 17 PEAK WIND IN M.P.H.

PRELIMINARY LOCAL CLIMATOLOGICAL DATA (WS FORM: F-6) , PAGE 2

                                          STATION:  MORRISVILLE VT
                                          MONTH:    APRIL
                                          YEAR:     2016
                                          LATITUDE:   44 31 N
                                          LONGITUDE:  72 37 W

[TEMPERATURE DATA]      [PRECIPITATION DATA]       SYMBOLS USED IN COLUMN 16

AVERAGE MONTHLY: 37.2   TOTAL FOR MONTH:   1.69    1 = FOG OR MIST
DPTR FM NORMAL:  -4.2   DPTR FM NORMAL:   -0.55    2 = FOG REDUCING VISIBILITY
HIGHEST:    74 ON 22,21 GRTST 24HR  0.56 ON  7- 8      TO 1/4 MILE OR LESS
LOWEST:      7 ON  5                               3 = THUNDER
                        SNOW, ICE PELLETS, HAIL    4 = ICE PELLETS
                        TOTAL MONTH:   0.0 INCH    5 = HAIL
                        GRTST 24HR     0.0         6 = FREEZING RAIN OR DRIZZLE
                        GRTST DEPTH:   0           7 = DUSTSTORM OR SANDSTORM:
                                                       VSBY 1/2 MILE OR LESS
                                                   8 = SMOKE OR HAZE
[NO. OF DAYS WITH]      [WEATHER - DAYS WITH]      9 = BLOWING SNOW
                                                   X = TORNADO
MAX 32 OR BELOW:   4    0.01 INCH OR MORE:   9
MAX 90 OR ABOVE:   0    0.10 INCH OR MORE:   7
MIN 32 OR BELOW:  24    0.50 INCH OR MORE:   0
MIN  0 OR BELOW:   0    1.00 INCH OR MORE:   0

[HDD (BASE 65) ]
TOTAL THIS MO.   773    CLEAR  (SCALE 0-3)  11
DPTR FM NORMAL   114    PTCLDY (SCALE 4-7)  10
TOTAL FM JUL 1  6302    CLOUDY (SCALE 8-10)  7
DPTR FM NORMAL -1444

[CDD (BASE 65) ]
TOTAL THIS MO.     0
DPTR FM NORMAL     0    [PRESSURE DATA]
TOTAL FM JAN 1     0    HIGHEST SLP M ON M
DPTR FM NORMAL     0    LOWEST  SLP 29.26 ON  7

[REMARKS]
