000
CXUS54 KFWD 230730
CF6MWL
PRELIMINARY LOCAL CLIMATOLOGICAL DATA (WS FORM: F-6)

                                          STATION:   MINERAL WELLS
                                          MONTH:     NOVEMBER
                                          YEAR:      2017
                                          LATITUDE:   32 46 N
                                          LONGITUDE:  98  4 W

  TEMPERATURE IN F:       :PCPN:    SNOW:  WIND      :SUNSHINE: SKY     :PK WND
================================================================================
1   2   3   4   5  6A  6B    7    8   9   10  11  12  13   14  15   16   17  18
                                     12Z  AVG MX 2MIN
DY MAX MIN AVG DEP HDD CDD  WTR  SNW DPTH SPD SPD DIR MIN PSBL S-S WX    SPD DR
================================================================================

 1  87  46  67   6   0   2 0.00  0.0    0 10.2 22 210   M    M   2        27 220
 2  94  56  75  15   0  10 0.00  0.0    0 10.3 20 220   M    M   0        26 210
 3  68  49  59  -1   6   0 0.00  0.0    0  4.9 13 340   M    M   4 18     17 340
 4  91  50  71  11   0   6 0.00  0.0    0  9.2 18 200   M    M   0 18     24 190
 5  93  66  80  21   0  15 0.00  0.0    0  9.0 22 280   M    M   0 1      28 290
 6  71  53  62   3   3   0 0.00  0.0    0  6.9 14 320   M    M   2        20 310
 7  63  46  55  -3  10   0 0.00  0.0    0 11.2 20 350   M    M   4        25 340
 8  47  41  44 -14  21   0 0.83  0.0    0  9.8 17 350   M    M  10 1      23 360
 9  55  41  48 -10  17   0 0.00  0.0    0  3.1  9 200   M    M   6        11 190
10  61  37  49  -8  16   0 0.00  0.0    0  5.0 13 170   M    M   8 12     15 180
11  68  55  62   5   3   0 0.00  0.0    0 10.3 22 170   M    M  10 8      27 160
12  73  61  67  11   0   2 0.00  0.0    0  6.5 14 360   M    M  10 1      18  10
13  67  54  61   5   4   0 0.00  0.0    0  7.2 16 150   M    M   9 1      22 150
14  76  61  69  13   0   4 0.00  0.0    0 12.2 21 180   M    M   9 1      27 200
15  78  60  69  14   0   4    T  0.0    0  8.1 16  20   M    M   7        20  20
16  74  60  67  12   0   2 0.00  0.0    0  7.0 14 140   M    M   8 18     17 140
17  88  64  76  22   0  11 0.00  0.0    0 13.2 22 200   M    M   2 1      27 200
18  74  40  57   3   8   0 0.00  0.0    0 15.7 37 340   M    M   0        46 330
19  62  32  47  -7  18   0 0.00  0.0    0  4.6 10 130   M    M   0        13  10
20  67  32  50  -3  15   0 0.00  0.0    0  8.6 22 180   M    M   0        29 190
21  70  42  56   3   9   0 0.00  0.0    0 10.3 21  10   M    M   0        28  10
22  56  35  46  -6  19   0 0.00  0.0    0  8.1 16 330   M    M   0        21 340
================================================================================
SM 1583 1081       149  56  0.83     0.0 191.4          M       91
================================================================================
AV 72.0 49.1                               8.7 FASTST   M    M   4    MAX(MPH)
                                 MISC ---->  # 37 340               # 46  330
================================================================================
NOTES:
# LAST OF SEVERAL OCCURRENCES

COLUMN 17 PEAK WIND IN M.P.H.

PRELIMINARY LOCAL CLIMATOLOGICAL DATA (WS FORM: F-6) , PAGE 2

                                          STATION:  MINERAL WELLS
                                          MONTH:    NOVEMBER
                                          YEAR:     2017
                                          LATITUDE:   32 46 N
                                          LONGITUDE:  98  4 W

[TEMPERATURE DATA]      [PRECIPITATION DATA]       SYMBOLS USED IN COLUMN 16

AVERAGE MONTHLY: 60.6   TOTAL FOR MONTH:   0.83    1 = FOG OR MIST
DPTR FM NORMAL:   4.0   DPTR FM NORMAL:   -0.88    2 = FOG REDUCING VISIBILITY
HIGHEST:    94 ON  2    GRTST 24HR  0.83 ON  8- 8      TO 1/4 MILE OR LESS
LOWEST:     32 ON 20,19                            3 = THUNDER
                        SNOW, ICE PELLETS, HAIL    4 = ICE PELLETS
                        TOTAL MONTH:   0.0 INCH    5 = HAIL
                        GRTST 24HR     0.0         6 = FREEZING RAIN OR DRIZZLE
                        GRTST DEPTH:   0           7 = DUSTSTORM OR SANDSTORM:
                                                       VSBY 1/2 MILE OR LESS
                                                   8 = SMOKE OR HAZE
[NO. OF DAYS WITH]      [WEATHER - DAYS WITH]      9 = BLOWING SNOW
                                                   X = TORNADO
MAX 32 OR BELOW:   0    0.01 INCH OR MORE:   1
MAX 90 OR ABOVE:   3    0.10 INCH OR MORE:   1
MIN 32 OR BELOW:   2    0.50 INCH OR MORE:   1
MIN  0 OR BELOW:   0    1.00 INCH OR MORE:   0

[HDD (BASE 65) ]
TOTAL THIS MO.   149    CLEAR  (SCALE 0-3)  11
DPTR FM NORMAL   -51    PTCLDY (SCALE 4-7)   6
TOTAL FM JUL 1   263    CLOUDY (SCALE 8-10)  5
DPTR FM NORMAL   -38

[CDD (BASE 65) ]
TOTAL THIS MO.    56
DPTR FM NORMAL    41    [PRESSURE DATA]
TOTAL FM JAN 1  2588    HIGHEST SLP M ON M
DPTR FM NORMAL   234    LOWEST  SLP 29.63 ON 18

[REMARKS]
