000
CXUS54 KLZK 291330
CF6MWT
PRELIMINARY LOCAL CLIMATOLOGICAL DATA (WS FORM: F-6)

                                          STATION:   Mount Ida
                                          MONTH:     JUNE
                                          YEAR:      2015
                                          LATITUDE:   34 32 N
                                          LONGITUDE:  93 35 W

  TEMPERATURE IN F:       :PCPN:    SNOW:  WIND      :SUNSHINE: SKY     :PK WND
================================================================================
1   2   3   4   5  6A  6B    7    8   9   10  11  12  13   14  15   16   17  18
                                     12Z  AVG MX 2MIN
DY MAX MIN AVG DEP HDD CDD  WTR  SNW DPTH SPD SPD DIR MIN PSBL S-S WX    SPD DR
================================================================================

 1  80  63  72   0   0   7 0.00  0.0    0  2.2 10 140   M    M   7 1      15 150
 2  79  61  70  -3   0   5 0.00  0.0    0  0.7  8 140   M    M   6 1      10 120
 3  84  62  73   0   0   8 0.00  0.0    0  1.5  8 140   M    M   2 1      11 160
 4  87  63  75   2   0  10 0.00  0.0    0  1.4  6 130   M    M   1 1      10  80
 5  90  64  77   3   0  12 0.00  0.0    0  1.0  7 130   M    M   0 1       9 140
 6  92  66  79   5   0  14 0.41  0.0    0  1.4 21 130   M    M   1 1      31 130
 7  91  66  79   5   0  14 0.00  0.0    0  1.4  8 170   M    M   1 18     11 160
 8  90  69  80   6   0  15 0.00  0.0    0  1.6  9 250   M    M   1 18     16 310
 9  92  67  80   5   0  15 0.00  0.0    0  0.6 10 150   M    M   0 1      13 160
10  92  64  78   3   0  13 0.00  0.0    0  0.8  5 150   M    M   1 1       M  M
11  92  64  78   3   0  13 0.00  0.0    0  2.0  9 210   M    M   0 18     14 170
12  90  74  82   6   0  17 0.13  0.0    0  3.3 12 130   M    M   2        18 150
13  86  75  81   5   0  16    T  0.0    0  5.3 17 140   M    M   7        24 130
14  88  72  80   4   0  15 1.16  0.0    0  3.5 12 150   M    M   6 1      19 190
15  88  72  80   4   0  15 0.02  0.0    0  2.8 10 150   M    M   5 1      19 150
16  88  71  80   4   0  15 0.32  0.0    0  2.1 17 150   M    M   4 1      29 180
17  86  72  79   2   0  14 0.10  0.0    0  4.0 15 140   M    M   4 1      27 130
18  81  72  77   0   0  12 1.55  0.0    0  5.9 14 140   M    M   8 18     25 200
19  90  72  81   4   0  16 0.00  0.0    0  4.3 13 310   M    M   3 1      24 300
20  89  70  80   3   0  15 0.00  0.0    0  2.1  9 260   M    M   0 1      16 260
21  86  70  78   0   0  13 0.46  0.0    0  1.6 13 250   M    M   1 1      30 250
22  89  70  80   2   0  15 0.00  0.0    0  2.1  9 230   M    M   2 1      17 210
23  95  71  83   5   0  18 0.00  0.0    0  1.7  8 290   M    M   0 1      12 290
24  94  71  83   5   0  18 0.00  0.0    0  0.6  7 310   M    M   0 1      10 300
25  93  74  84   6   0  19 0.00  0.0    0  1.2  8 240   M    M   0 1      12 190
26  92  71  82   3   0  17 3.46  0.0    0  2.7 13 250   M    M   3 18     26 290
27  85  67  76  -3   0  11 0.00  0.0    0  1.4  7 360   M    M   4 1      13  20
28  87  63  75  -4   0  10 0.00  0.0    0  1.0  8 290   M    M   1 1      11 260
================================================================================
SM 2476 1916         0 382  7.61     0.0  60.2          M       70
================================================================================
AV 88.4 68.4                               2.1 FASTST   M    M   3    MAX(MPH)
                                 MISC ---->  # 21 130               # 31  130
================================================================================
NOTES:
# LAST OF SEVERAL OCCURRENCES

COLUMN 17 PEAK WIND IN M.P.H.

PRELIMINARY LOCAL CLIMATOLOGICAL DATA (WS FORM: F-6) , PAGE 2

                                          STATION:  Mount Ida
                                          MONTH:    JUNE
                                          YEAR:     2015
                                          LATITUDE:   34 32 N
                                          LONGITUDE:  93 35 W

[TEMPERATURE DATA]      [PRECIPITATION DATA]       SYMBOLS USED IN COLUMN 16

AVERAGE MONTHLY: 78.4   TOTAL FOR MONTH:   7.61    1 = FOG OR MIST
DPTR FM NORMAL:   2.5   DPTR FM NORMAL:    3.13    2 = FOG REDUCING VISIBILITY
HIGHEST:    95 ON 23    GRTST 24HR  3.46 ON 26-26      TO 1/4 MILE OR LESS
LOWEST:     61 ON  2                               3 = THUNDER
                        SNOW, ICE PELLETS, HAIL    4 = ICE PELLETS
                        TOTAL MONTH:   0.0 INCH    5 = HAIL
                        GRTST 24HR     0.0         6 = FREEZING RAIN OR DRIZZLE
                        GRTST DEPTH:   0           7 = DUSTSTORM OR SANDSTORM:
                                                       VSBY 1/2 MILE OR LESS
                                                   8 = SMOKE OR HAZE
[NO. OF DAYS WITH]      [WEATHER - DAYS WITH]      9 = BLOWING SNOW
                                                   X = TORNADO
MAX 32 OR BELOW:   0    0.01 INCH OR MORE:   9
MAX 90 OR ABOVE:  13    0.10 INCH OR MORE:   8
MIN 32 OR BELOW:   0    0.50 INCH OR MORE:   3
MIN  0 OR BELOW:   0    1.00 INCH OR MORE:   3

[HDD (BASE 65) ]
TOTAL THIS MO.     0    CLEAR  (SCALE 0-3)  19
DPTR FM NORMAL     0    PTCLDY (SCALE 4-7)   9
TOTAL FM JUL 1  3298    CLOUDY (SCALE 8-10)  0
DPTR FM NORMAL     7

[CDD (BASE 65) ]
TOTAL THIS MO.   382
DPTR FM NORMAL    74    [PRESSURE DATA]
TOTAL FM JAN 1   645    HIGHEST SLP M ON M
DPTR FM NORMAL   142    LOWEST  SLP 29.75 ON 11

[REMARKS]
ALL SNOWFALL DATA IS FROM THE MT IDA 1 SSE COOPERATIVE OBSERVER SITE
