000
CXUS54 KLZK 181130
CF6MWT
PRELIMINARY LOCAL CLIMATOLOGICAL DATA (WS FORM: F-6)

                                          STATION:   Mount Ida
                                          MONTH:     NOVEMBER
                                          YEAR:      2017
                                          LATITUDE:   34 32 N
                                          LONGITUDE:  93 35 W

  TEMPERATURE IN F:       :PCPN:    SNOW:  WIND      :SUNSHINE: SKY     :PK WND
================================================================================
1   2   3   4   5  6A  6B    7    8   9   10  11  12  13   14  15   16   17  18
                                     12Z  AVG MX 2MIN
DY MAX MIN AVG DEP HDD CDD  WTR  SNW DPTH SPD SPD DIR MIN PSBL S-S WX    SPD DR
================================================================================

 1  69  44  57   0   8   0 0.20  0.0    0  2.5 10 150   M    M   M        16 150
 2  83  69  76  20   0  11 0.00  0.0    0  3.6 13 200   M    M   M        22 190
 3  84  65  75  19   0  10 0.01  0.0    0  1.1 10 150   M    M   M        16 300
 4  82  64  73  17   0   8    T  0.0    0  3.6 12 250   M    M   M 1      22 260
 5   M   M   M   M   M   M    M    M    M   M   M   M   M    M   M         M  M
 6  66  59  63   8   2   0 0.02  0.0    M  1.0  6 340   M    M  10 1      10 110
 7  59  49  54  -1  11   0 0.11    M    0  1.4  7  20   M    M  10 1      13  20
 8  49  47  48  -6  17   0 0.05    M    M  1.0  6  20   M    M  10 1       9  80
 9  64  34  49  -5  16   0 0.00  0.0    0  0.3  9 130   M    M   3 12     12 140
10  63  31  47  -6  18   0 0.00  0.0    0  2.5  9 130   M    M   0        12 140
11  60  31  46  -7  19   0 0.00  0.0    0  1.2  8 140   M    M   7        13 140
12  74  48  61   8   4   0 0.00  0.0    0  0.6  7  30   M    M   6        11 350
13  64  41  53   1  12   0 0.00  0.0    0  0.7  7 130   M    M   1 1      11 110
14  58  48  53   1  12   0 0.11    M    0  1.7  7 130   M    M  10 1      10 130
15  69  56  63  12   2   0 0.06  0.0    0  1.3  9 140   M    M   9 1      16 240
16  60  51  56   5   9   0 0.00  0.0    0  2.1  8 120   M    M   9 12     12  70
17  75  57  66  16   0   1 0.00  0.0    0  4.7 14 210   M    M   9 1      24 170
================================================================================
SM 1079  794       130  30  0.56     0.0  29.3          M       84
================================================================================
AV 67.4 49.6                               1.8 FASTST   M    M   7    MAX(MPH)
                                 MISC ---->  # 14 210               # 24  170
================================================================================
NOTES:
# LAST OF SEVERAL OCCURRENCES

COLUMN 17 PEAK WIND IN M.P.H.

PRELIMINARY LOCAL CLIMATOLOGICAL DATA (WS FORM: F-6) , PAGE 2

                                          STATION:  Mount Ida
                                          MONTH:    NOVEMBER
                                          YEAR:     2017
                                          LATITUDE:   34 32 N
                                          LONGITUDE:  93 35 W

[TEMPERATURE DATA]      [PRECIPITATION DATA]       SYMBOLS USED IN COLUMN 16

AVERAGE MONTHLY: 58.5   TOTAL FOR MONTH:   0.56    1 = FOG OR MIST
DPTR FM NORMAL:   4.8   DPTR FM NORMAL:   -2.60    2 = FOG REDUCING VISIBILITY
HIGHEST:    84 ON  3    GRTST 24HR  0.20 ON  1- 1      TO 1/4 MILE OR LESS
LOWEST:     31 ON 11,10                            3 = THUNDER
                        SNOW, ICE PELLETS, HAIL    4 = ICE PELLETS
                        TOTAL MONTH:   0.0 INCH    5 = HAIL
                        GRTST 24HR     0.0         6 = FREEZING RAIN OR DRIZZLE
                        GRTST DEPTH:   0           7 = DUSTSTORM OR SANDSTORM:
                                                       VSBY 1/2 MILE OR LESS
                                                   8 = SMOKE OR HAZE
[NO. OF DAYS WITH]      [WEATHER - DAYS WITH]      9 = BLOWING SNOW
                                                   X = TORNADO
MAX 32 OR BELOW:   0    0.01 INCH OR MORE:   7
MAX 90 OR ABOVE:   0    0.10 INCH OR MORE:   3
MIN 32 OR BELOW:   2    0.50 INCH OR MORE:   0
MIN  0 OR BELOW:   0    1.00 INCH OR MORE:   0

[HDD (BASE 65) ]
TOTAL THIS MO.   130    CLEAR  (SCALE 0-3)   3
DPTR FM NORMAL   -67    PTCLDY (SCALE 4-7)   2
TOTAL FM JUL 1   289    CLOUDY (SCALE 8-10)  7
DPTR FM NORMAL   -99

[CDD (BASE 65) ]
TOTAL THIS MO.    30
DPTR FM NORMAL    26    [PRESSURE DATA]
TOTAL FM JAN 1  1972    HIGHEST SLP M ON M
DPTR FM NORMAL   237    LOWEST  SLP 29.66 ON 17

[REMARKS]
ALL SNOWFALL DATA IS FROM THE MT IDA 4 S COOPERATIVE OBSERVER SITE
